{"id":127564,"date":"2026-05-06T22:54:14","date_gmt":"2026-05-07T01:54:14","guid":{"rendered":"https:\/\/www.hediyepazar.com\/?product=3d-ozel-baski-6li-catal-kasik-tutucu-modern-sofra-aparati"},"modified":"2026-05-06T22:54:14","modified_gmt":"2026-05-07T01:54:14","slug":"3d-ozel-baski-6li-catal-kasik-tutucu-modern-sofra-aparati","status":"publish","type":"product","link":"https:\/\/www.hediyepazar.com\/?product=3d-ozel-baski-6li-catal-kasik-tutucu-modern-sofra-aparati","title":{"rendered":"3D \u00d6zel Bask\u0131 6\u2019l\u0131 \u00c7atal Ka\u015f\u0131k Tutucu Modern Sofra Aparat\u0131"},"content":{"rendered":"<p>3D \u00d6zel Bask\u0131 6\u2019l\u0131 \u00c7atal Ka\u015f\u0131k Servis Tutucu set olarak g\u00f6nderilir ve masa d\u00fczeninizi tamamlayan zarif bir detay sunar.Modern 3D bask\u0131 \u00fcretim tekni\u011fi sayesinde \u00fcr\u00fcn hafif, dayan\u0131kl\u0131 ve dengeli bir yap\u0131ya sahiptir. Yaz\u0131 detay\u0131 net kesimlidir ve estetik bir g\u00f6r\u00fcn\u00fcm sunar.Sofralarda da\u011f\u0131n\u0131k g\u00f6r\u00fcnt\u00fcy\u00fc ortadan kald\u0131rarak d\u00fczenli ve \u015f\u0131k bir sunum olu\u015fturur.<\/p>\n","protected":false},"excerpt":{"rendered":"<p>3D \u00d6zel Bask\u0131 6\u2019l\u0131 \u00c7atal Ka\u015f\u0131k Servis Tutucu set olarak g\u00f6nderilir ve masa d\u00fczeninizi tamamlayan zarif bir detay sunar.Modern 3D bask\u0131 \u00fcretim tekni\u011fi sayesinde \u00fcr\u00fcn hafif, dayan\u0131kl\u0131 ve dengeli bir yap\u0131ya sahiptir. Yaz\u0131 detay\u0131 net kesimlidir ve estetik bir g\u00f6r\u00fcn\u00fcm sunar.Sofralarda da\u011f\u0131n\u0131k g\u00f6r\u00fcnt\u00fcy\u00fc ortadan kald\u0131rarak d\u00fczenli ve \u015f\u0131k bir sunum olu\u015fturur.<\/p>\n","protected":false},"featured_media":127563,"comment_status":"open","ping_status":"closed","template":"","meta":{"_kad_post_transparent":"","_kad_post_title":"","_kad_post_layout":"","_kad_post_sidebar_id":"","_kad_post_content_style":"","_kad_post_vertical_padding":"","_kad_post_feature":"","_kad_post_feature_position":"","_kad_post_header":false,"_kad_post_footer":false,"_kad_post_classname":""},"product_brand":[],"product_cat":[14940],"product_tag":[],"class_list":{"0":"post-127564","1":"product","2":"type-product","3":"status-publish","4":"has-post-thumbnail","6":"product_cat-dekoratif-obje-biblo-dekoratif-obje-biblo","8":"first","9":"instock","10":"purchasable","11":"product-type-simple","12":"entry","13":"content-bg","14":"loop-entry"},"_links":{"self":[{"href":"https:\/\/www.hediyepazar.com\/index.php?rest_route=\/wp\/v2\/product\/127564","targetHints":{"allow":["GET"]}}],"collection":[{"href":"https:\/\/www.hediyepazar.com\/index.php?rest_route=\/wp\/v2\/product"}],"about":[{"href":"https:\/\/www.hediyepazar.com\/index.php?rest_route=\/wp\/v2\/types\/product"}],"replies":[{"embeddable":true,"href":"https:\/\/www.hediyepazar.com\/index.php?rest_route=%2Fwp%2Fv2%2Fcomments&post=127564"}],"wp:featuredmedia":[{"embeddable":true,"href":"https:\/\/www.hediyepazar.com\/index.php?rest_route=\/wp\/v2\/media\/127563"}],"wp:attachment":[{"href":"https:\/\/www.hediyepazar.com\/index.php?rest_route=%2Fwp%2Fv2%2Fmedia&parent=127564"}],"wp:term":[{"taxonomy":"product_brand","embeddable":true,"href":"https:\/\/www.hediyepazar.com\/index.php?rest_route=%2Fwp%2Fv2%2Fproduct_brand&post=127564"},{"taxonomy":"product_cat","embeddable":true,"href":"https:\/\/www.hediyepazar.com\/index.php?rest_route=%2Fwp%2Fv2%2Fproduct_cat&post=127564"},{"taxonomy":"product_tag","embeddable":true,"href":"https:\/\/www.hediyepazar.com\/index.php?rest_route=%2Fwp%2Fv2%2Fproduct_tag&post=127564"}],"curies":[{"name":"wp","href":"https:\/\/api.w.org\/{rel}","templated":true}]}}