{"id":127570,"date":"2026-05-06T22:56:11","date_gmt":"2026-05-07T01:56:11","guid":{"rendered":"https:\/\/www.hediyepazar.com\/?product=3d-ramazan-cami-dekor-2-mumlu-isikli-masa-ustu-biblo"},"modified":"2026-05-06T22:56:11","modified_gmt":"2026-05-07T01:56:11","slug":"3d-ramazan-cami-dekor-2-mumlu-isikli-masa-ustu-biblo","status":"publish","type":"product","link":"https:\/\/www.hediyepazar.com\/?product=3d-ramazan-cami-dekor-2-mumlu-isikli-masa-ustu-biblo","title":{"rendered":"3D Ramazan Cami Dekor 2 Mumlu I\u015f\u0131kl\u0131 Masa \u00dcst\u00fc Biblo"},"content":{"rendered":"<p>3D Ramazan Cami Dekor 2 Mumlu tasar\u0131m\u0131 ile hem estetik hem anlaml\u0131 bir dekoratif objedir. \u00dcr\u00fcn yan\u0131nda gelen 2 adet pilli LED mum ile birlikte kullan\u0131ma haz\u0131rd\u0131r.I\u015f\u0131kl\u0131 yap\u0131s\u0131 sayesinde gece ortam\u0131nda dikkat \u00e7ekici bir ambiyans olu\u015fturur. G\u00fcvenli LED mum sistemi sayesinde \u00e7ocuklu evlerde rahatl\u0131kla kullan\u0131labilir.\u015e\u0131k tasar\u0131m\u0131 ile hem ev hem ofis ortam\u0131na uyum sa\u011flar.<\/p>\n","protected":false},"excerpt":{"rendered":"<p>3D Ramazan Cami Dekor 2 Mumlu tasar\u0131m\u0131 ile hem estetik hem anlaml\u0131 bir dekoratif objedir. \u00dcr\u00fcn yan\u0131nda gelen 2 adet pilli LED mum ile birlikte kullan\u0131ma haz\u0131rd\u0131r.I\u015f\u0131kl\u0131 yap\u0131s\u0131 sayesinde gece ortam\u0131nda dikkat \u00e7ekici bir ambiyans olu\u015fturur. G\u00fcvenli LED mum sistemi sayesinde \u00e7ocuklu evlerde rahatl\u0131kla kullan\u0131labilir.\u015e\u0131k tasar\u0131m\u0131 ile hem ev hem ofis ortam\u0131na uyum sa\u011flar.<\/p>\n","protected":false},"featured_media":127569,"comment_status":"open","ping_status":"closed","template":"","meta":{"_kad_post_transparent":"","_kad_post_title":"","_kad_post_layout":"","_kad_post_sidebar_id":"","_kad_post_content_style":"","_kad_post_vertical_padding":"","_kad_post_feature":"","_kad_post_feature_position":"","_kad_post_header":false,"_kad_post_footer":false,"_kad_post_classname":""},"product_brand":[],"product_cat":[14940],"product_tag":[],"class_list":{"0":"post-127570","1":"product","2":"type-product","3":"status-publish","4":"has-post-thumbnail","6":"product_cat-dekoratif-obje-biblo-dekoratif-obje-biblo","8":"first","9":"instock","10":"purchasable","11":"product-type-simple","12":"entry","13":"content-bg","14":"loop-entry"},"_links":{"self":[{"href":"https:\/\/www.hediyepazar.com\/index.php?rest_route=\/wp\/v2\/product\/127570","targetHints":{"allow":["GET"]}}],"collection":[{"href":"https:\/\/www.hediyepazar.com\/index.php?rest_route=\/wp\/v2\/product"}],"about":[{"href":"https:\/\/www.hediyepazar.com\/index.php?rest_route=\/wp\/v2\/types\/product"}],"replies":[{"embeddable":true,"href":"https:\/\/www.hediyepazar.com\/index.php?rest_route=%2Fwp%2Fv2%2Fcomments&post=127570"}],"wp:featuredmedia":[{"embeddable":true,"href":"https:\/\/www.hediyepazar.com\/index.php?rest_route=\/wp\/v2\/media\/127569"}],"wp:attachment":[{"href":"https:\/\/www.hediyepazar.com\/index.php?rest_route=%2Fwp%2Fv2%2Fmedia&parent=127570"}],"wp:term":[{"taxonomy":"product_brand","embeddable":true,"href":"https:\/\/www.hediyepazar.com\/index.php?rest_route=%2Fwp%2Fv2%2Fproduct_brand&post=127570"},{"taxonomy":"product_cat","embeddable":true,"href":"https:\/\/www.hediyepazar.com\/index.php?rest_route=%2Fwp%2Fv2%2Fproduct_cat&post=127570"},{"taxonomy":"product_tag","embeddable":true,"href":"https:\/\/www.hediyepazar.com\/index.php?rest_route=%2Fwp%2Fv2%2Fproduct_tag&post=127570"}],"curies":[{"name":"wp","href":"https:\/\/api.w.org\/{rel}","templated":true}]}}