{"id":127584,"date":"2026-05-06T22:58:21","date_gmt":"2026-05-07T01:58:21","guid":{"rendered":"https:\/\/www.hediyepazar.com\/?product=3d-hilal-dekorasyonu-ozel-baski-premium-tasarim"},"modified":"2026-05-06T22:58:21","modified_gmt":"2026-05-07T01:58:21","slug":"3d-hilal-dekorasyonu-ozel-baski-premium-tasarim","status":"publish","type":"product","link":"https:\/\/www.hediyepazar.com\/?product=3d-hilal-dekorasyonu-ozel-baski-premium-tasarim","title":{"rendered":"3D Hilal Dekorasyonu \u00d6zel Bask\u0131 Premium Tasar\u0131m"},"content":{"rendered":"<p>3D Hilal Cami Biblo 20&#215;20 cm, minimal \u00f6l\u00e7\u00fcs\u00fc ve zarif detaylar\u0131yla hem sade hem de dikkat \u00e7ekici bir dekoratif objedir. Alt\u0131n rengi sayesinde bulundu\u011fu ortamda s\u0131cak ve huzurlu bir atmosfer olu\u015fturur.\u00d6zellikle iftar sofralar\u0131nda orta s\u00fcs olarak kullan\u0131ld\u0131\u011f\u0131nda konsepti tamamlayan estetik bir vurgu sa\u011flar. Konsol \u00fczerinde tek ba\u015f\u0131na bile g\u00fc\u00e7l\u00fc bir duru\u015f sergiler.\u00dcr\u00fcn\u00fcm\u00fcz \u00f6zel bask\u0131 3D \u00fcretim teknolojisi ile haz\u0131rlanm\u0131\u015ft\u0131r. Modern 3D bask\u0131 tekni\u011fi sayesinde geometrik motifler net ve keskin bir g\u00f6r\u00fcn\u00fcme sahiptir. Seri \u00fcretim \u00fcr\u00fcnlerden farkl\u0131 olarak tasar\u0131m detaylar\u0131 belirgindir ve estetik kalite kontrol s\u00fcrecinden ge\u00e7irilir.Dayan\u0131kl\u0131 yap\u0131s\u0131 sayesinde uzun s\u00fcreli kullan\u0131m sunar ve her y\u0131l tekrar de\u011ferlendirebilece\u011finiz zamans\u0131z bir tasar\u0131md\u0131r.<\/p>\n","protected":false},"excerpt":{"rendered":"<p>3D Hilal Cami Biblo 20&#215;20 cm, minimal \u00f6l\u00e7\u00fcs\u00fc ve zarif detaylar\u0131yla hem sade hem de dikkat \u00e7ekici bir dekoratif objedir. Alt\u0131n rengi sayesinde bulundu\u011fu ortamda s\u0131cak ve huzurlu bir atmosfer olu\u015fturur.\u00d6zellikle iftar sofralar\u0131nda orta s\u00fcs olarak kullan\u0131ld\u0131\u011f\u0131nda konsepti tamamlayan estetik bir vurgu sa\u011flar. Konsol \u00fczerinde tek ba\u015f\u0131na bile g\u00fc\u00e7l\u00fc bir duru\u015f sergiler.\u00dcr\u00fcn\u00fcm\u00fcz \u00f6zel bask\u0131 3D&#8230;<\/p>\n","protected":false},"featured_media":127583,"comment_status":"open","ping_status":"closed","template":"","meta":{"_kad_post_transparent":"","_kad_post_title":"","_kad_post_layout":"","_kad_post_sidebar_id":"","_kad_post_content_style":"","_kad_post_vertical_padding":"","_kad_post_feature":"","_kad_post_feature_position":"","_kad_post_header":false,"_kad_post_footer":false,"_kad_post_classname":""},"product_brand":[],"product_cat":[14940],"product_tag":[],"class_list":{"0":"post-127584","1":"product","2":"type-product","3":"status-publish","4":"has-post-thumbnail","6":"product_cat-dekoratif-obje-biblo-dekoratif-obje-biblo","8":"first","9":"instock","10":"purchasable","11":"product-type-simple","12":"entry","13":"content-bg","14":"loop-entry"},"_links":{"self":[{"href":"https:\/\/www.hediyepazar.com\/index.php?rest_route=\/wp\/v2\/product\/127584","targetHints":{"allow":["GET"]}}],"collection":[{"href":"https:\/\/www.hediyepazar.com\/index.php?rest_route=\/wp\/v2\/product"}],"about":[{"href":"https:\/\/www.hediyepazar.com\/index.php?rest_route=\/wp\/v2\/types\/product"}],"replies":[{"embeddable":true,"href":"https:\/\/www.hediyepazar.com\/index.php?rest_route=%2Fwp%2Fv2%2Fcomments&post=127584"}],"wp:featuredmedia":[{"embeddable":true,"href":"https:\/\/www.hediyepazar.com\/index.php?rest_route=\/wp\/v2\/media\/127583"}],"wp:attachment":[{"href":"https:\/\/www.hediyepazar.com\/index.php?rest_route=%2Fwp%2Fv2%2Fmedia&parent=127584"}],"wp:term":[{"taxonomy":"product_brand","embeddable":true,"href":"https:\/\/www.hediyepazar.com\/index.php?rest_route=%2Fwp%2Fv2%2Fproduct_brand&post=127584"},{"taxonomy":"product_cat","embeddable":true,"href":"https:\/\/www.hediyepazar.com\/index.php?rest_route=%2Fwp%2Fv2%2Fproduct_cat&post=127584"},{"taxonomy":"product_tag","embeddable":true,"href":"https:\/\/www.hediyepazar.com\/index.php?rest_route=%2Fwp%2Fv2%2Fproduct_tag&post=127584"}],"curies":[{"name":"wp","href":"https:\/\/api.w.org\/{rel}","templated":true}]}}