{"id":127862,"date":"2026-05-06T23:54:23","date_gmt":"2026-05-07T02:54:23","guid":{"rendered":"https:\/\/www.hediyepazar.com\/?product=akilli-ev-uyumlu-kapi-zili-800mah-bataryali-gece-goruslu"},"modified":"2026-05-06T23:54:23","modified_gmt":"2026-05-07T02:54:23","slug":"akilli-ev-uyumlu-kapi-zili-800mah-bataryali-gece-goruslu","status":"publish","type":"product","link":"https:\/\/www.hediyepazar.com\/?product=akilli-ev-uyumlu-kapi-zili-800mah-bataryali-gece-goruslu","title":{"rendered":"Ak\u0131ll\u0131 Ev Uyumlu Kap\u0131 Zili 800mAh Bataryal\u0131 Gece G\u00f6r\u00fc\u015fl\u00fc"},"content":{"rendered":"<p>Ak\u0131ll\u0131 kap\u0131 zili sistemi, ev g\u00fcvenli\u011fini teknoloji ile birle\u015ftirir. Geni\u015f a\u00e7\u0131l\u0131 kamera ve gece g\u00f6r\u00fc\u015f \u00f6zelli\u011fi sayesinde g\u00fcn\u00fcn her saatinde net g\u00f6r\u00fcnt\u00fc sa\u011flar. Mobil uygulama entegrasyonu ile uzaktan kontrol m\u00fcmk\u00fcnd\u00fcr.\u015earj edilebilir 800mAh batarya uzun pil \u00f6mr\u00fc sunar. Kolay kurulum ve kablosuz kullan\u0131m avantaj sa\u011flar.<\/p>\n","protected":false},"excerpt":{"rendered":"<p>Ak\u0131ll\u0131 kap\u0131 zili sistemi, ev g\u00fcvenli\u011fini teknoloji ile birle\u015ftirir. Geni\u015f a\u00e7\u0131l\u0131 kamera ve gece g\u00f6r\u00fc\u015f \u00f6zelli\u011fi sayesinde g\u00fcn\u00fcn her saatinde net g\u00f6r\u00fcnt\u00fc sa\u011flar. Mobil uygulama entegrasyonu ile uzaktan kontrol m\u00fcmk\u00fcnd\u00fcr.\u015earj edilebilir 800mAh batarya uzun pil \u00f6mr\u00fc sunar. Kolay kurulum ve kablosuz kullan\u0131m avantaj sa\u011flar.<\/p>\n","protected":false},"featured_media":127861,"comment_status":"open","ping_status":"closed","template":"","meta":{"_kad_post_transparent":"","_kad_post_title":"","_kad_post_layout":"","_kad_post_sidebar_id":"","_kad_post_content_style":"","_kad_post_vertical_padding":"","_kad_post_feature":"","_kad_post_feature_position":"","_kad_post_header":false,"_kad_post_footer":false,"_kad_post_classname":""},"product_brand":[],"product_cat":[14927],"product_tag":[],"class_list":{"0":"post-127862","1":"product","2":"type-product","3":"status-publish","4":"has-post-thumbnail","6":"product_cat-akilli-kamera-akilli-kamera","8":"first","9":"instock","10":"purchasable","11":"product-type-simple","12":"entry","13":"content-bg","14":"loop-entry"},"_links":{"self":[{"href":"https:\/\/www.hediyepazar.com\/index.php?rest_route=\/wp\/v2\/product\/127862","targetHints":{"allow":["GET"]}}],"collection":[{"href":"https:\/\/www.hediyepazar.com\/index.php?rest_route=\/wp\/v2\/product"}],"about":[{"href":"https:\/\/www.hediyepazar.com\/index.php?rest_route=\/wp\/v2\/types\/product"}],"replies":[{"embeddable":true,"href":"https:\/\/www.hediyepazar.com\/index.php?rest_route=%2Fwp%2Fv2%2Fcomments&post=127862"}],"wp:featuredmedia":[{"embeddable":true,"href":"https:\/\/www.hediyepazar.com\/index.php?rest_route=\/wp\/v2\/media\/127861"}],"wp:attachment":[{"href":"https:\/\/www.hediyepazar.com\/index.php?rest_route=%2Fwp%2Fv2%2Fmedia&parent=127862"}],"wp:term":[{"taxonomy":"product_brand","embeddable":true,"href":"https:\/\/www.hediyepazar.com\/index.php?rest_route=%2Fwp%2Fv2%2Fproduct_brand&post=127862"},{"taxonomy":"product_cat","embeddable":true,"href":"https:\/\/www.hediyepazar.com\/index.php?rest_route=%2Fwp%2Fv2%2Fproduct_cat&post=127862"},{"taxonomy":"product_tag","embeddable":true,"href":"https:\/\/www.hediyepazar.com\/index.php?rest_route=%2Fwp%2Fv2%2Fproduct_tag&post=127862"}],"curies":[{"name":"wp","href":"https:\/\/api.w.org\/{rel}","templated":true}]}}