{"id":127864,"date":"2026-05-06T23:54:27","date_gmt":"2026-05-07T02:54:27","guid":{"rendered":"https:\/\/www.hediyepazar.com\/?product=kablosuz-video-kapi-zili-android-ios-uyumlu-guvenlik-kamerasi"},"modified":"2026-05-06T23:54:27","modified_gmt":"2026-05-07T02:54:27","slug":"kablosuz-video-kapi-zili-android-ios-uyumlu-guvenlik-kamerasi","status":"publish","type":"product","link":"https:\/\/www.hediyepazar.com\/?product=kablosuz-video-kapi-zili-android-ios-uyumlu-guvenlik-kamerasi","title":{"rendered":"Kablosuz Video Kap\u0131 Zili Android iOS Uyumlu G\u00fcvenlik Kameras\u0131"},"content":{"rendered":"<p>Video destekli ak\u0131ll\u0131 kap\u0131 zili, modern g\u00fcvenlik ihtiya\u00e7lar\u0131na yan\u0131t veren yenilik\u00e7i bir \u00e7\u00f6z\u00fcmd\u00fcr. Canl\u0131 g\u00f6r\u00fcnt\u00fc aktar\u0131m\u0131 ve \u00e7ift y\u00f6nl\u00fc ses \u00f6zelli\u011fi sayesinde kap\u0131n\u0131z\u0131n \u00f6n\u00fcndeki her detay\u0131 kontrol edebilirsiniz.85\u00b0 geni\u015f a\u00e7\u0131l\u0131 lens, giri\u015f alan\u0131n\u0131n daha geni\u015f bir b\u00f6l\u00fcm\u00fcn\u00fc kapsar. Ger\u00e7ek zamanl\u0131 foto\u011fraf \u00e7ekimi ile ziyaret\u00e7i kayd\u0131 olu\u015fturulabilir. Gece g\u00f6r\u00fc\u015f \u00f6zelli\u011fi sayesinde d\u00fc\u015f\u00fck \u0131\u015f\u0131kta bile net g\u00f6r\u00fcnt\u00fc elde edilir.Android ve iOS destekli mobil uygulama ile uzaktan eri\u015fim sa\u011flan\u0131r. 800mAh \u015farj edilebilir batarya uzun kullan\u0131m s\u00fcresi sunar.<\/p>\n","protected":false},"excerpt":{"rendered":"<p>Video destekli ak\u0131ll\u0131 kap\u0131 zili, modern g\u00fcvenlik ihtiya\u00e7lar\u0131na yan\u0131t veren yenilik\u00e7i bir \u00e7\u00f6z\u00fcmd\u00fcr. Canl\u0131 g\u00f6r\u00fcnt\u00fc aktar\u0131m\u0131 ve \u00e7ift y\u00f6nl\u00fc ses \u00f6zelli\u011fi sayesinde kap\u0131n\u0131z\u0131n \u00f6n\u00fcndeki her detay\u0131 kontrol edebilirsiniz.85\u00b0 geni\u015f a\u00e7\u0131l\u0131 lens, giri\u015f alan\u0131n\u0131n daha geni\u015f bir b\u00f6l\u00fcm\u00fcn\u00fc kapsar. Ger\u00e7ek zamanl\u0131 foto\u011fraf \u00e7ekimi ile ziyaret\u00e7i kayd\u0131 olu\u015fturulabilir. Gece g\u00f6r\u00fc\u015f \u00f6zelli\u011fi sayesinde d\u00fc\u015f\u00fck \u0131\u015f\u0131kta bile net g\u00f6r\u00fcnt\u00fc&#8230;<\/p>\n","protected":false},"featured_media":127863,"comment_status":"open","ping_status":"closed","template":"","meta":{"_kad_post_transparent":"","_kad_post_title":"","_kad_post_layout":"","_kad_post_sidebar_id":"","_kad_post_content_style":"","_kad_post_vertical_padding":"","_kad_post_feature":"","_kad_post_feature_position":"","_kad_post_header":false,"_kad_post_footer":false,"_kad_post_classname":""},"product_brand":[],"product_cat":[14927],"product_tag":[],"class_list":{"0":"post-127864","1":"product","2":"type-product","3":"status-publish","4":"has-post-thumbnail","6":"product_cat-akilli-kamera-akilli-kamera","8":"first","9":"instock","10":"purchasable","11":"product-type-simple","12":"entry","13":"content-bg","14":"loop-entry"},"_links":{"self":[{"href":"https:\/\/www.hediyepazar.com\/index.php?rest_route=\/wp\/v2\/product\/127864","targetHints":{"allow":["GET"]}}],"collection":[{"href":"https:\/\/www.hediyepazar.com\/index.php?rest_route=\/wp\/v2\/product"}],"about":[{"href":"https:\/\/www.hediyepazar.com\/index.php?rest_route=\/wp\/v2\/types\/product"}],"replies":[{"embeddable":true,"href":"https:\/\/www.hediyepazar.com\/index.php?rest_route=%2Fwp%2Fv2%2Fcomments&post=127864"}],"wp:featuredmedia":[{"embeddable":true,"href":"https:\/\/www.hediyepazar.com\/index.php?rest_route=\/wp\/v2\/media\/127863"}],"wp:attachment":[{"href":"https:\/\/www.hediyepazar.com\/index.php?rest_route=%2Fwp%2Fv2%2Fmedia&parent=127864"}],"wp:term":[{"taxonomy":"product_brand","embeddable":true,"href":"https:\/\/www.hediyepazar.com\/index.php?rest_route=%2Fwp%2Fv2%2Fproduct_brand&post=127864"},{"taxonomy":"product_cat","embeddable":true,"href":"https:\/\/www.hediyepazar.com\/index.php?rest_route=%2Fwp%2Fv2%2Fproduct_cat&post=127864"},{"taxonomy":"product_tag","embeddable":true,"href":"https:\/\/www.hediyepazar.com\/index.php?rest_route=%2Fwp%2Fv2%2Fproduct_tag&post=127864"}],"curies":[{"name":"wp","href":"https:\/\/api.w.org\/{rel}","templated":true}]}}