{"id":127890,"date":"2026-05-06T23:57:14","date_gmt":"2026-05-07T02:57:14","guid":{"rendered":"https:\/\/www.hediyepazar.com\/?product=spor-sonrasi-kas-gevsetici-masaj-cihazi-cift-fonksiyonlu"},"modified":"2026-05-06T23:57:14","modified_gmt":"2026-05-07T02:57:14","slug":"spor-sonrasi-kas-gevsetici-masaj-cihazi-cift-fonksiyonlu","status":"publish","type":"product","link":"https:\/\/www.hediyepazar.com\/?product=spor-sonrasi-kas-gevsetici-masaj-cihazi-cift-fonksiyonlu","title":{"rendered":"Spor Sonras\u0131 Kas Gev\u015fetici Masaj Cihaz\u0131 \u00c7ift Fonksiyonlu"},"content":{"rendered":"<p>Profesyonel sporcular ve aktif ya\u015fam tarz\u0131na sahip ki\u015filer i\u00e7in tasarlanan \u00e7ift fonksiyonlu masaj tabancas\u0131, kas bak\u0131m\u0131n\u0131 pratik hale getirir. S\u0131cak ve so\u011fuk terapi se\u00e7enekleri ile kas gev\u015fetme ve \u015fi\u015flik azaltma fonksiyonlar\u0131n\u0131 bir arada sunar.3200 RPM motor g\u00fcc\u00fc derin kas dokusuna ula\u015farak etkili masaj performans\u0131 sa\u011flar. Sessiz \u00e7al\u0131\u015fma \u00f6zelli\u011fi ile her ortamda konforlu kullan\u0131m imkan\u0131 sunar.6 farkl\u0131 ba\u015fl\u0131k ile boyun, s\u0131rt, bel ve bacak kaslar\u0131na \u00f6zel uygulama yap\u0131labilir. Ergonomik tasar\u0131m\u0131 sayesinde elde rahat kavran\u0131r.USB-C \u015farj deste\u011fi ile h\u0131zl\u0131 ve kolay \u015farj olur. 1800 mAh batarya ile uzun s\u00fcreli kullan\u0131m sa\u011flar.<\/p>\n","protected":false},"excerpt":{"rendered":"<p>Profesyonel sporcular ve aktif ya\u015fam tarz\u0131na sahip ki\u015filer i\u00e7in tasarlanan \u00e7ift fonksiyonlu masaj tabancas\u0131, kas bak\u0131m\u0131n\u0131 pratik hale getirir. S\u0131cak ve so\u011fuk terapi se\u00e7enekleri ile kas gev\u015fetme ve \u015fi\u015flik azaltma fonksiyonlar\u0131n\u0131 bir arada sunar.3200 RPM motor g\u00fcc\u00fc derin kas dokusuna ula\u015farak etkili masaj performans\u0131 sa\u011flar. Sessiz \u00e7al\u0131\u015fma \u00f6zelli\u011fi ile her ortamda konforlu kullan\u0131m imkan\u0131 sunar.6&#8230;<\/p>\n","protected":false},"featured_media":127889,"comment_status":"open","ping_status":"closed","template":"","meta":{"_kad_post_transparent":"","_kad_post_title":"","_kad_post_layout":"","_kad_post_sidebar_id":"","_kad_post_content_style":"","_kad_post_vertical_padding":"","_kad_post_feature":"","_kad_post_feature_position":"","_kad_post_header":false,"_kad_post_footer":false,"_kad_post_classname":""},"product_brand":[],"product_cat":[14939],"product_tag":[],"class_list":{"0":"post-127890","1":"product","2":"type-product","3":"status-publish","4":"has-post-thumbnail","6":"product_cat-masaj-cihazi-masaj-cihazi","8":"first","9":"instock","10":"purchasable","11":"product-type-simple","12":"entry","13":"content-bg","14":"loop-entry"},"_links":{"self":[{"href":"https:\/\/www.hediyepazar.com\/index.php?rest_route=\/wp\/v2\/product\/127890","targetHints":{"allow":["GET"]}}],"collection":[{"href":"https:\/\/www.hediyepazar.com\/index.php?rest_route=\/wp\/v2\/product"}],"about":[{"href":"https:\/\/www.hediyepazar.com\/index.php?rest_route=\/wp\/v2\/types\/product"}],"replies":[{"embeddable":true,"href":"https:\/\/www.hediyepazar.com\/index.php?rest_route=%2Fwp%2Fv2%2Fcomments&post=127890"}],"wp:featuredmedia":[{"embeddable":true,"href":"https:\/\/www.hediyepazar.com\/index.php?rest_route=\/wp\/v2\/media\/127889"}],"wp:attachment":[{"href":"https:\/\/www.hediyepazar.com\/index.php?rest_route=%2Fwp%2Fv2%2Fmedia&parent=127890"}],"wp:term":[{"taxonomy":"product_brand","embeddable":true,"href":"https:\/\/www.hediyepazar.com\/index.php?rest_route=%2Fwp%2Fv2%2Fproduct_brand&post=127890"},{"taxonomy":"product_cat","embeddable":true,"href":"https:\/\/www.hediyepazar.com\/index.php?rest_route=%2Fwp%2Fv2%2Fproduct_cat&post=127890"},{"taxonomy":"product_tag","embeddable":true,"href":"https:\/\/www.hediyepazar.com\/index.php?rest_route=%2Fwp%2Fv2%2Fproduct_tag&post=127890"}],"curies":[{"name":"wp","href":"https:\/\/api.w.org\/{rel}","templated":true}]}}