{"id":127892,"date":"2026-05-06T23:57:19","date_gmt":"2026-05-07T02:57:19","guid":{"rendered":"https:\/\/www.hediyepazar.com\/?product=sarjli-masaj-tabancasi-sicak-soguk-terapi-sessiz-guclu-motorlu"},"modified":"2026-05-06T23:57:19","modified_gmt":"2026-05-07T02:57:19","slug":"sarjli-masaj-tabancasi-sicak-soguk-terapi-sessiz-guclu-motorlu","status":"publish","type":"product","link":"https:\/\/www.hediyepazar.com\/?product=sarjli-masaj-tabancasi-sicak-soguk-terapi-sessiz-guclu-motorlu","title":{"rendered":"\u015earjl\u0131 Masaj Tabancas\u0131 S\u0131cak So\u011fuk Terapi Sessiz G\u00fc\u00e7l\u00fc Motorlu"},"content":{"rendered":"<p>Kas sertli\u011fi, spor sonras\u0131 a\u011fr\u0131 ve g\u00fcnl\u00fck stres kaynakl\u0131 gerginlikler i\u00e7in geli\u015ftirilen bu masaj tabancas\u0131 s\u0131cak ve so\u011fuk terapi \u00f6zelli\u011fi ile \u00e7ok y\u00f6nl\u00fc kullan\u0131m sunar. Is\u0131 fonksiyonu kas gev\u015fetmeye yard\u0131mc\u0131 olurken so\u011fuk terapi \u015fi\u015flik ve \u00f6demin azalmas\u0131na destek olur.3200 RPM titre\u015fim g\u00fcc\u00fc ile derin doku masaj\u0131 sa\u011flar. 45 dB alt\u0131 sessiz motoru sayesinde rahat bir kullan\u0131m deneyimi sunar.6 farkl\u0131 ba\u015fl\u0131k ile v\u00fccudun farkl\u0131 b\u00f6lgelerine \u00f6zel uygulama yap\u0131labilir. \u00d6zellikle spor sonras\u0131 toparlanma s\u00fcrecinde etkili bir destek sa\u011flar.\u015earjl\u0131 ve kablosuz yap\u0131s\u0131 ile hareket \u00f6zg\u00fcrl\u00fc\u011f\u00fc sunar. 1800 mAh batarya kapasitesi uzun s\u00fcreli performans sa\u011flar.<\/p>\n","protected":false},"excerpt":{"rendered":"<p>Kas sertli\u011fi, spor sonras\u0131 a\u011fr\u0131 ve g\u00fcnl\u00fck stres kaynakl\u0131 gerginlikler i\u00e7in geli\u015ftirilen bu masaj tabancas\u0131 s\u0131cak ve so\u011fuk terapi \u00f6zelli\u011fi ile \u00e7ok y\u00f6nl\u00fc kullan\u0131m sunar. Is\u0131 fonksiyonu kas gev\u015fetmeye yard\u0131mc\u0131 olurken so\u011fuk terapi \u015fi\u015flik ve \u00f6demin azalmas\u0131na destek olur.3200 RPM titre\u015fim g\u00fcc\u00fc ile derin doku masaj\u0131 sa\u011flar. 45 dB alt\u0131 sessiz motoru sayesinde rahat bir&#8230;<\/p>\n","protected":false},"featured_media":127891,"comment_status":"open","ping_status":"closed","template":"","meta":{"_kad_post_transparent":"","_kad_post_title":"","_kad_post_layout":"","_kad_post_sidebar_id":"","_kad_post_content_style":"","_kad_post_vertical_padding":"","_kad_post_feature":"","_kad_post_feature_position":"","_kad_post_header":false,"_kad_post_footer":false,"_kad_post_classname":""},"product_brand":[],"product_cat":[14939],"product_tag":[],"class_list":{"0":"post-127892","1":"product","2":"type-product","3":"status-publish","4":"has-post-thumbnail","6":"product_cat-masaj-cihazi-masaj-cihazi","8":"first","9":"instock","10":"purchasable","11":"product-type-simple","12":"entry","13":"content-bg","14":"loop-entry"},"_links":{"self":[{"href":"https:\/\/www.hediyepazar.com\/index.php?rest_route=\/wp\/v2\/product\/127892","targetHints":{"allow":["GET"]}}],"collection":[{"href":"https:\/\/www.hediyepazar.com\/index.php?rest_route=\/wp\/v2\/product"}],"about":[{"href":"https:\/\/www.hediyepazar.com\/index.php?rest_route=\/wp\/v2\/types\/product"}],"replies":[{"embeddable":true,"href":"https:\/\/www.hediyepazar.com\/index.php?rest_route=%2Fwp%2Fv2%2Fcomments&post=127892"}],"wp:featuredmedia":[{"embeddable":true,"href":"https:\/\/www.hediyepazar.com\/index.php?rest_route=\/wp\/v2\/media\/127891"}],"wp:attachment":[{"href":"https:\/\/www.hediyepazar.com\/index.php?rest_route=%2Fwp%2Fv2%2Fmedia&parent=127892"}],"wp:term":[{"taxonomy":"product_brand","embeddable":true,"href":"https:\/\/www.hediyepazar.com\/index.php?rest_route=%2Fwp%2Fv2%2Fproduct_brand&post=127892"},{"taxonomy":"product_cat","embeddable":true,"href":"https:\/\/www.hediyepazar.com\/index.php?rest_route=%2Fwp%2Fv2%2Fproduct_cat&post=127892"},{"taxonomy":"product_tag","embeddable":true,"href":"https:\/\/www.hediyepazar.com\/index.php?rest_route=%2Fwp%2Fv2%2Fproduct_tag&post=127892"}],"curies":[{"name":"wp","href":"https:\/\/api.w.org\/{rel}","templated":true}]}}