{"id":127928,"date":"2026-05-07T00:03:05","date_gmt":"2026-05-07T03:03:05","guid":{"rendered":"https:\/\/www.hediyepazar.com\/?product=profesyonel-oyuncu-mouse-seti-dokuma-usb-kablolu-rgb-aydinlatmali"},"modified":"2026-05-07T00:03:05","modified_gmt":"2026-05-07T03:03:05","slug":"profesyonel-oyuncu-mouse-seti-dokuma-usb-kablolu-rgb-aydinlatmali","status":"publish","type":"product","link":"https:\/\/www.hediyepazar.com\/?product=profesyonel-oyuncu-mouse-seti-dokuma-usb-kablolu-rgb-aydinlatmali","title":{"rendered":"Profesyonel Oyuncu Mouse Seti Dokuma USB Kablolu RGB Ayd\u0131nlatmal\u0131"},"content":{"rendered":"<p>RGB ayd\u0131nlatmal\u0131 oyuncu mouse ve mousepad seti, oyun performans\u0131n\u0131 art\u0131rmak isteyenler i\u00e7in ideal bir \u00e7\u00f6z\u00fcmd\u00fcr. Ergonomik tasar\u0131m\u0131 sayesinde el yorgunlu\u011funu azalt\u0131r ve uzun s\u00fcreli konfor sa\u011flar.3 DPI ayar se\u00e7ene\u011fi, farkl\u0131 oyun stillerine uyum sa\u011flar. 7 fonksiyon tu\u015fu, oyun i\u00e7i komutlar\u0131 h\u0131zl\u0131 ve kolay \u015fekilde y\u00f6netmenize yard\u0131mc\u0131 olur. Dayan\u0131kl\u0131 dokuma kapl\u0131 USB kablosu, uzun \u00f6m\u00fcrl\u00fc kullan\u0131m sunar.Mousepad, y\u00fczey kalitesi sayesinde hassas ve stabil hareket imk\u00e2n\u0131 sa\u011flar. LED ayd\u0131nlatma, oyun ortam\u0131n\u0131za dinamik bir hava katar.Geni\u015f i\u015fletim sistemi uyumlulu\u011fu ile hem eski hem yeni bilgisayarlarda sorunsuz \u00e7al\u0131\u015f\u0131r.<\/p>\n","protected":false},"excerpt":{"rendered":"<p>RGB ayd\u0131nlatmal\u0131 oyuncu mouse ve mousepad seti, oyun performans\u0131n\u0131 art\u0131rmak isteyenler i\u00e7in ideal bir \u00e7\u00f6z\u00fcmd\u00fcr. Ergonomik tasar\u0131m\u0131 sayesinde el yorgunlu\u011funu azalt\u0131r ve uzun s\u00fcreli konfor sa\u011flar.3 DPI ayar se\u00e7ene\u011fi, farkl\u0131 oyun stillerine uyum sa\u011flar. 7 fonksiyon tu\u015fu, oyun i\u00e7i komutlar\u0131 h\u0131zl\u0131 ve kolay \u015fekilde y\u00f6netmenize yard\u0131mc\u0131 olur. Dayan\u0131kl\u0131 dokuma kapl\u0131 USB kablosu, uzun \u00f6m\u00fcrl\u00fc kullan\u0131m&#8230;<\/p>\n","protected":false},"featured_media":127927,"comment_status":"open","ping_status":"closed","template":"","meta":{"_kad_post_transparent":"","_kad_post_title":"","_kad_post_layout":"","_kad_post_sidebar_id":"","_kad_post_content_style":"","_kad_post_vertical_padding":"","_kad_post_feature":"","_kad_post_feature_position":"","_kad_post_header":false,"_kad_post_footer":false,"_kad_post_classname":""},"product_brand":[],"product_cat":[14973],"product_tag":[],"class_list":{"0":"post-127928","1":"product","2":"type-product","3":"status-publish","4":"has-post-thumbnail","6":"product_cat-mouse-mouse","8":"first","9":"instock","10":"purchasable","11":"product-type-simple","12":"entry","13":"content-bg","14":"loop-entry"},"_links":{"self":[{"href":"https:\/\/www.hediyepazar.com\/index.php?rest_route=\/wp\/v2\/product\/127928","targetHints":{"allow":["GET"]}}],"collection":[{"href":"https:\/\/www.hediyepazar.com\/index.php?rest_route=\/wp\/v2\/product"}],"about":[{"href":"https:\/\/www.hediyepazar.com\/index.php?rest_route=\/wp\/v2\/types\/product"}],"replies":[{"embeddable":true,"href":"https:\/\/www.hediyepazar.com\/index.php?rest_route=%2Fwp%2Fv2%2Fcomments&post=127928"}],"wp:featuredmedia":[{"embeddable":true,"href":"https:\/\/www.hediyepazar.com\/index.php?rest_route=\/wp\/v2\/media\/127927"}],"wp:attachment":[{"href":"https:\/\/www.hediyepazar.com\/index.php?rest_route=%2Fwp%2Fv2%2Fmedia&parent=127928"}],"wp:term":[{"taxonomy":"product_brand","embeddable":true,"href":"https:\/\/www.hediyepazar.com\/index.php?rest_route=%2Fwp%2Fv2%2Fproduct_brand&post=127928"},{"taxonomy":"product_cat","embeddable":true,"href":"https:\/\/www.hediyepazar.com\/index.php?rest_route=%2Fwp%2Fv2%2Fproduct_cat&post=127928"},{"taxonomy":"product_tag","embeddable":true,"href":"https:\/\/www.hediyepazar.com\/index.php?rest_route=%2Fwp%2Fv2%2Fproduct_tag&post=127928"}],"curies":[{"name":"wp","href":"https:\/\/api.w.org\/{rel}","templated":true}]}}