{"id":127932,"date":"2026-05-07T00:03:16","date_gmt":"2026-05-07T03:03:16","guid":{"rendered":"https:\/\/www.hediyepazar.com\/?product=oyuncu-mouse-seti-rgb-aydinlatmali-7-fonksiyon-tuslu-yuksek-performans"},"modified":"2026-05-07T00:03:16","modified_gmt":"2026-05-07T03:03:16","slug":"oyuncu-mouse-seti-rgb-aydinlatmali-7-fonksiyon-tuslu-yuksek-performans","status":"publish","type":"product","link":"https:\/\/www.hediyepazar.com\/?product=oyuncu-mouse-seti-rgb-aydinlatmali-7-fonksiyon-tuslu-yuksek-performans","title":{"rendered":"Oyuncu Mouse Seti RGB Ayd\u0131nlatmal\u0131 7 Fonksiyon Tu\u015flu Y\u00fcksek Performans"},"content":{"rendered":"<p>LED \u0131\u015f\u0131kl\u0131 oyuncu mouse ve mousepad seti, performans, konfor ve esteti\u011fi bir arada sunar. Ergonomik dizayn\u0131 sayesinde elinizi do\u011fal pozisyonda tutar ve uzun oyun seanslar\u0131nda bile rahat kullan\u0131m sa\u011flar. \u015e\u0131k LED ayd\u0131nlatma efekti, oyun atmosferini g\u00fc\u00e7lendirir.Mouse\u2019un 3 kademeli DPI ayar sistemi, farkl\u0131 oyun t\u00fcrlerine uyum sa\u011flar. 7 adet fonksiyon tu\u015fu, ki\u015fisel kullan\u0131m al\u0131\u015fkanl\u0131klar\u0131n\u0131za g\u00f6re avantaj sunar. Dayan\u0131kl\u0131 1.5 metre dokuma USB kablo, stabil ba\u011flant\u0131 sa\u011flar.Mousepad, kaymaz taban\u0131 ve p\u00fcr\u00fczs\u00fcz y\u00fczeyiyle hassas kontrol imk\u00e2n\u0131 sunar. Geni\u015f y\u00fczeyi sayesinde rahat hareket alan\u0131 olu\u015fturur.Geni\u015f Windows uyumlulu\u011fu sayesinde eski ve yeni sistemlerde sorunsuz \u00e7al\u0131\u015f\u0131r. Oyun, ofis ve g\u00fcnl\u00fck kullan\u0131m i\u00e7in ideal bir settir.<\/p>\n","protected":false},"excerpt":{"rendered":"<p>LED \u0131\u015f\u0131kl\u0131 oyuncu mouse ve mousepad seti, performans, konfor ve esteti\u011fi bir arada sunar. Ergonomik dizayn\u0131 sayesinde elinizi do\u011fal pozisyonda tutar ve uzun oyun seanslar\u0131nda bile rahat kullan\u0131m sa\u011flar. \u015e\u0131k LED ayd\u0131nlatma efekti, oyun atmosferini g\u00fc\u00e7lendirir.Mouse\u2019un 3 kademeli DPI ayar sistemi, farkl\u0131 oyun t\u00fcrlerine uyum sa\u011flar. 7 adet fonksiyon tu\u015fu, ki\u015fisel kullan\u0131m al\u0131\u015fkanl\u0131klar\u0131n\u0131za g\u00f6re avantaj&#8230;<\/p>\n","protected":false},"featured_media":127931,"comment_status":"open","ping_status":"closed","template":"","meta":{"_kad_post_transparent":"","_kad_post_title":"","_kad_post_layout":"","_kad_post_sidebar_id":"","_kad_post_content_style":"","_kad_post_vertical_padding":"","_kad_post_feature":"","_kad_post_feature_position":"","_kad_post_header":false,"_kad_post_footer":false,"_kad_post_classname":""},"product_brand":[],"product_cat":[14973],"product_tag":[],"class_list":{"0":"post-127932","1":"product","2":"type-product","3":"status-publish","4":"has-post-thumbnail","6":"product_cat-mouse-mouse","8":"first","9":"instock","10":"purchasable","11":"product-type-simple","12":"entry","13":"content-bg","14":"loop-entry"},"_links":{"self":[{"href":"https:\/\/www.hediyepazar.com\/index.php?rest_route=\/wp\/v2\/product\/127932","targetHints":{"allow":["GET"]}}],"collection":[{"href":"https:\/\/www.hediyepazar.com\/index.php?rest_route=\/wp\/v2\/product"}],"about":[{"href":"https:\/\/www.hediyepazar.com\/index.php?rest_route=\/wp\/v2\/types\/product"}],"replies":[{"embeddable":true,"href":"https:\/\/www.hediyepazar.com\/index.php?rest_route=%2Fwp%2Fv2%2Fcomments&post=127932"}],"wp:featuredmedia":[{"embeddable":true,"href":"https:\/\/www.hediyepazar.com\/index.php?rest_route=\/wp\/v2\/media\/127931"}],"wp:attachment":[{"href":"https:\/\/www.hediyepazar.com\/index.php?rest_route=%2Fwp%2Fv2%2Fmedia&parent=127932"}],"wp:term":[{"taxonomy":"product_brand","embeddable":true,"href":"https:\/\/www.hediyepazar.com\/index.php?rest_route=%2Fwp%2Fv2%2Fproduct_brand&post=127932"},{"taxonomy":"product_cat","embeddable":true,"href":"https:\/\/www.hediyepazar.com\/index.php?rest_route=%2Fwp%2Fv2%2Fproduct_cat&post=127932"},{"taxonomy":"product_tag","embeddable":true,"href":"https:\/\/www.hediyepazar.com\/index.php?rest_route=%2Fwp%2Fv2%2Fproduct_tag&post=127932"}],"curies":[{"name":"wp","href":"https:\/\/api.w.org\/{rel}","templated":true}]}}