{"id":127958,"date":"2026-05-07T00:06:04","date_gmt":"2026-05-07T03:06:04","guid":{"rendered":"https:\/\/www.hediyepazar.com\/?product=masajli-akilli-hula-hoop-ayarlanabilir-fitness-cemberi"},"modified":"2026-05-07T00:06:04","modified_gmt":"2026-05-07T03:06:04","slug":"masajli-akilli-hula-hoop-ayarlanabilir-fitness-cemberi","status":"publish","type":"product","link":"https:\/\/www.hediyepazar.com\/?product=masajli-akilli-hula-hoop-ayarlanabilir-fitness-cemberi","title":{"rendered":"Masajl\u0131 Ak\u0131ll\u0131 Hula Hoop Ayarlanabilir Fitness \u00c7emberi"},"content":{"rendered":"<p>Bu ak\u0131ll\u0131 hula hoop \u00e7emberi, modern ya\u015fam\u0131n temposuna uygun olarak geli\u015ftirilmi\u015ftir. Evde k\u0131sa s\u00fcrede etkili spor yapmak isteyenler i\u00e7in idealdir. Ayarlanabilir yap\u0131s\u0131 sayesinde herkes i\u00e7in uygundur.680 gram a\u011f\u0131rl\u0131k topu, bel \u00e7evresinde s\u00fcrekli bir hareket olu\u015fturarak ya\u011f yak\u0131m\u0131n\u0131 destekler. Masaj halkas\u0131, bel ve s\u0131rt b\u00f6lgesinde rahatlama sa\u011flar. Uzun s\u00fcre masa ba\u015f\u0131nda \u00e7al\u0131\u015fanlar i\u00e7in ideal bir \u00e7\u00f6z\u00fcmd\u00fcr.\u00dcr\u00fcn hafif, dayan\u0131kl\u0131 ve ergonomiktir. D\u00fc\u015fmeden g\u00fcvenle kullan\u0131labilir. G\u00fcnl\u00fck egzersiz rutininize kolayca eklenebilir.<\/p>\n","protected":false},"excerpt":{"rendered":"<p>Bu ak\u0131ll\u0131 hula hoop \u00e7emberi, modern ya\u015fam\u0131n temposuna uygun olarak geli\u015ftirilmi\u015ftir. Evde k\u0131sa s\u00fcrede etkili spor yapmak isteyenler i\u00e7in idealdir. Ayarlanabilir yap\u0131s\u0131 sayesinde herkes i\u00e7in uygundur.680 gram a\u011f\u0131rl\u0131k topu, bel \u00e7evresinde s\u00fcrekli bir hareket olu\u015fturarak ya\u011f yak\u0131m\u0131n\u0131 destekler. Masaj halkas\u0131, bel ve s\u0131rt b\u00f6lgesinde rahatlama sa\u011flar. Uzun s\u00fcre masa ba\u015f\u0131nda \u00e7al\u0131\u015fanlar i\u00e7in ideal bir \u00e7\u00f6z\u00fcmd\u00fcr.\u00dcr\u00fcn&#8230;<\/p>\n","protected":false},"featured_media":127957,"comment_status":"open","ping_status":"closed","template":"","meta":{"_kad_post_transparent":"","_kad_post_title":"","_kad_post_layout":"","_kad_post_sidebar_id":"","_kad_post_content_style":"","_kad_post_vertical_padding":"","_kad_post_feature":"","_kad_post_feature_position":"","_kad_post_header":false,"_kad_post_footer":false,"_kad_post_classname":""},"product_brand":[],"product_cat":[15095],"product_tag":[],"class_list":{"0":"post-127958","1":"product","2":"type-product","3":"status-publish","4":"has-post-thumbnail","6":"product_cat-egzersiz-aletleri-egzersiz-aletleri","8":"first","9":"instock","10":"purchasable","11":"product-type-simple","12":"entry","13":"content-bg","14":"loop-entry"},"_links":{"self":[{"href":"https:\/\/www.hediyepazar.com\/index.php?rest_route=\/wp\/v2\/product\/127958","targetHints":{"allow":["GET"]}}],"collection":[{"href":"https:\/\/www.hediyepazar.com\/index.php?rest_route=\/wp\/v2\/product"}],"about":[{"href":"https:\/\/www.hediyepazar.com\/index.php?rest_route=\/wp\/v2\/types\/product"}],"replies":[{"embeddable":true,"href":"https:\/\/www.hediyepazar.com\/index.php?rest_route=%2Fwp%2Fv2%2Fcomments&post=127958"}],"wp:featuredmedia":[{"embeddable":true,"href":"https:\/\/www.hediyepazar.com\/index.php?rest_route=\/wp\/v2\/media\/127957"}],"wp:attachment":[{"href":"https:\/\/www.hediyepazar.com\/index.php?rest_route=%2Fwp%2Fv2%2Fmedia&parent=127958"}],"wp:term":[{"taxonomy":"product_brand","embeddable":true,"href":"https:\/\/www.hediyepazar.com\/index.php?rest_route=%2Fwp%2Fv2%2Fproduct_brand&post=127958"},{"taxonomy":"product_cat","embeddable":true,"href":"https:\/\/www.hediyepazar.com\/index.php?rest_route=%2Fwp%2Fv2%2Fproduct_cat&post=127958"},{"taxonomy":"product_tag","embeddable":true,"href":"https:\/\/www.hediyepazar.com\/index.php?rest_route=%2Fwp%2Fv2%2Fproduct_tag&post=127958"}],"curies":[{"name":"wp","href":"https:\/\/api.w.org\/{rel}","templated":true}]}}