{"id":127968,"date":"2026-05-07T00:08:03","date_gmt":"2026-05-07T03:08:03","guid":{"rendered":"https:\/\/www.hediyepazar.com\/?product=ince-silikon-nipple-cover-gorunmez-ve-iz-yapmaz-tasarim"},"modified":"2026-05-07T00:08:03","modified_gmt":"2026-05-07T03:08:03","slug":"ince-silikon-nipple-cover-gorunmez-ve-iz-yapmaz-tasarim","status":"publish","type":"product","link":"https:\/\/www.hediyepazar.com\/?product=ince-silikon-nipple-cover-gorunmez-ve-iz-yapmaz-tasarim","title":{"rendered":"\u0130nce Silikon Nipple Cover G\u00f6r\u00fcnmez ve \u0130z Yapmaz Tasar\u0131m"},"content":{"rendered":"<p>Bu silikon nipple cover, s\u00fctyen kullanmak istemeyen veya g\u00f6r\u00fcnmez bir \u00e7\u00f6z\u00fcm arayan kullan\u0131c\u0131lar i\u00e7in tasarlanm\u0131\u015ft\u0131r. Ultra ince ve yumu\u015fak silikon yap\u0131s\u0131 sayesinde ciltle b\u00fct\u00fcnle\u015fir ve do\u011fal bir g\u00f6r\u00fcn\u00fcm sa\u011flar. Kendinden yap\u0131\u015fkanl\u0131 y\u00fczeyi, g\u00fcn boyunca g\u00fcvenli \u015fekilde sabit kalmas\u0131na yard\u0131mc\u0131 olur.Tekrar kullan\u0131labilir olmas\u0131, \u00fcr\u00fcn\u00fc hem \u00e7evre dostu hem de ekonomik hale getirir. Her kullan\u0131m sonras\u0131 elde y\u0131kan\u0131p kurutularak tekrar kullan\u0131labilir. Uygun bak\u0131m ile uzun s\u00fcre formunu ve yap\u0131\u015fkanl\u0131\u011f\u0131n\u0131 korur.Diki\u015fsiz tasar\u0131m\u0131 sayesinde k\u0131yafet alt\u0131nda iz yapmaz. \u00d6zellikle ask\u0131s\u0131z elbiseler, s\u0131rt dekolteli k\u0131yafetler, ince kuma\u015fl\u0131 bluzlar ve yazl\u0131k kombinler i\u00e7in ideal bir \u00e7\u00f6z\u00fcmd\u00fcr. Hafif yap\u0131s\u0131 sayesinde g\u00fcn boyu varl\u0131\u011f\u0131n\u0131 unutturur.Silikon malzeme cildi tahri\u015f etmez ve esnek yap\u0131s\u0131 sayesinde farkl\u0131 g\u00f6\u011f\u00fcs yap\u0131lar\u0131na uyum sa\u011flar. G\u00fcnl\u00fck kullan\u0131mda veya \u00f6zel g\u00fcnlerde rahatl\u0131kla tercih edilebilir.<\/p>\n","protected":false},"excerpt":{"rendered":"<p>Bu silikon nipple cover, s\u00fctyen kullanmak istemeyen veya g\u00f6r\u00fcnmez bir \u00e7\u00f6z\u00fcm arayan kullan\u0131c\u0131lar i\u00e7in tasarlanm\u0131\u015ft\u0131r. Ultra ince ve yumu\u015fak silikon yap\u0131s\u0131 sayesinde ciltle b\u00fct\u00fcnle\u015fir ve do\u011fal bir g\u00f6r\u00fcn\u00fcm sa\u011flar. Kendinden yap\u0131\u015fkanl\u0131 y\u00fczeyi, g\u00fcn boyunca g\u00fcvenli \u015fekilde sabit kalmas\u0131na yard\u0131mc\u0131 olur.Tekrar kullan\u0131labilir olmas\u0131, \u00fcr\u00fcn\u00fc hem \u00e7evre dostu hem de ekonomik hale getirir. Her kullan\u0131m sonras\u0131 elde&#8230;<\/p>\n","protected":false},"featured_media":127967,"comment_status":"open","ping_status":"closed","template":"","meta":{"_kad_post_transparent":"","_kad_post_title":"","_kad_post_layout":"","_kad_post_sidebar_id":"","_kad_post_content_style":"","_kad_post_vertical_padding":"","_kad_post_feature":"","_kad_post_feature_position":"","_kad_post_header":false,"_kad_post_footer":false,"_kad_post_classname":""},"product_brand":[],"product_cat":[14953],"product_tag":[],"class_list":{"0":"post-127968","1":"product","2":"type-product","3":"status-publish","4":"has-post-thumbnail","6":"product_cat-toparlayici-sutyen-sutyen-toparlayici-sutyen","8":"first","9":"instock","10":"purchasable","11":"product-type-simple","12":"entry","13":"content-bg","14":"loop-entry"},"_links":{"self":[{"href":"https:\/\/www.hediyepazar.com\/index.php?rest_route=\/wp\/v2\/product\/127968","targetHints":{"allow":["GET"]}}],"collection":[{"href":"https:\/\/www.hediyepazar.com\/index.php?rest_route=\/wp\/v2\/product"}],"about":[{"href":"https:\/\/www.hediyepazar.com\/index.php?rest_route=\/wp\/v2\/types\/product"}],"replies":[{"embeddable":true,"href":"https:\/\/www.hediyepazar.com\/index.php?rest_route=%2Fwp%2Fv2%2Fcomments&post=127968"}],"wp:featuredmedia":[{"embeddable":true,"href":"https:\/\/www.hediyepazar.com\/index.php?rest_route=\/wp\/v2\/media\/127967"}],"wp:attachment":[{"href":"https:\/\/www.hediyepazar.com\/index.php?rest_route=%2Fwp%2Fv2%2Fmedia&parent=127968"}],"wp:term":[{"taxonomy":"product_brand","embeddable":true,"href":"https:\/\/www.hediyepazar.com\/index.php?rest_route=%2Fwp%2Fv2%2Fproduct_brand&post=127968"},{"taxonomy":"product_cat","embeddable":true,"href":"https:\/\/www.hediyepazar.com\/index.php?rest_route=%2Fwp%2Fv2%2Fproduct_cat&post=127968"},{"taxonomy":"product_tag","embeddable":true,"href":"https:\/\/www.hediyepazar.com\/index.php?rest_route=%2Fwp%2Fv2%2Fproduct_tag&post=127968"}],"curies":[{"name":"wp","href":"https:\/\/api.w.org\/{rel}","templated":true}]}}