{"id":128032,"date":"2026-05-07T00:14:58","date_gmt":"2026-05-07T03:14:58","guid":{"rendered":"https:\/\/www.hediyepazar.com\/?product=kendiliginden-sarjli-el-feneri-3-led-enerjisiz-calisan-pratik-tasarim"},"modified":"2026-05-07T00:14:58","modified_gmt":"2026-05-07T03:14:58","slug":"kendiliginden-sarjli-el-feneri-3-led-enerjisiz-calisan-pratik-tasarim","status":"publish","type":"product","link":"https:\/\/www.hediyepazar.com\/?product=kendiliginden-sarjli-el-feneri-3-led-enerjisiz-calisan-pratik-tasarim","title":{"rendered":"Kendili\u011finden \u015earjl\u0131 El Feneri 3 LED Enerjisiz \u00c7al\u0131\u015fan Pratik Tasar\u0131m"},"content":{"rendered":"<p>Pratik kullan\u0131m\u0131yla \u00f6ne \u00e7\u0131kan kendili\u011finden \u015farjl\u0131 el feneri, pil derdi olmadan \u0131\u015f\u0131k sa\u011flar. Yan taraf\u0131na uygulanan basma hareketleri sayesinde enerji \u00fcretir ve bu enerjiyi kendi i\u00e7inde depolar.3 LED\u2019li ayd\u0131nlatma sistemi, karanl\u0131k ortamlarda yeterli g\u00f6r\u00fc\u015f sunar. Kompakt ve hafif yap\u0131s\u0131 sayesinde elde ta\u015f\u0131mas\u0131 kolayd\u0131r. Elektrik kesintileri, kamp alanlar\u0131 ve acil durum senaryolar\u0131 i\u00e7in ideal bir \u00e7\u00f6z\u00fcmd\u00fcr.Her an haz\u0131r olmas\u0131 sayesinde g\u00fcvenli\u011finizi destekler.<\/p>\n","protected":false},"excerpt":{"rendered":"<p>Pratik kullan\u0131m\u0131yla \u00f6ne \u00e7\u0131kan kendili\u011finden \u015farjl\u0131 el feneri, pil derdi olmadan \u0131\u015f\u0131k sa\u011flar. Yan taraf\u0131na uygulanan basma hareketleri sayesinde enerji \u00fcretir ve bu enerjiyi kendi i\u00e7inde depolar.3 LED\u2019li ayd\u0131nlatma sistemi, karanl\u0131k ortamlarda yeterli g\u00f6r\u00fc\u015f sunar. Kompakt ve hafif yap\u0131s\u0131 sayesinde elde ta\u015f\u0131mas\u0131 kolayd\u0131r. Elektrik kesintileri, kamp alanlar\u0131 ve acil durum senaryolar\u0131 i\u00e7in ideal bir \u00e7\u00f6z\u00fcmd\u00fcr.Her&#8230;<\/p>\n","protected":false},"featured_media":128031,"comment_status":"open","ping_status":"closed","template":"","meta":{"_kad_post_transparent":"","_kad_post_title":"","_kad_post_layout":"","_kad_post_sidebar_id":"","_kad_post_content_style":"","_kad_post_vertical_padding":"","_kad_post_feature":"","_kad_post_feature_position":"","_kad_post_header":false,"_kad_post_footer":false,"_kad_post_classname":""},"product_brand":[],"product_cat":[14977],"product_tag":[],"class_list":{"0":"post-128032","1":"product","2":"type-product","3":"status-publish","4":"has-post-thumbnail","6":"product_cat-kamp-lambasi-kamp-lambasi","8":"first","9":"instock","10":"purchasable","11":"product-type-simple","12":"entry","13":"content-bg","14":"loop-entry"},"_links":{"self":[{"href":"https:\/\/www.hediyepazar.com\/index.php?rest_route=\/wp\/v2\/product\/128032","targetHints":{"allow":["GET"]}}],"collection":[{"href":"https:\/\/www.hediyepazar.com\/index.php?rest_route=\/wp\/v2\/product"}],"about":[{"href":"https:\/\/www.hediyepazar.com\/index.php?rest_route=\/wp\/v2\/types\/product"}],"replies":[{"embeddable":true,"href":"https:\/\/www.hediyepazar.com\/index.php?rest_route=%2Fwp%2Fv2%2Fcomments&post=128032"}],"wp:featuredmedia":[{"embeddable":true,"href":"https:\/\/www.hediyepazar.com\/index.php?rest_route=\/wp\/v2\/media\/128031"}],"wp:attachment":[{"href":"https:\/\/www.hediyepazar.com\/index.php?rest_route=%2Fwp%2Fv2%2Fmedia&parent=128032"}],"wp:term":[{"taxonomy":"product_brand","embeddable":true,"href":"https:\/\/www.hediyepazar.com\/index.php?rest_route=%2Fwp%2Fv2%2Fproduct_brand&post=128032"},{"taxonomy":"product_cat","embeddable":true,"href":"https:\/\/www.hediyepazar.com\/index.php?rest_route=%2Fwp%2Fv2%2Fproduct_cat&post=128032"},{"taxonomy":"product_tag","embeddable":true,"href":"https:\/\/www.hediyepazar.com\/index.php?rest_route=%2Fwp%2Fv2%2Fproduct_tag&post=128032"}],"curies":[{"name":"wp","href":"https:\/\/api.w.org\/{rel}","templated":true}]}}