{"id":128080,"date":"2026-05-07T00:20:20","date_gmt":"2026-05-07T03:20:20","guid":{"rendered":"https:\/\/www.hediyepazar.com\/?product=romantik-ortamlar-icin-yildiz-projektor-lamba"},"modified":"2026-05-07T00:20:20","modified_gmt":"2026-05-07T03:20:20","slug":"romantik-ortamlar-icin-yildiz-projektor-lamba","status":"publish","type":"product","link":"https:\/\/www.hediyepazar.com\/?product=romantik-ortamlar-icin-yildiz-projektor-lamba","title":{"rendered":"Romantik Ortamlar \u0130\u00e7in Y\u0131ld\u0131z Projekt\u00f6r Lamba"},"content":{"rendered":"<p>Fi\u015fe tak\u0131larak \u00e7al\u0131\u015fan y\u0131ld\u0131z gece lambas\u0131, pratik ve uzun \u00f6m\u00fcrl\u00fc kullan\u0131m sunar. Tavan ve duvarlara yans\u0131yan y\u0131ld\u0131z efektleri, ortam\u0131 sakinle\u015ftirici bir hale getirir. Dahili hoparl\u00f6r ile m\u00fczik e\u015fli\u011finde kullan\u0131labilir.30 dakikal\u0131k otomatik kapanma \u00f6zelli\u011fi, gece boyunca g\u00fcvenli kullan\u0131m sa\u011flar. \u00c7ocuk odas\u0131, yatak odas\u0131 ve salonlarda dekoratif ama\u00e7l\u0131 tercih edilebilir.<\/p>\n","protected":false},"excerpt":{"rendered":"<p>Fi\u015fe tak\u0131larak \u00e7al\u0131\u015fan y\u0131ld\u0131z gece lambas\u0131, pratik ve uzun \u00f6m\u00fcrl\u00fc kullan\u0131m sunar. Tavan ve duvarlara yans\u0131yan y\u0131ld\u0131z efektleri, ortam\u0131 sakinle\u015ftirici bir hale getirir. Dahili hoparl\u00f6r ile m\u00fczik e\u015fli\u011finde kullan\u0131labilir.30 dakikal\u0131k otomatik kapanma \u00f6zelli\u011fi, gece boyunca g\u00fcvenli kullan\u0131m sa\u011flar. \u00c7ocuk odas\u0131, yatak odas\u0131 ve salonlarda dekoratif ama\u00e7l\u0131 tercih edilebilir.<\/p>\n","protected":false},"featured_media":128079,"comment_status":"open","ping_status":"closed","template":"","meta":{"_kad_post_transparent":"","_kad_post_title":"","_kad_post_layout":"","_kad_post_sidebar_id":"","_kad_post_content_style":"","_kad_post_vertical_padding":"","_kad_post_feature":"","_kad_post_feature_position":"","_kad_post_header":false,"_kad_post_footer":false,"_kad_post_classname":""},"product_brand":[],"product_cat":[14967],"product_tag":[],"class_list":{"0":"post-128080","1":"product","2":"type-product","3":"status-publish","4":"has-post-thumbnail","6":"product_cat-gece-lambasi-gece-lambasi","8":"first","9":"instock","10":"purchasable","11":"product-type-simple","12":"entry","13":"content-bg","14":"loop-entry"},"_links":{"self":[{"href":"https:\/\/www.hediyepazar.com\/index.php?rest_route=\/wp\/v2\/product\/128080","targetHints":{"allow":["GET"]}}],"collection":[{"href":"https:\/\/www.hediyepazar.com\/index.php?rest_route=\/wp\/v2\/product"}],"about":[{"href":"https:\/\/www.hediyepazar.com\/index.php?rest_route=\/wp\/v2\/types\/product"}],"replies":[{"embeddable":true,"href":"https:\/\/www.hediyepazar.com\/index.php?rest_route=%2Fwp%2Fv2%2Fcomments&post=128080"}],"wp:featuredmedia":[{"embeddable":true,"href":"https:\/\/www.hediyepazar.com\/index.php?rest_route=\/wp\/v2\/media\/128079"}],"wp:attachment":[{"href":"https:\/\/www.hediyepazar.com\/index.php?rest_route=%2Fwp%2Fv2%2Fmedia&parent=128080"}],"wp:term":[{"taxonomy":"product_brand","embeddable":true,"href":"https:\/\/www.hediyepazar.com\/index.php?rest_route=%2Fwp%2Fv2%2Fproduct_brand&post=128080"},{"taxonomy":"product_cat","embeddable":true,"href":"https:\/\/www.hediyepazar.com\/index.php?rest_route=%2Fwp%2Fv2%2Fproduct_cat&post=128080"},{"taxonomy":"product_tag","embeddable":true,"href":"https:\/\/www.hediyepazar.com\/index.php?rest_route=%2Fwp%2Fv2%2Fproduct_tag&post=128080"}],"curies":[{"name":"wp","href":"https:\/\/api.w.org\/{rel}","templated":true}]}}