{"id":128102,"date":"2026-05-07T00:24:19","date_gmt":"2026-05-07T03:24:19","guid":{"rendered":"https:\/\/www.hediyepazar.com\/?product=kablosuz-elektrikli-sarimsak-ezici-paslanmaz-bicak"},"modified":"2026-05-07T00:24:19","modified_gmt":"2026-05-07T03:24:19","slug":"kablosuz-elektrikli-sarimsak-ezici-paslanmaz-bicak","status":"publish","type":"product","link":"https:\/\/www.hediyepazar.com\/?product=kablosuz-elektrikli-sarimsak-ezici-paslanmaz-bicak","title":{"rendered":"Kablosuz Elektrikli Sar\u0131msak Ezici Paslanmaz B\u0131\u00e7ak"},"content":{"rendered":"<p>Mini elektrikli sar\u0131msak do\u011fray\u0131c\u0131, g\u00fcnl\u00fck mutfak i\u015flerini kolayla\u015ft\u0131rmak i\u00e7in tasarlanm\u0131\u015ft\u0131r. K\u00fc\u00e7\u00fck ve hafif tasar\u0131m\u0131 sayesinde her mutfa\u011fa uyum sa\u011flar. USB \u015farjl\u0131 bataryas\u0131 kablosuz kullan\u0131m avantaj\u0131 sunar.1300 mAh batarya, uzun s\u00fcreli kullan\u0131m sa\u011flar. Tek tu\u015fla \u00e7al\u0131\u015fma sistemi, zahmetsiz kullan\u0131m sunar. Paslanmaz \u00e7elik b\u0131\u00e7ak, h\u0131zl\u0131 ve e\u015fit do\u011frama yapar.250 ml haznesi sar\u0131msak, so\u011fan ve sebzeler i\u00e7in uygundur. G\u00fcvenlik kapa\u011f\u0131 ile motor korunur. Temizli\u011fi pratiktir ve hijyeniktir. G\u00fcnl\u00fck mutfak kullan\u0131m\u0131nda b\u00fcy\u00fck kolayl\u0131k sa\u011flar.<\/p>\n","protected":false},"excerpt":{"rendered":"<p>Mini elektrikli sar\u0131msak do\u011fray\u0131c\u0131, g\u00fcnl\u00fck mutfak i\u015flerini kolayla\u015ft\u0131rmak i\u00e7in tasarlanm\u0131\u015ft\u0131r. K\u00fc\u00e7\u00fck ve hafif tasar\u0131m\u0131 sayesinde her mutfa\u011fa uyum sa\u011flar. USB \u015farjl\u0131 bataryas\u0131 kablosuz kullan\u0131m avantaj\u0131 sunar.1300 mAh batarya, uzun s\u00fcreli kullan\u0131m sa\u011flar. Tek tu\u015fla \u00e7al\u0131\u015fma sistemi, zahmetsiz kullan\u0131m sunar. Paslanmaz \u00e7elik b\u0131\u00e7ak, h\u0131zl\u0131 ve e\u015fit do\u011frama yapar.250 ml haznesi sar\u0131msak, so\u011fan ve sebzeler i\u00e7in uygundur&#8230;.<\/p>\n","protected":false},"featured_media":128101,"comment_status":"open","ping_status":"closed","template":"","meta":{"_kad_post_transparent":"","_kad_post_title":"","_kad_post_layout":"","_kad_post_sidebar_id":"","_kad_post_content_style":"","_kad_post_vertical_padding":"","_kad_post_feature":"","_kad_post_feature_position":"","_kad_post_header":false,"_kad_post_footer":false,"_kad_post_classname":""},"product_brand":[],"product_cat":[15057],"product_tag":[],"class_list":{"0":"post-128102","1":"product","2":"type-product","3":"status-publish","4":"has-post-thumbnail","6":"product_cat-dograyici-ve-rondo-dograyici-ve-rondo","8":"first","9":"instock","10":"purchasable","11":"product-type-simple","12":"entry","13":"content-bg","14":"loop-entry"},"_links":{"self":[{"href":"https:\/\/www.hediyepazar.com\/index.php?rest_route=\/wp\/v2\/product\/128102","targetHints":{"allow":["GET"]}}],"collection":[{"href":"https:\/\/www.hediyepazar.com\/index.php?rest_route=\/wp\/v2\/product"}],"about":[{"href":"https:\/\/www.hediyepazar.com\/index.php?rest_route=\/wp\/v2\/types\/product"}],"replies":[{"embeddable":true,"href":"https:\/\/www.hediyepazar.com\/index.php?rest_route=%2Fwp%2Fv2%2Fcomments&post=128102"}],"wp:featuredmedia":[{"embeddable":true,"href":"https:\/\/www.hediyepazar.com\/index.php?rest_route=\/wp\/v2\/media\/128101"}],"wp:attachment":[{"href":"https:\/\/www.hediyepazar.com\/index.php?rest_route=%2Fwp%2Fv2%2Fmedia&parent=128102"}],"wp:term":[{"taxonomy":"product_brand","embeddable":true,"href":"https:\/\/www.hediyepazar.com\/index.php?rest_route=%2Fwp%2Fv2%2Fproduct_brand&post=128102"},{"taxonomy":"product_cat","embeddable":true,"href":"https:\/\/www.hediyepazar.com\/index.php?rest_route=%2Fwp%2Fv2%2Fproduct_cat&post=128102"},{"taxonomy":"product_tag","embeddable":true,"href":"https:\/\/www.hediyepazar.com\/index.php?rest_route=%2Fwp%2Fv2%2Fproduct_tag&post=128102"}],"curies":[{"name":"wp","href":"https:\/\/api.w.org\/{rel}","templated":true}]}}