{"id":128116,"date":"2026-05-07T00:27:18","date_gmt":"2026-05-07T03:27:18","guid":{"rendered":"https:\/\/www.hediyepazar.com\/?product=sarjli-mini-el-supurgesi-ufleme-ve-vakum-ozellikli"},"modified":"2026-05-07T00:27:18","modified_gmt":"2026-05-07T03:27:18","slug":"sarjli-mini-el-supurgesi-ufleme-ve-vakum-ozellikli","status":"publish","type":"product","link":"https:\/\/www.hediyepazar.com\/?product=sarjli-mini-el-supurgesi-ufleme-ve-vakum-ozellikli","title":{"rendered":"\u015earjl\u0131 Mini El S\u00fcp\u00fcrgesi \u00dcfleme ve Vakum \u00d6zellikli"},"content":{"rendered":"<p>\u015earjl\u0131 mini el s\u00fcp\u00fcrgesi, g\u00fc\u00e7l\u00fc performans\u0131 ve \u00e7ok fonksiyonlu yap\u0131s\u0131 ile temizlik al\u0131\u015fkanl\u0131klar\u0131n\u0131 kolayla\u015ft\u0131r\u0131r. 17.000 PA emi\u015f g\u00fcc\u00fc, y\u00fczeylere yap\u0131\u015fm\u0131\u015f toz ve kirleri derinlemesine temizler. Evde hal\u0131 ve koltuk \u00fczerinde, ara\u00e7ta koltuk aralar\u0131 ve bagajda, ofiste masa \u00fcst\u00fc ve klavye \u00e7evresinde etkili temizlik sa\u011flar.6000mAh batarya kapasitesi, uzun s\u00fcreli kullan\u0131m sunar. 3 kademeli \u00e7eki\u015f seviyesi sayesinde ihtiyaca g\u00f6re g\u00fc\u00e7 ayar\u0131 yap\u0131labilir. D\u00fc\u015f\u00fck mod hafif temizlikler i\u00e7in idealken, y\u00fcksek mod yo\u011fun kirler i\u00e7in maksimum performans sa\u011flar. Type-C \u015farj giri\u015fi modern kullan\u0131m kolayl\u0131\u011f\u0131 sunar.\u00dcfleme fonksiyonu ile klavye, elektronik cihazlar ve dar alanlar pratik \u015fekilde temizlenebilir. Vakum paketleme deste\u011fi, saklama alanlar\u0131nda ekstra yer kazan\u0131lmas\u0131n\u0131 sa\u011flar. Balon ve \u015fi\u015fme \u00fcr\u00fcnlerde de kullan\u0131labilir.9 farkl\u0131 ba\u015fl\u0131k ile gelen set, s\u00fcp\u00fcrgeyi \u00e7ok y\u00f6nl\u00fc bir temizlik arac\u0131na d\u00f6n\u00fc\u015ft\u00fcr\u00fcr. F\u0131r\u00e7as\u0131z motor sessiz, g\u00fc\u00e7l\u00fc ve uzun \u00f6m\u00fcrl\u00fcd\u00fcr. Kompakt tasar\u0131m\u0131 sayesinde \u00e7anta veya \u00e7ekmece i\u00e7inde kolayca saklanabilir.<\/p>\n","protected":false},"excerpt":{"rendered":"<p>\u015earjl\u0131 mini el s\u00fcp\u00fcrgesi, g\u00fc\u00e7l\u00fc performans\u0131 ve \u00e7ok fonksiyonlu yap\u0131s\u0131 ile temizlik al\u0131\u015fkanl\u0131klar\u0131n\u0131 kolayla\u015ft\u0131r\u0131r. 17.000 PA emi\u015f g\u00fcc\u00fc, y\u00fczeylere yap\u0131\u015fm\u0131\u015f toz ve kirleri derinlemesine temizler. Evde hal\u0131 ve koltuk \u00fczerinde, ara\u00e7ta koltuk aralar\u0131 ve bagajda, ofiste masa \u00fcst\u00fc ve klavye \u00e7evresinde etkili temizlik sa\u011flar.6000mAh batarya kapasitesi, uzun s\u00fcreli kullan\u0131m sunar. 3 kademeli \u00e7eki\u015f seviyesi sayesinde&#8230;<\/p>\n","protected":false},"featured_media":128115,"comment_status":"open","ping_status":"closed","template":"","meta":{"_kad_post_transparent":"","_kad_post_title":"","_kad_post_layout":"","_kad_post_sidebar_id":"","_kad_post_content_style":"","_kad_post_vertical_padding":"","_kad_post_feature":"","_kad_post_feature_position":"","_kad_post_header":false,"_kad_post_footer":false,"_kad_post_classname":""},"product_brand":[],"product_cat":[14998],"product_tag":[],"class_list":{"0":"post-128116","1":"product","2":"type-product","3":"status-publish","4":"has-post-thumbnail","6":"product_cat-arac-ici-supurge-arac-ici-supurge","8":"first","9":"instock","10":"purchasable","11":"product-type-simple","12":"entry","13":"content-bg","14":"loop-entry"},"_links":{"self":[{"href":"https:\/\/www.hediyepazar.com\/index.php?rest_route=\/wp\/v2\/product\/128116","targetHints":{"allow":["GET"]}}],"collection":[{"href":"https:\/\/www.hediyepazar.com\/index.php?rest_route=\/wp\/v2\/product"}],"about":[{"href":"https:\/\/www.hediyepazar.com\/index.php?rest_route=\/wp\/v2\/types\/product"}],"replies":[{"embeddable":true,"href":"https:\/\/www.hediyepazar.com\/index.php?rest_route=%2Fwp%2Fv2%2Fcomments&post=128116"}],"wp:featuredmedia":[{"embeddable":true,"href":"https:\/\/www.hediyepazar.com\/index.php?rest_route=\/wp\/v2\/media\/128115"}],"wp:attachment":[{"href":"https:\/\/www.hediyepazar.com\/index.php?rest_route=%2Fwp%2Fv2%2Fmedia&parent=128116"}],"wp:term":[{"taxonomy":"product_brand","embeddable":true,"href":"https:\/\/www.hediyepazar.com\/index.php?rest_route=%2Fwp%2Fv2%2Fproduct_brand&post=128116"},{"taxonomy":"product_cat","embeddable":true,"href":"https:\/\/www.hediyepazar.com\/index.php?rest_route=%2Fwp%2Fv2%2Fproduct_cat&post=128116"},{"taxonomy":"product_tag","embeddable":true,"href":"https:\/\/www.hediyepazar.com\/index.php?rest_route=%2Fwp%2Fv2%2Fproduct_tag&post=128116"}],"curies":[{"name":"wp","href":"https:\/\/api.w.org\/{rel}","templated":true}]}}