{"id":128294,"date":"2026-05-07T01:03:17","date_gmt":"2026-05-07T04:03:17","guid":{"rendered":"https:\/\/www.hediyepazar.com\/?product=dekoratif-somine-gorunumlu-bluetooth-hoparlor-radyo-usb-tf-destekli"},"modified":"2026-05-07T01:03:17","modified_gmt":"2026-05-07T04:03:17","slug":"dekoratif-somine-gorunumlu-bluetooth-hoparlor-radyo-usb-tf-destekli","status":"publish","type":"product","link":"https:\/\/www.hediyepazar.com\/?product=dekoratif-somine-gorunumlu-bluetooth-hoparlor-radyo-usb-tf-destekli","title":{"rendered":"Dekoratif \u015e\u00f6mine G\u00f6r\u00fcn\u00fcml\u00fc Bluetooth Hoparl\u00f6r Radyo USB TF Destekli"},"content":{"rendered":"<p>Dekoratif \u015f\u00f6mine g\u00f6r\u00fcn\u00fcml\u00fc bluetooth hoparl\u00f6r, modern tasar\u0131m\u0131 ve \u00e7oklu ba\u011flant\u0131 \u00f6zellikleri sayesinde hem dekor hem m\u00fczik cihaz\u0131 olarak kullan\u0131labilir. LED alev efekti sayesinde ortamda ger\u00e7ek \u015f\u00f6mine hissi olu\u015fturarak ho\u015f bir atmosfer yarat\u0131r.Bluetooth ba\u011flant\u0131 \u00f6zelli\u011fi sayesinde mobil cihazlar\u0131n\u0131zla kablosuz m\u00fczik dinleyebilirsiniz. Ayr\u0131ca USB ve TF kart deste\u011fi ile m\u00fczik dosyalar\u0131n\u0131z\u0131 do\u011frudan oynatabilirsiniz.FM radyo \u00f6zelli\u011fi sayesinde radyo yay\u0131nlar\u0131n\u0131 kolayca dinleyebilir ve g\u00fc\u00e7l\u00fc hoparl\u00f6r\u00fc ile net ses performans\u0131 elde edebilirsiniz.<\/p>\n","protected":false},"excerpt":{"rendered":"<p>Dekoratif \u015f\u00f6mine g\u00f6r\u00fcn\u00fcml\u00fc bluetooth hoparl\u00f6r, modern tasar\u0131m\u0131 ve \u00e7oklu ba\u011flant\u0131 \u00f6zellikleri sayesinde hem dekor hem m\u00fczik cihaz\u0131 olarak kullan\u0131labilir. LED alev efekti sayesinde ortamda ger\u00e7ek \u015f\u00f6mine hissi olu\u015fturarak ho\u015f bir atmosfer yarat\u0131r.Bluetooth ba\u011flant\u0131 \u00f6zelli\u011fi sayesinde mobil cihazlar\u0131n\u0131zla kablosuz m\u00fczik dinleyebilirsiniz. Ayr\u0131ca USB ve TF kart deste\u011fi ile m\u00fczik dosyalar\u0131n\u0131z\u0131 do\u011frudan oynatabilirsiniz.FM radyo \u00f6zelli\u011fi sayesinde radyo&#8230;<\/p>\n","protected":false},"featured_media":128293,"comment_status":"open","ping_status":"closed","template":"","meta":{"_kad_post_transparent":"","_kad_post_title":"","_kad_post_layout":"","_kad_post_sidebar_id":"","_kad_post_content_style":"","_kad_post_vertical_padding":"","_kad_post_feature":"","_kad_post_feature_position":"","_kad_post_header":false,"_kad_post_footer":false,"_kad_post_classname":""},"product_brand":[],"product_cat":[14911],"product_tag":[],"class_list":{"0":"post-128294","1":"product","2":"type-product","3":"status-publish","4":"has-post-thumbnail","6":"product_cat-kablosuz-hoparlor-kablosuz-hoparlor","8":"first","9":"instock","10":"purchasable","11":"product-type-simple","12":"entry","13":"content-bg","14":"loop-entry"},"_links":{"self":[{"href":"https:\/\/www.hediyepazar.com\/index.php?rest_route=\/wp\/v2\/product\/128294","targetHints":{"allow":["GET"]}}],"collection":[{"href":"https:\/\/www.hediyepazar.com\/index.php?rest_route=\/wp\/v2\/product"}],"about":[{"href":"https:\/\/www.hediyepazar.com\/index.php?rest_route=\/wp\/v2\/types\/product"}],"replies":[{"embeddable":true,"href":"https:\/\/www.hediyepazar.com\/index.php?rest_route=%2Fwp%2Fv2%2Fcomments&post=128294"}],"wp:featuredmedia":[{"embeddable":true,"href":"https:\/\/www.hediyepazar.com\/index.php?rest_route=\/wp\/v2\/media\/128293"}],"wp:attachment":[{"href":"https:\/\/www.hediyepazar.com\/index.php?rest_route=%2Fwp%2Fv2%2Fmedia&parent=128294"}],"wp:term":[{"taxonomy":"product_brand","embeddable":true,"href":"https:\/\/www.hediyepazar.com\/index.php?rest_route=%2Fwp%2Fv2%2Fproduct_brand&post=128294"},{"taxonomy":"product_cat","embeddable":true,"href":"https:\/\/www.hediyepazar.com\/index.php?rest_route=%2Fwp%2Fv2%2Fproduct_cat&post=128294"},{"taxonomy":"product_tag","embeddable":true,"href":"https:\/\/www.hediyepazar.com\/index.php?rest_route=%2Fwp%2Fv2%2Fproduct_tag&post=128294"}],"curies":[{"name":"wp","href":"https:\/\/api.w.org\/{rel}","templated":true}]}}