{"id":128328,"date":"2026-05-07T01:10:59","date_gmt":"2026-05-07T04:10:59","guid":{"rendered":"https:\/\/www.hediyepazar.com\/?product=manyetik-arac-telefon-standi-katlanabilir-telefon-tutucu"},"modified":"2026-05-07T01:10:59","modified_gmt":"2026-05-07T04:10:59","slug":"manyetik-arac-telefon-standi-katlanabilir-telefon-tutucu","status":"publish","type":"product","link":"https:\/\/www.hediyepazar.com\/?product=manyetik-arac-telefon-standi-katlanabilir-telefon-tutucu","title":{"rendered":"Manyetik Ara\u00e7 Telefon Stand\u0131 Katlanabilir Telefon Tutucu"},"content":{"rendered":"<p>Manyetik ara\u00e7 telefon stand\u0131, s\u00fcr\u00fc\u015f s\u0131ras\u0131nda telefonunuzu sabitleyerek daha konforlu bir kullan\u0131m sunar. Dayan\u0131kl\u0131 malzemeden \u00fcretilmi\u015f yap\u0131s\u0131 sayesinde uzun \u00f6m\u00fcrl\u00fc kullan\u0131m sa\u011flar.G\u00fc\u00e7l\u00fc m\u0131knat\u0131s sistemi telefonunuzu sabit \u015fekilde tutarak sars\u0131nt\u0131l\u0131 yollarda bile stabil kullan\u0131m sa\u011flar.360 derece d\u00f6nebilen mekanizmas\u0131 sayesinde telefonunuzu istedi\u011finiz a\u00e7\u0131ya ayarlayabilirsiniz.Katlanabilir tasar\u0131m\u0131 sayesinde \u00fcr\u00fcn kullan\u0131lmad\u0131\u011f\u0131nda kolayca katlanarak ara\u00e7 i\u00e7inde yer kaplamaz.<\/p>\n","protected":false},"excerpt":{"rendered":"<p>Manyetik ara\u00e7 telefon stand\u0131, s\u00fcr\u00fc\u015f s\u0131ras\u0131nda telefonunuzu sabitleyerek daha konforlu bir kullan\u0131m sunar. Dayan\u0131kl\u0131 malzemeden \u00fcretilmi\u015f yap\u0131s\u0131 sayesinde uzun \u00f6m\u00fcrl\u00fc kullan\u0131m sa\u011flar.G\u00fc\u00e7l\u00fc m\u0131knat\u0131s sistemi telefonunuzu sabit \u015fekilde tutarak sars\u0131nt\u0131l\u0131 yollarda bile stabil kullan\u0131m sa\u011flar.360 derece d\u00f6nebilen mekanizmas\u0131 sayesinde telefonunuzu istedi\u011finiz a\u00e7\u0131ya ayarlayabilirsiniz.Katlanabilir tasar\u0131m\u0131 sayesinde \u00fcr\u00fcn kullan\u0131lmad\u0131\u011f\u0131nda kolayca katlanarak ara\u00e7 i\u00e7inde yer kaplamaz.<\/p>\n","protected":false},"featured_media":128327,"comment_status":"open","ping_status":"closed","template":"","meta":{"_kad_post_transparent":"","_kad_post_title":"","_kad_post_layout":"","_kad_post_sidebar_id":"","_kad_post_content_style":"","_kad_post_vertical_padding":"","_kad_post_feature":"","_kad_post_feature_position":"","_kad_post_header":false,"_kad_post_footer":false,"_kad_post_classname":""},"product_brand":[],"product_cat":[14983],"product_tag":[],"class_list":{"0":"post-128328","1":"product","2":"type-product","3":"status-publish","4":"has-post-thumbnail","6":"product_cat-telefon-tutucu-telefon-tutucu","8":"first","9":"instock","10":"purchasable","11":"product-type-simple","12":"entry","13":"content-bg","14":"loop-entry"},"_links":{"self":[{"href":"https:\/\/www.hediyepazar.com\/index.php?rest_route=\/wp\/v2\/product\/128328","targetHints":{"allow":["GET"]}}],"collection":[{"href":"https:\/\/www.hediyepazar.com\/index.php?rest_route=\/wp\/v2\/product"}],"about":[{"href":"https:\/\/www.hediyepazar.com\/index.php?rest_route=\/wp\/v2\/types\/product"}],"replies":[{"embeddable":true,"href":"https:\/\/www.hediyepazar.com\/index.php?rest_route=%2Fwp%2Fv2%2Fcomments&post=128328"}],"wp:featuredmedia":[{"embeddable":true,"href":"https:\/\/www.hediyepazar.com\/index.php?rest_route=\/wp\/v2\/media\/128327"}],"wp:attachment":[{"href":"https:\/\/www.hediyepazar.com\/index.php?rest_route=%2Fwp%2Fv2%2Fmedia&parent=128328"}],"wp:term":[{"taxonomy":"product_brand","embeddable":true,"href":"https:\/\/www.hediyepazar.com\/index.php?rest_route=%2Fwp%2Fv2%2Fproduct_brand&post=128328"},{"taxonomy":"product_cat","embeddable":true,"href":"https:\/\/www.hediyepazar.com\/index.php?rest_route=%2Fwp%2Fv2%2Fproduct_cat&post=128328"},{"taxonomy":"product_tag","embeddable":true,"href":"https:\/\/www.hediyepazar.com\/index.php?rest_route=%2Fwp%2Fv2%2Fproduct_tag&post=128328"}],"curies":[{"name":"wp","href":"https:\/\/api.w.org\/{rel}","templated":true}]}}