{"id":128380,"date":"2026-05-07T01:18:16","date_gmt":"2026-05-07T04:18:16","guid":{"rendered":"https:\/\/www.hediyepazar.com\/?product=led-yildiz-projeksiyon-lambasi-romantik-oda-atmosfer-isigi"},"modified":"2026-05-07T01:18:16","modified_gmt":"2026-05-07T04:18:16","slug":"led-yildiz-projeksiyon-lambasi-romantik-oda-atmosfer-isigi","status":"publish","type":"product","link":"https:\/\/www.hediyepazar.com\/?product=led-yildiz-projeksiyon-lambasi-romantik-oda-atmosfer-isigi","title":{"rendered":"LED Y\u0131ld\u0131z Projeksiyon Lambas\u0131 Romantik Oda Atmosfer I\u015f\u0131\u011f\u0131"},"content":{"rendered":"<p>Y\u0131ld\u0131z projeksiyon lambas\u0131, bulundu\u011fu ortam\u0131 g\u00f6ky\u00fcz\u00fc manzaras\u0131na d\u00f6n\u00fc\u015ft\u00fcren etkileyici bir dekoratif ayd\u0131nlatma \u00fcr\u00fcn\u00fcd\u00fcr. Tavana ve duvarlara yans\u0131tt\u0131\u011f\u0131 y\u0131ld\u0131z \u0131\u015f\u0131klar\u0131 sayesinde odada benzersiz bir atmosfer olu\u015fur.Renk de\u011fi\u015ftiren LED sistemi sayesinde \u0131\u015f\u0131klar yumu\u015fak ge\u00e7i\u015flerle de\u011fi\u015fir ve ortama hareketli bir g\u00f6rsel efekt kazand\u0131r\u0131r. Bu \u00f6zellik \u00f6zellikle \u00e7ocuk odalar\u0131nda e\u011flenceli bir gece lambas\u0131 olarak kullan\u0131lmas\u0131n\u0131 sa\u011flar.USB kablosu ile \u00e7al\u0131\u015fabilen bu \u00fcr\u00fcn bilgisayar, adapt\u00f6r veya powerbank ile kullan\u0131labilir. Ayr\u0131ca pille \u00e7al\u0131\u015fma se\u00e7ene\u011fi de bulundu\u011fu i\u00e7in ta\u015f\u0131nabilir kullan\u0131m avantaj\u0131 sunar.K\u00fc\u00e7\u00fck boyutlar\u0131 sayesinde yer kaplamaz ve farkl\u0131 odalarda rahatl\u0131kla kullan\u0131labilir.<\/p>\n","protected":false},"excerpt":{"rendered":"<p>Y\u0131ld\u0131z projeksiyon lambas\u0131, bulundu\u011fu ortam\u0131 g\u00f6ky\u00fcz\u00fc manzaras\u0131na d\u00f6n\u00fc\u015ft\u00fcren etkileyici bir dekoratif ayd\u0131nlatma \u00fcr\u00fcn\u00fcd\u00fcr. Tavana ve duvarlara yans\u0131tt\u0131\u011f\u0131 y\u0131ld\u0131z \u0131\u015f\u0131klar\u0131 sayesinde odada benzersiz bir atmosfer olu\u015fur.Renk de\u011fi\u015ftiren LED sistemi sayesinde \u0131\u015f\u0131klar yumu\u015fak ge\u00e7i\u015flerle de\u011fi\u015fir ve ortama hareketli bir g\u00f6rsel efekt kazand\u0131r\u0131r. Bu \u00f6zellik \u00f6zellikle \u00e7ocuk odalar\u0131nda e\u011flenceli bir gece lambas\u0131 olarak kullan\u0131lmas\u0131n\u0131 sa\u011flar.USB kablosu ile \u00e7al\u0131\u015fabilen&#8230;<\/p>\n","protected":false},"featured_media":128379,"comment_status":"open","ping_status":"closed","template":"","meta":{"_kad_post_transparent":"","_kad_post_title":"","_kad_post_layout":"","_kad_post_sidebar_id":"","_kad_post_content_style":"","_kad_post_vertical_padding":"","_kad_post_feature":"","_kad_post_feature_position":"","_kad_post_header":false,"_kad_post_footer":false,"_kad_post_classname":""},"product_brand":[],"product_cat":[14967],"product_tag":[],"class_list":{"0":"post-128380","1":"product","2":"type-product","3":"status-publish","4":"has-post-thumbnail","6":"product_cat-gece-lambasi-gece-lambasi","8":"first","9":"instock","10":"purchasable","11":"product-type-simple","12":"entry","13":"content-bg","14":"loop-entry"},"_links":{"self":[{"href":"https:\/\/www.hediyepazar.com\/index.php?rest_route=\/wp\/v2\/product\/128380","targetHints":{"allow":["GET"]}}],"collection":[{"href":"https:\/\/www.hediyepazar.com\/index.php?rest_route=\/wp\/v2\/product"}],"about":[{"href":"https:\/\/www.hediyepazar.com\/index.php?rest_route=\/wp\/v2\/types\/product"}],"replies":[{"embeddable":true,"href":"https:\/\/www.hediyepazar.com\/index.php?rest_route=%2Fwp%2Fv2%2Fcomments&post=128380"}],"wp:featuredmedia":[{"embeddable":true,"href":"https:\/\/www.hediyepazar.com\/index.php?rest_route=\/wp\/v2\/media\/128379"}],"wp:attachment":[{"href":"https:\/\/www.hediyepazar.com\/index.php?rest_route=%2Fwp%2Fv2%2Fmedia&parent=128380"}],"wp:term":[{"taxonomy":"product_brand","embeddable":true,"href":"https:\/\/www.hediyepazar.com\/index.php?rest_route=%2Fwp%2Fv2%2Fproduct_brand&post=128380"},{"taxonomy":"product_cat","embeddable":true,"href":"https:\/\/www.hediyepazar.com\/index.php?rest_route=%2Fwp%2Fv2%2Fproduct_cat&post=128380"},{"taxonomy":"product_tag","embeddable":true,"href":"https:\/\/www.hediyepazar.com\/index.php?rest_route=%2Fwp%2Fv2%2Fproduct_tag&post=128380"}],"curies":[{"name":"wp","href":"https:\/\/api.w.org\/{rel}","templated":true}]}}