{"id":128428,"date":"2026-05-07T01:29:04","date_gmt":"2026-05-07T04:29:04","guid":{"rendered":"https:\/\/www.hediyepazar.com\/?product=sarj-kutulu-kablosuz-kulaklik-dokunmatik-kontrol-stereo-ses-deneyimi"},"modified":"2026-05-07T01:29:04","modified_gmt":"2026-05-07T04:29:04","slug":"sarj-kutulu-kablosuz-kulaklik-dokunmatik-kontrol-stereo-ses-deneyimi","status":"publish","type":"product","link":"https:\/\/www.hediyepazar.com\/?product=sarj-kutulu-kablosuz-kulaklik-dokunmatik-kontrol-stereo-ses-deneyimi","title":{"rendered":"\u015earj Kutulu Kablosuz Kulakl\u0131k Dokunmatik Kontrol Stereo Ses Deneyimi"},"content":{"rendered":"<p>Modern ya\u015fam\u0131n vazge\u00e7ilmezlerinden biri olan kablosuz kulakl\u0131k, pratik ve kullan\u0131\u015fl\u0131 yap\u0131s\u0131 ile dikkat \u00e7eker. Otomatik ba\u011flant\u0131 ve dokunmatik kontrol \u00f6zellikleri ile kullan\u0131m kolayl\u0131\u011f\u0131 sa\u011flar.Stereo ses kalitesi ile m\u00fczik keyfini art\u0131r\u0131r. G\u00fcr\u00fclt\u00fc azaltma \u00f6zelli\u011fi ile daha net bir deneyim sunar.Ergonomik tasar\u0131m\u0131 sayesinde konforlu kullan\u0131m sa\u011flar.\u015earj kutusu ile uzun s\u00fcreli kullan\u0131m sunar.<\/p>\n","protected":false},"excerpt":{"rendered":"<p>Modern ya\u015fam\u0131n vazge\u00e7ilmezlerinden biri olan kablosuz kulakl\u0131k, pratik ve kullan\u0131\u015fl\u0131 yap\u0131s\u0131 ile dikkat \u00e7eker. Otomatik ba\u011flant\u0131 ve dokunmatik kontrol \u00f6zellikleri ile kullan\u0131m kolayl\u0131\u011f\u0131 sa\u011flar.Stereo ses kalitesi ile m\u00fczik keyfini art\u0131r\u0131r. G\u00fcr\u00fclt\u00fc azaltma \u00f6zelli\u011fi ile daha net bir deneyim sunar.Ergonomik tasar\u0131m\u0131 sayesinde konforlu kullan\u0131m sa\u011flar.\u015earj kutusu ile uzun s\u00fcreli kullan\u0131m sunar.<\/p>\n","protected":false},"featured_media":128427,"comment_status":"open","ping_status":"closed","template":"","meta":{"_kad_post_transparent":"","_kad_post_title":"","_kad_post_layout":"","_kad_post_sidebar_id":"","_kad_post_content_style":"","_kad_post_vertical_padding":"","_kad_post_feature":"","_kad_post_feature_position":"","_kad_post_header":false,"_kad_post_footer":false,"_kad_post_classname":""},"product_brand":[],"product_cat":[14957],"product_tag":[],"class_list":{"0":"post-128428","1":"product","2":"type-product","3":"status-publish","4":"has-post-thumbnail","6":"product_cat-kablosuz-kulaklik-kablosuz-kulaklik","8":"first","9":"instock","10":"purchasable","11":"product-type-simple","12":"entry","13":"content-bg","14":"loop-entry"},"_links":{"self":[{"href":"https:\/\/www.hediyepazar.com\/index.php?rest_route=\/wp\/v2\/product\/128428","targetHints":{"allow":["GET"]}}],"collection":[{"href":"https:\/\/www.hediyepazar.com\/index.php?rest_route=\/wp\/v2\/product"}],"about":[{"href":"https:\/\/www.hediyepazar.com\/index.php?rest_route=\/wp\/v2\/types\/product"}],"replies":[{"embeddable":true,"href":"https:\/\/www.hediyepazar.com\/index.php?rest_route=%2Fwp%2Fv2%2Fcomments&post=128428"}],"wp:featuredmedia":[{"embeddable":true,"href":"https:\/\/www.hediyepazar.com\/index.php?rest_route=\/wp\/v2\/media\/128427"}],"wp:attachment":[{"href":"https:\/\/www.hediyepazar.com\/index.php?rest_route=%2Fwp%2Fv2%2Fmedia&parent=128428"}],"wp:term":[{"taxonomy":"product_brand","embeddable":true,"href":"https:\/\/www.hediyepazar.com\/index.php?rest_route=%2Fwp%2Fv2%2Fproduct_brand&post=128428"},{"taxonomy":"product_cat","embeddable":true,"href":"https:\/\/www.hediyepazar.com\/index.php?rest_route=%2Fwp%2Fv2%2Fproduct_cat&post=128428"},{"taxonomy":"product_tag","embeddable":true,"href":"https:\/\/www.hediyepazar.com\/index.php?rest_route=%2Fwp%2Fv2%2Fproduct_tag&post=128428"}],"curies":[{"name":"wp","href":"https:\/\/api.w.org\/{rel}","templated":true}]}}