{"id":128660,"date":"2026-05-07T02:29:17","date_gmt":"2026-05-07T05:29:17","guid":{"rendered":"https:\/\/www.hediyepazar.com\/?product=kopuk-puskurtucu-2-litre-dayanikli-manuel-basincli-yikama-sisesi"},"modified":"2026-05-07T02:29:17","modified_gmt":"2026-05-07T05:29:17","slug":"kopuk-puskurtucu-2-litre-dayanikli-manuel-basincli-yikama-sisesi","status":"publish","type":"product","link":"https:\/\/www.hediyepazar.com\/?product=kopuk-puskurtucu-2-litre-dayanikli-manuel-basincli-yikama-sisesi","title":{"rendered":"K\u00f6p\u00fck P\u00fcsk\u00fcrt\u00fcc\u00fc 2 Litre Dayan\u0131kl\u0131 Manuel Bas\u0131n\u00e7l\u0131 Y\u0131kama \u015ei\u015fesi"},"content":{"rendered":"<p>2 litrelik manuel bas\u0131n\u00e7l\u0131  oto y\u0131kamada y\u00fcksek performans isteyen kullan\u0131c\u0131lar i\u00e7in tasarlanm\u0131\u015ft\u0131r. Y\u00fcksek k\u00f6p\u00fck yo\u011funlu\u011fu olu\u015fturabilen yap\u0131s\u0131 sayesinde y\u00fczeydeki zorlu kirleri kolayca yumu\u015fatarak temizlik s\u00fcrecini h\u0131zland\u0131r\u0131r. Hortum, kompres\u00f6r veya elektrik kullan\u0131m\u0131n\u0131 gerektirmez; tamamen  g\u00fc\u00e7l\u00fc bir bas\u0131n\u00e7 \u00fcretir. Ayarlanabilir nozul sistemi sayesinde geni\u015f a\u00e7\u0131 sprey veya d\u00fcz \u00e7izgi p\u00fcsk\u00fcrtme aras\u0131nda se\u00e7im yapabilirsiniz. Sa\u011flam ve dayan\u0131kl\u0131 \u015fi\u015fe yap\u0131s\u0131 uzun s\u00fcreli kullan\u0131m i\u00e7in uygundur. Temizlik sol\u00fcsyonunun de\u011fi\u015ftirilmesini kolayla\u015ft\u0131ran s\u00f6k\u00fclebilir tasar\u0131m\u0131 sayesinde pratik bir kullan\u0131m sunar. Ara\u00e7, motosiklet, karavan, bisiklet, cam y\u00fczeyler ve bah\u00e7e mobilyalar\u0131 gibi pek \u00e7ok alanda kullan\u0131labilir. Oto y\u0131kama tutkunlar\u0131n\u0131n vazge\u00e7ilmez ekipman\u0131d\u0131r.<\/p>\n","protected":false},"excerpt":{"rendered":"<p>2 litrelik manuel bas\u0131n\u00e7l\u0131 oto y\u0131kamada y\u00fcksek performans isteyen kullan\u0131c\u0131lar i\u00e7in tasarlanm\u0131\u015ft\u0131r. Y\u00fcksek k\u00f6p\u00fck yo\u011funlu\u011fu olu\u015fturabilen yap\u0131s\u0131 sayesinde y\u00fczeydeki zorlu kirleri kolayca yumu\u015fatarak temizlik s\u00fcrecini h\u0131zland\u0131r\u0131r. Hortum, kompres\u00f6r veya elektrik kullan\u0131m\u0131n\u0131 gerektirmez; tamamen g\u00fc\u00e7l\u00fc bir bas\u0131n\u00e7 \u00fcretir. Ayarlanabilir nozul sistemi sayesinde geni\u015f a\u00e7\u0131 sprey veya d\u00fcz \u00e7izgi p\u00fcsk\u00fcrtme aras\u0131nda se\u00e7im yapabilirsiniz. Sa\u011flam ve dayan\u0131kl\u0131 \u015fi\u015fe&#8230;<\/p>\n","protected":false},"featured_media":128659,"comment_status":"open","ping_status":"closed","template":"","meta":{"_kad_post_transparent":"","_kad_post_title":"","_kad_post_layout":"","_kad_post_sidebar_id":"","_kad_post_content_style":"","_kad_post_vertical_padding":"","_kad_post_feature":"","_kad_post_feature_position":"","_kad_post_header":false,"_kad_post_footer":false,"_kad_post_classname":""},"product_brand":[],"product_cat":[15286],"product_tag":[],"class_list":{"0":"post-128660","1":"product","2":"type-product","3":"status-publish","4":"has-post-thumbnail","6":"product_cat-su-puskurtucu-su-puskurtucu","8":"first","9":"instock","10":"purchasable","11":"product-type-simple","12":"entry","13":"content-bg","14":"loop-entry"},"_links":{"self":[{"href":"https:\/\/www.hediyepazar.com\/index.php?rest_route=\/wp\/v2\/product\/128660","targetHints":{"allow":["GET"]}}],"collection":[{"href":"https:\/\/www.hediyepazar.com\/index.php?rest_route=\/wp\/v2\/product"}],"about":[{"href":"https:\/\/www.hediyepazar.com\/index.php?rest_route=\/wp\/v2\/types\/product"}],"replies":[{"embeddable":true,"href":"https:\/\/www.hediyepazar.com\/index.php?rest_route=%2Fwp%2Fv2%2Fcomments&post=128660"}],"wp:featuredmedia":[{"embeddable":true,"href":"https:\/\/www.hediyepazar.com\/index.php?rest_route=\/wp\/v2\/media\/128659"}],"wp:attachment":[{"href":"https:\/\/www.hediyepazar.com\/index.php?rest_route=%2Fwp%2Fv2%2Fmedia&parent=128660"}],"wp:term":[{"taxonomy":"product_brand","embeddable":true,"href":"https:\/\/www.hediyepazar.com\/index.php?rest_route=%2Fwp%2Fv2%2Fproduct_brand&post=128660"},{"taxonomy":"product_cat","embeddable":true,"href":"https:\/\/www.hediyepazar.com\/index.php?rest_route=%2Fwp%2Fv2%2Fproduct_cat&post=128660"},{"taxonomy":"product_tag","embeddable":true,"href":"https:\/\/www.hediyepazar.com\/index.php?rest_route=%2Fwp%2Fv2%2Fproduct_tag&post=128660"}],"curies":[{"name":"wp","href":"https:\/\/api.w.org\/{rel}","templated":true}]}}