{"id":128672,"date":"2026-05-07T02:31:33","date_gmt":"2026-05-07T05:31:33","guid":{"rendered":"https:\/\/www.hediyepazar.com\/?product=kucuk-duvar-hasar-onarim-rulosu-hazneli-hizli-kuruyan-boya-fircasi"},"modified":"2026-05-07T02:31:33","modified_gmt":"2026-05-07T05:31:33","slug":"kucuk-duvar-hasar-onarim-rulosu-hazneli-hizli-kuruyan-boya-fircasi","status":"publish","type":"product","link":"https:\/\/www.hediyepazar.com\/?product=kucuk-duvar-hasar-onarim-rulosu-hazneli-hizli-kuruyan-boya-fircasi","title":{"rendered":"K\u00fc\u00e7\u00fck Duvar Hasar Onar\u0131m Rulosu Hazneli H\u0131zl\u0131 Kuruyan Boya F\u0131r\u00e7as\u0131"},"content":{"rendered":"<p>K\u00fc\u00e7\u00fck duvar hasarlar\u0131n\u0131 zahmetsizce kapatmak i\u00e7in geli\u015ftirilen bu hazneli onar\u0131m rulosu, entegre tasar\u0131m\u0131 sayesinde pratik kullan\u0131m sunar. Boya haznesi ve d\u00f6ner silindir sistemi birlikte \u00e7al\u0131\u015farak y\u00fczeye dengeli kaplama sa\u011flar.\u00c7atlaklar, delikler ve y\u00fczey kusurlar\u0131 i\u00e7in h\u0131zl\u0131 \u00e7\u00f6z\u00fcm sunar. Uygulama sonras\u0131 iz b\u0131rakmadan do\u011fal g\u00f6r\u00fcn\u00fcm sa\u011flar.H\u0131zl\u0131 kuruma \u00f6zelli\u011fi sayesinde k\u0131sa s\u00fcrede sonu\u00e7 al\u0131n\u0131r. Evde profesyonel g\u00f6r\u00fcn\u00fcml\u00fc tamirat yapmak isteyenler i\u00e7in idealdir.<\/p>\n","protected":false},"excerpt":{"rendered":"<p>K\u00fc\u00e7\u00fck duvar hasarlar\u0131n\u0131 zahmetsizce kapatmak i\u00e7in geli\u015ftirilen bu hazneli onar\u0131m rulosu, entegre tasar\u0131m\u0131 sayesinde pratik kullan\u0131m sunar. Boya haznesi ve d\u00f6ner silindir sistemi birlikte \u00e7al\u0131\u015farak y\u00fczeye dengeli kaplama sa\u011flar.\u00c7atlaklar, delikler ve y\u00fczey kusurlar\u0131 i\u00e7in h\u0131zl\u0131 \u00e7\u00f6z\u00fcm sunar. Uygulama sonras\u0131 iz b\u0131rakmadan do\u011fal g\u00f6r\u00fcn\u00fcm sa\u011flar.H\u0131zl\u0131 kuruma \u00f6zelli\u011fi sayesinde k\u0131sa s\u00fcrede sonu\u00e7 al\u0131n\u0131r. Evde profesyonel g\u00f6r\u00fcn\u00fcml\u00fc tamirat&#8230;<\/p>\n","protected":false},"featured_media":128671,"comment_status":"open","ping_status":"closed","template":"","meta":{"_kad_post_transparent":"","_kad_post_title":"","_kad_post_layout":"","_kad_post_sidebar_id":"","_kad_post_content_style":"","_kad_post_vertical_padding":"","_kad_post_feature":"","_kad_post_feature_position":"","_kad_post_header":false,"_kad_post_footer":false,"_kad_post_classname":""},"product_brand":[],"product_cat":[15284],"product_tag":[],"class_list":{"0":"post-128672","1":"product","2":"type-product","3":"status-publish","4":"has-post-thumbnail","6":"product_cat-boya-fircasi-boya-fircasi","8":"first","9":"instock","10":"purchasable","11":"product-type-simple","12":"entry","13":"content-bg","14":"loop-entry"},"_links":{"self":[{"href":"https:\/\/www.hediyepazar.com\/index.php?rest_route=\/wp\/v2\/product\/128672","targetHints":{"allow":["GET"]}}],"collection":[{"href":"https:\/\/www.hediyepazar.com\/index.php?rest_route=\/wp\/v2\/product"}],"about":[{"href":"https:\/\/www.hediyepazar.com\/index.php?rest_route=\/wp\/v2\/types\/product"}],"replies":[{"embeddable":true,"href":"https:\/\/www.hediyepazar.com\/index.php?rest_route=%2Fwp%2Fv2%2Fcomments&post=128672"}],"wp:featuredmedia":[{"embeddable":true,"href":"https:\/\/www.hediyepazar.com\/index.php?rest_route=\/wp\/v2\/media\/128671"}],"wp:attachment":[{"href":"https:\/\/www.hediyepazar.com\/index.php?rest_route=%2Fwp%2Fv2%2Fmedia&parent=128672"}],"wp:term":[{"taxonomy":"product_brand","embeddable":true,"href":"https:\/\/www.hediyepazar.com\/index.php?rest_route=%2Fwp%2Fv2%2Fproduct_brand&post=128672"},{"taxonomy":"product_cat","embeddable":true,"href":"https:\/\/www.hediyepazar.com\/index.php?rest_route=%2Fwp%2Fv2%2Fproduct_cat&post=128672"},{"taxonomy":"product_tag","embeddable":true,"href":"https:\/\/www.hediyepazar.com\/index.php?rest_route=%2Fwp%2Fv2%2Fproduct_tag&post=128672"}],"curies":[{"name":"wp","href":"https:\/\/api.w.org\/{rel}","templated":true}]}}