{"id":128682,"date":"2026-05-07T02:32:06","date_gmt":"2026-05-07T05:32:06","guid":{"rendered":"https:\/\/www.hediyepazar.com\/?product=kompakt-5li-seyahat-banyo-sise-takimi-cantali"},"modified":"2026-05-07T02:32:06","modified_gmt":"2026-05-07T05:32:06","slug":"kompakt-5li-seyahat-banyo-sise-takimi-cantali","status":"publish","type":"product","link":"https:\/\/www.hediyepazar.com\/?product=kompakt-5li-seyahat-banyo-sise-takimi-cantali","title":{"rendered":"Kompakt 5\u2019li Seyahat Banyo \u015ei\u015fe Tak\u0131m\u0131 \u00c7antal\u0131"},"content":{"rendered":"<p>Kompakt 5\u2019li Seyahat Banyo \u015ei\u015fe Tak\u0131m\u0131, ki\u015fisel bak\u0131m \u00fcr\u00fcnlerini g\u00fcvenli \u015fekilde ta\u015f\u0131man\u0131z i\u00e7in tasarlanm\u0131\u015ft\u0131r. Hafif yap\u0131s\u0131 sayesinde g\u00fcnl\u00fck \u00e7antada dahi rahatl\u0131kla ta\u015f\u0131nabilir.Farkl\u0131 kap tipleri ile \u00e7ok y\u00f6nl\u00fc kullan\u0131m sunar. \u015eeffaf g\u00f6vde i\u00e7erik kontrol\u00fcn\u00fc kolayla\u015ft\u0131r\u0131r.S\u0131zd\u0131rmaz kapak yap\u0131s\u0131 sayesinde \u00e7anta i\u00e7inde g\u00fcvenli kullan\u0131m sa\u011flar.Ta\u015f\u0131ma \u00e7antas\u0131 ile hijyenik saklama imkan\u0131 sunar.<\/p>\n","protected":false},"excerpt":{"rendered":"<p>Kompakt 5\u2019li Seyahat Banyo \u015ei\u015fe Tak\u0131m\u0131, ki\u015fisel bak\u0131m \u00fcr\u00fcnlerini g\u00fcvenli \u015fekilde ta\u015f\u0131man\u0131z i\u00e7in tasarlanm\u0131\u015ft\u0131r. Hafif yap\u0131s\u0131 sayesinde g\u00fcnl\u00fck \u00e7antada dahi rahatl\u0131kla ta\u015f\u0131nabilir.Farkl\u0131 kap tipleri ile \u00e7ok y\u00f6nl\u00fc kullan\u0131m sunar. \u015eeffaf g\u00f6vde i\u00e7erik kontrol\u00fcn\u00fc kolayla\u015ft\u0131r\u0131r.S\u0131zd\u0131rmaz kapak yap\u0131s\u0131 sayesinde \u00e7anta i\u00e7inde g\u00fcvenli kullan\u0131m sa\u011flar.Ta\u015f\u0131ma \u00e7antas\u0131 ile hijyenik saklama imkan\u0131 sunar.<\/p>\n","protected":false},"featured_media":128681,"comment_status":"open","ping_status":"closed","template":"","meta":{"_kad_post_transparent":"","_kad_post_title":"","_kad_post_layout":"","_kad_post_sidebar_id":"","_kad_post_content_style":"","_kad_post_vertical_padding":"","_kad_post_feature":"","_kad_post_feature_position":"","_kad_post_header":false,"_kad_post_footer":false,"_kad_post_classname":""},"product_brand":[],"product_cat":[15290],"product_tag":[],"class_list":{"0":"post-128682","1":"product","2":"type-product","3":"status-publish","4":"has-post-thumbnail","6":"product_cat-seyahat-sisesi-seyahat-sisesi","8":"first","9":"instock","10":"purchasable","11":"product-type-simple","12":"entry","13":"content-bg","14":"loop-entry"},"_links":{"self":[{"href":"https:\/\/www.hediyepazar.com\/index.php?rest_route=\/wp\/v2\/product\/128682","targetHints":{"allow":["GET"]}}],"collection":[{"href":"https:\/\/www.hediyepazar.com\/index.php?rest_route=\/wp\/v2\/product"}],"about":[{"href":"https:\/\/www.hediyepazar.com\/index.php?rest_route=\/wp\/v2\/types\/product"}],"replies":[{"embeddable":true,"href":"https:\/\/www.hediyepazar.com\/index.php?rest_route=%2Fwp%2Fv2%2Fcomments&post=128682"}],"wp:featuredmedia":[{"embeddable":true,"href":"https:\/\/www.hediyepazar.com\/index.php?rest_route=\/wp\/v2\/media\/128681"}],"wp:attachment":[{"href":"https:\/\/www.hediyepazar.com\/index.php?rest_route=%2Fwp%2Fv2%2Fmedia&parent=128682"}],"wp:term":[{"taxonomy":"product_brand","embeddable":true,"href":"https:\/\/www.hediyepazar.com\/index.php?rest_route=%2Fwp%2Fv2%2Fproduct_brand&post=128682"},{"taxonomy":"product_cat","embeddable":true,"href":"https:\/\/www.hediyepazar.com\/index.php?rest_route=%2Fwp%2Fv2%2Fproduct_cat&post=128682"},{"taxonomy":"product_tag","embeddable":true,"href":"https:\/\/www.hediyepazar.com\/index.php?rest_route=%2Fwp%2Fv2%2Fproduct_tag&post=128682"}],"curies":[{"name":"wp","href":"https:\/\/api.w.org\/{rel}","templated":true}]}}