{"id":128702,"date":"2026-05-07T02:34:31","date_gmt":"2026-05-07T05:34:31","guid":{"rendered":"https:\/\/www.hediyepazar.com\/?product=kompakt-5li-seyahat-kozmetik-sise-seti-sizdirmaz"},"modified":"2026-05-07T02:34:31","modified_gmt":"2026-05-07T05:34:31","slug":"kompakt-5li-seyahat-kozmetik-sise-seti-sizdirmaz","status":"publish","type":"product","link":"https:\/\/www.hediyepazar.com\/?product=kompakt-5li-seyahat-kozmetik-sise-seti-sizdirmaz","title":{"rendered":"Kompakt 5\u2019li Seyahat Kozmetik \u015ei\u015fe Seti S\u0131zd\u0131rmaz"},"content":{"rendered":"<p>Kompakt 5\u2019li Seyahat Kozmetik \u015ei\u015fe Seti, minimal tasar\u0131m\u0131 ve fonksiyonel yap\u0131s\u0131yla ki\u015fisel bak\u0131m \u00fcr\u00fcnlerini g\u00fcvenle ta\u015f\u0131man\u0131z\u0131 sa\u011flar.30 ml boyut avantaj\u0131 ile el bagaj\u0131na uygundur. \u015eeffaf g\u00f6vde tasar\u0131m\u0131 dolum kontrol\u00fcn\u00fc kolayla\u015ft\u0131r\u0131r.S\u0131zd\u0131rmaz kapak mekanizmas\u0131 sayesinde \u00e7anta i\u00e7inde akma yapmaz. Ta\u015f\u0131ma \u00e7antas\u0131 ile d\u00fczenli kullan\u0131m sunar.<\/p>\n","protected":false},"excerpt":{"rendered":"<p>Kompakt 5\u2019li Seyahat Kozmetik \u015ei\u015fe Seti, minimal tasar\u0131m\u0131 ve fonksiyonel yap\u0131s\u0131yla ki\u015fisel bak\u0131m \u00fcr\u00fcnlerini g\u00fcvenle ta\u015f\u0131man\u0131z\u0131 sa\u011flar.30 ml boyut avantaj\u0131 ile el bagaj\u0131na uygundur. \u015eeffaf g\u00f6vde tasar\u0131m\u0131 dolum kontrol\u00fcn\u00fc kolayla\u015ft\u0131r\u0131r.S\u0131zd\u0131rmaz kapak mekanizmas\u0131 sayesinde \u00e7anta i\u00e7inde akma yapmaz. Ta\u015f\u0131ma \u00e7antas\u0131 ile d\u00fczenli kullan\u0131m sunar.<\/p>\n","protected":false},"featured_media":128701,"comment_status":"open","ping_status":"closed","template":"","meta":{"_kad_post_transparent":"","_kad_post_title":"","_kad_post_layout":"","_kad_post_sidebar_id":"","_kad_post_content_style":"","_kad_post_vertical_padding":"","_kad_post_feature":"","_kad_post_feature_position":"","_kad_post_header":false,"_kad_post_footer":false,"_kad_post_classname":""},"product_brand":[],"product_cat":[15290],"product_tag":[],"class_list":{"0":"post-128702","1":"product","2":"type-product","3":"status-publish","4":"has-post-thumbnail","6":"product_cat-seyahat-sisesi-seyahat-sisesi","8":"first","9":"instock","10":"purchasable","11":"product-type-simple","12":"entry","13":"content-bg","14":"loop-entry"},"_links":{"self":[{"href":"https:\/\/www.hediyepazar.com\/index.php?rest_route=\/wp\/v2\/product\/128702","targetHints":{"allow":["GET"]}}],"collection":[{"href":"https:\/\/www.hediyepazar.com\/index.php?rest_route=\/wp\/v2\/product"}],"about":[{"href":"https:\/\/www.hediyepazar.com\/index.php?rest_route=\/wp\/v2\/types\/product"}],"replies":[{"embeddable":true,"href":"https:\/\/www.hediyepazar.com\/index.php?rest_route=%2Fwp%2Fv2%2Fcomments&post=128702"}],"wp:featuredmedia":[{"embeddable":true,"href":"https:\/\/www.hediyepazar.com\/index.php?rest_route=\/wp\/v2\/media\/128701"}],"wp:attachment":[{"href":"https:\/\/www.hediyepazar.com\/index.php?rest_route=%2Fwp%2Fv2%2Fmedia&parent=128702"}],"wp:term":[{"taxonomy":"product_brand","embeddable":true,"href":"https:\/\/www.hediyepazar.com\/index.php?rest_route=%2Fwp%2Fv2%2Fproduct_brand&post=128702"},{"taxonomy":"product_cat","embeddable":true,"href":"https:\/\/www.hediyepazar.com\/index.php?rest_route=%2Fwp%2Fv2%2Fproduct_cat&post=128702"},{"taxonomy":"product_tag","embeddable":true,"href":"https:\/\/www.hediyepazar.com\/index.php?rest_route=%2Fwp%2Fv2%2Fproduct_tag&post=128702"}],"curies":[{"name":"wp","href":"https:\/\/api.w.org\/{rel}","templated":true}]}}