{"id":128714,"date":"2026-05-07T02:36:08","date_gmt":"2026-05-07T05:36:08","guid":{"rendered":"https:\/\/www.hediyepazar.com\/?product=30-ml-5li-seyahat-banyo-sise-seti-cantali"},"modified":"2026-05-07T02:36:08","modified_gmt":"2026-05-07T05:36:08","slug":"30-ml-5li-seyahat-banyo-sise-seti-cantali","status":"publish","type":"product","link":"https:\/\/www.hediyepazar.com\/?product=30-ml-5li-seyahat-banyo-sise-seti-cantali","title":{"rendered":"30 ml 5\u2019li Seyahat Banyo \u015ei\u015fe Seti \u00c7antal\u0131"},"content":{"rendered":"<p>30 ml kapasiteli 5\u2019li seyahat banyo \u015fi\u015fe seti, ki\u015fisel bak\u0131m \u00fcr\u00fcnlerinizi g\u00fcvenli \u015fekilde ta\u015f\u0131man\u0131z\u0131 sa\u011flar. Farkl\u0131 kap tipleri sayesinde \u015fampuan, du\u015f jeli, krem ve losyon gibi \u00fcr\u00fcnler i\u00e7in uygundur.\u015eeffaf tasar\u0131m\u0131 ile i\u00e7eri\u011fi rahat\u00e7a g\u00f6rmenize imkan tan\u0131r. Dayan\u0131kl\u0131 ve esnek plastik yap\u0131s\u0131 uzun \u00f6m\u00fcrl\u00fc kullan\u0131m sunar.S\u0131zd\u0131rmaz kapak sistemi, \u00e7anta i\u00e7inde d\u00f6k\u00fclmeyi \u00f6nler. Fermuarl\u0131 ta\u015f\u0131ma \u00e7antas\u0131 ile d\u00fczenli ve hijyenik saklama sa\u011flar.Kompakt boyutu sayesinde seyahatlerde b\u00fcy\u00fck kolayl\u0131k sunar.<\/p>\n","protected":false},"excerpt":{"rendered":"<p>30 ml kapasiteli 5\u2019li seyahat banyo \u015fi\u015fe seti, ki\u015fisel bak\u0131m \u00fcr\u00fcnlerinizi g\u00fcvenli \u015fekilde ta\u015f\u0131man\u0131z\u0131 sa\u011flar. Farkl\u0131 kap tipleri sayesinde \u015fampuan, du\u015f jeli, krem ve losyon gibi \u00fcr\u00fcnler i\u00e7in uygundur.\u015eeffaf tasar\u0131m\u0131 ile i\u00e7eri\u011fi rahat\u00e7a g\u00f6rmenize imkan tan\u0131r. Dayan\u0131kl\u0131 ve esnek plastik yap\u0131s\u0131 uzun \u00f6m\u00fcrl\u00fc kullan\u0131m sunar.S\u0131zd\u0131rmaz kapak sistemi, \u00e7anta i\u00e7inde d\u00f6k\u00fclmeyi \u00f6nler. Fermuarl\u0131 ta\u015f\u0131ma \u00e7antas\u0131 ile&#8230;<\/p>\n","protected":false},"featured_media":128713,"comment_status":"open","ping_status":"closed","template":"","meta":{"_kad_post_transparent":"","_kad_post_title":"","_kad_post_layout":"","_kad_post_sidebar_id":"","_kad_post_content_style":"","_kad_post_vertical_padding":"","_kad_post_feature":"","_kad_post_feature_position":"","_kad_post_header":false,"_kad_post_footer":false,"_kad_post_classname":""},"product_brand":[],"product_cat":[15290],"product_tag":[],"class_list":{"0":"post-128714","1":"product","2":"type-product","3":"status-publish","4":"has-post-thumbnail","6":"product_cat-seyahat-sisesi-seyahat-sisesi","8":"first","9":"instock","10":"purchasable","11":"product-type-simple","12":"entry","13":"content-bg","14":"loop-entry"},"_links":{"self":[{"href":"https:\/\/www.hediyepazar.com\/index.php?rest_route=\/wp\/v2\/product\/128714","targetHints":{"allow":["GET"]}}],"collection":[{"href":"https:\/\/www.hediyepazar.com\/index.php?rest_route=\/wp\/v2\/product"}],"about":[{"href":"https:\/\/www.hediyepazar.com\/index.php?rest_route=\/wp\/v2\/types\/product"}],"replies":[{"embeddable":true,"href":"https:\/\/www.hediyepazar.com\/index.php?rest_route=%2Fwp%2Fv2%2Fcomments&post=128714"}],"wp:featuredmedia":[{"embeddable":true,"href":"https:\/\/www.hediyepazar.com\/index.php?rest_route=\/wp\/v2\/media\/128713"}],"wp:attachment":[{"href":"https:\/\/www.hediyepazar.com\/index.php?rest_route=%2Fwp%2Fv2%2Fmedia&parent=128714"}],"wp:term":[{"taxonomy":"product_brand","embeddable":true,"href":"https:\/\/www.hediyepazar.com\/index.php?rest_route=%2Fwp%2Fv2%2Fproduct_brand&post=128714"},{"taxonomy":"product_cat","embeddable":true,"href":"https:\/\/www.hediyepazar.com\/index.php?rest_route=%2Fwp%2Fv2%2Fproduct_cat&post=128714"},{"taxonomy":"product_tag","embeddable":true,"href":"https:\/\/www.hediyepazar.com\/index.php?rest_route=%2Fwp%2Fv2%2Fproduct_tag&post=128714"}],"curies":[{"name":"wp","href":"https:\/\/api.w.org\/{rel}","templated":true}]}}