{"id":128738,"date":"2026-05-07T02:37:15","date_gmt":"2026-05-07T05:37:15","guid":{"rendered":"https:\/\/www.hediyepazar.com\/?product=yuvarlak-baslikli-kopek-pati-temizleyici-yumusak-silikon-fircali"},"modified":"2026-05-07T02:37:15","modified_gmt":"2026-05-07T05:37:15","slug":"yuvarlak-baslikli-kopek-pati-temizleyici-yumusak-silikon-fircali","status":"publish","type":"product","link":"https:\/\/www.hediyepazar.com\/?product=yuvarlak-baslikli-kopek-pati-temizleyici-yumusak-silikon-fircali","title":{"rendered":"Yuvarlak Ba\u015fl\u0131kl\u0131 K\u00f6pek Pati Temizleyici Yumu\u015fak Silikon F\u0131r\u00e7al\u0131"},"content":{"rendered":"<p>K\u00f6pek sahiplerinin en s\u0131k kar\u015f\u0131la\u015ft\u0131\u011f\u0131 problemlerden biri d\u0131\u015far\u0131dan gelen kirli patilerdir. Silikon f\u0131r\u00e7al\u0131 k\u00f6pek pati temizleme kab\u0131, bu soruna h\u0131zl\u0131 ve etkili bir \u00e7\u00f6z\u00fcm sunar. Orta ve b\u00fcy\u00fck \u0131rklar i\u00e7in ideal \u00f6l\u00e7\u00fcye sahip olan bu \u00fcr\u00fcn, y\u00fcr\u00fcy\u00fc\u015f veya do\u011fa gezileri sonras\u0131 patileri zahmetsizce temizlemenizi sa\u011flar.\u00dcr\u00fcnde bulunan y\u00fckseltilmi\u015f yuvarlak ba\u015fl\u0131kl\u0131 silikon f\u0131r\u00e7alar, d\u00fcz ba\u015fl\u0131 modellere g\u00f6re daha y\u00fcksek performans sunar. Yuvarlak yap\u0131 patinin do\u011fal formuna uyum sa\u011flar ve her noktaya e\u015fit temas ederek derinlemesine temizlik sa\u011flar. Ayn\u0131 zamanda yumu\u015fak silikon malzeme sayesinde hassas patilere zarar vermez.Kullan\u0131m talimat\u0131 olduk\u00e7a pratiktir. \u0130\u00e7erisine bir miktar su eklenir, pati yerle\u015ftirilir ve hafif d\u00f6nd\u00fcrme hareketi uygulan\u0131r. Silikon k\u0131llar kirleri nazik\u00e7e temizler. Son olarak pati \u00e7\u0131kar\u0131l\u0131r ve kurulan\u0131r.Bu sayede evinize \u00e7amur ta\u015f\u0131nmas\u0131n\u0131n \u00f6n\u00fcne ge\u00e7ilir. Hal\u0131lar, koltuklar ve zeminler korunur. \u00d6zellikle ya\u011f\u0131\u015fl\u0131 mevsimlerde b\u00fcy\u00fck kolayl\u0131k sa\u011flar.Ta\u015f\u0131nabilir ve hafif tasar\u0131m\u0131 sayesinde \u00e7antada rahatl\u0131kla ta\u015f\u0131nabilir. Ev, ara\u00e7 ve kamp alan\u0131nda kullan\u0131m i\u00e7in uygundur.<\/p>\n","protected":false},"excerpt":{"rendered":"<p>K\u00f6pek sahiplerinin en s\u0131k kar\u015f\u0131la\u015ft\u0131\u011f\u0131 problemlerden biri d\u0131\u015far\u0131dan gelen kirli patilerdir. Silikon f\u0131r\u00e7al\u0131 k\u00f6pek pati temizleme kab\u0131, bu soruna h\u0131zl\u0131 ve etkili bir \u00e7\u00f6z\u00fcm sunar. Orta ve b\u00fcy\u00fck \u0131rklar i\u00e7in ideal \u00f6l\u00e7\u00fcye sahip olan bu \u00fcr\u00fcn, y\u00fcr\u00fcy\u00fc\u015f veya do\u011fa gezileri sonras\u0131 patileri zahmetsizce temizlemenizi sa\u011flar.\u00dcr\u00fcnde bulunan y\u00fckseltilmi\u015f yuvarlak ba\u015fl\u0131kl\u0131 silikon f\u0131r\u00e7alar, d\u00fcz ba\u015fl\u0131 modellere g\u00f6re&#8230;<\/p>\n","protected":false},"featured_media":128737,"comment_status":"open","ping_status":"closed","template":"","meta":{"_kad_post_transparent":"","_kad_post_title":"","_kad_post_layout":"","_kad_post_sidebar_id":"","_kad_post_content_style":"","_kad_post_vertical_padding":"","_kad_post_feature":"","_kad_post_feature_position":"","_kad_post_header":false,"_kad_post_footer":false,"_kad_post_classname":""},"product_brand":[],"product_cat":[14338],"product_tag":[],"class_list":{"0":"post-128738","1":"product","2":"type-product","3":"status-publish","4":"has-post-thumbnail","6":"product_cat-evcil-hayvan-urunleri-pet-shop-supermarket-evcil-hayvan-urunleri","8":"first","9":"instock","10":"purchasable","11":"product-type-simple","12":"entry","13":"content-bg","14":"loop-entry"},"_links":{"self":[{"href":"https:\/\/www.hediyepazar.com\/index.php?rest_route=\/wp\/v2\/product\/128738","targetHints":{"allow":["GET"]}}],"collection":[{"href":"https:\/\/www.hediyepazar.com\/index.php?rest_route=\/wp\/v2\/product"}],"about":[{"href":"https:\/\/www.hediyepazar.com\/index.php?rest_route=\/wp\/v2\/types\/product"}],"replies":[{"embeddable":true,"href":"https:\/\/www.hediyepazar.com\/index.php?rest_route=%2Fwp%2Fv2%2Fcomments&post=128738"}],"wp:featuredmedia":[{"embeddable":true,"href":"https:\/\/www.hediyepazar.com\/index.php?rest_route=\/wp\/v2\/media\/128737"}],"wp:attachment":[{"href":"https:\/\/www.hediyepazar.com\/index.php?rest_route=%2Fwp%2Fv2%2Fmedia&parent=128738"}],"wp:term":[{"taxonomy":"product_brand","embeddable":true,"href":"https:\/\/www.hediyepazar.com\/index.php?rest_route=%2Fwp%2Fv2%2Fproduct_brand&post=128738"},{"taxonomy":"product_cat","embeddable":true,"href":"https:\/\/www.hediyepazar.com\/index.php?rest_route=%2Fwp%2Fv2%2Fproduct_cat&post=128738"},{"taxonomy":"product_tag","embeddable":true,"href":"https:\/\/www.hediyepazar.com\/index.php?rest_route=%2Fwp%2Fv2%2Fproduct_tag&post=128738"}],"curies":[{"name":"wp","href":"https:\/\/api.w.org\/{rel}","templated":true}]}}