{"id":128752,"date":"2026-05-07T02:38:59","date_gmt":"2026-05-07T05:38:59","guid":{"rendered":"https:\/\/www.hediyepazar.com\/?product=yandan-sikma-somun-islemleri-icin-21v-akulu-circir-anahtar"},"modified":"2026-05-07T02:38:59","modified_gmt":"2026-05-07T05:38:59","slug":"yandan-sikma-somun-islemleri-icin-21v-akulu-circir-anahtar","status":"publish","type":"product","link":"https:\/\/www.hediyepazar.com\/?product=yandan-sikma-somun-islemleri-icin-21v-akulu-circir-anahtar","title":{"rendered":"Yandan S\u0131kma Somun \u0130\u015flemleri \u0130\u00e7in 21V Ak\u00fcl\u00fc C\u0131rc\u0131r Anahtar"},"content":{"rendered":"<p>Yandan s\u0131kma somun kullan\u0131lan beyaz e\u015fya ve mobilya montajlar\u0131nda hassasiyet ve h\u0131z b\u00fcy\u00fck \u00f6nem ta\u015f\u0131r. Bu ak\u00fcl\u00fc c\u0131rc\u0131r anahtar, montaj ve demontaj i\u015flemlerini pratik hale getirir. \u0130nce g\u00f6vde yap\u0131s\u0131 sayesinde dar dolap i\u00e7lerinde ve kapal\u0131 alanlarda rahatl\u0131kla kullan\u0131labilir.21V ak\u00fc sistemi, kablosuz kullan\u0131m avantaj\u0131 sunar. \u00c7ift batarya deste\u011fi, uzun s\u00fcreli montajlarda kesinti ya\u015fanmamas\u0131n\u0131 sa\u011flar. H\u0131zl\u0131 \u015farj \u00f6zelli\u011fi, i\u015f ak\u0131\u015f\u0131n\u0131 h\u0131zland\u0131r\u0131r.40 Nm tork g\u00fcc\u00fc, yandan s\u0131kma somunlar\u0131n g\u00fcvenli \u015fekilde uygulanmas\u0131n\u0131 sa\u011flar. LED ayd\u0131nlatma, karanl\u0131k alanlarda netlik sunar. Ergonomik yap\u0131, uzun s\u00fcreli kullan\u0131mlarda konfor sa\u011flar.<\/p>\n","protected":false},"excerpt":{"rendered":"<p>Yandan s\u0131kma somun kullan\u0131lan beyaz e\u015fya ve mobilya montajlar\u0131nda hassasiyet ve h\u0131z b\u00fcy\u00fck \u00f6nem ta\u015f\u0131r. Bu ak\u00fcl\u00fc c\u0131rc\u0131r anahtar, montaj ve demontaj i\u015flemlerini pratik hale getirir. \u0130nce g\u00f6vde yap\u0131s\u0131 sayesinde dar dolap i\u00e7lerinde ve kapal\u0131 alanlarda rahatl\u0131kla kullan\u0131labilir.21V ak\u00fc sistemi, kablosuz kullan\u0131m avantaj\u0131 sunar. \u00c7ift batarya deste\u011fi, uzun s\u00fcreli montajlarda kesinti ya\u015fanmamas\u0131n\u0131 sa\u011flar. H\u0131zl\u0131 \u015farj&#8230;<\/p>\n","protected":false},"featured_media":128751,"comment_status":"open","ping_status":"closed","template":"","meta":{"_kad_post_transparent":"","_kad_post_title":"","_kad_post_layout":"","_kad_post_sidebar_id":"","_kad_post_content_style":"","_kad_post_vertical_padding":"","_kad_post_feature":"","_kad_post_feature_position":"","_kad_post_header":false,"_kad_post_footer":false,"_kad_post_classname":""},"product_brand":[],"product_cat":[15274],"product_tag":[],"class_list":{"0":"post-128752","1":"product","2":"type-product","3":"status-publish","4":"has-post-thumbnail","6":"product_cat-kapi-hirdavati-hirdavat-banyo-yapi-hirdavat-kapi-hirdavati","8":"first","9":"instock","10":"purchasable","11":"product-type-simple","12":"entry","13":"content-bg","14":"loop-entry"},"_links":{"self":[{"href":"https:\/\/www.hediyepazar.com\/index.php?rest_route=\/wp\/v2\/product\/128752","targetHints":{"allow":["GET"]}}],"collection":[{"href":"https:\/\/www.hediyepazar.com\/index.php?rest_route=\/wp\/v2\/product"}],"about":[{"href":"https:\/\/www.hediyepazar.com\/index.php?rest_route=\/wp\/v2\/types\/product"}],"replies":[{"embeddable":true,"href":"https:\/\/www.hediyepazar.com\/index.php?rest_route=%2Fwp%2Fv2%2Fcomments&post=128752"}],"wp:featuredmedia":[{"embeddable":true,"href":"https:\/\/www.hediyepazar.com\/index.php?rest_route=\/wp\/v2\/media\/128751"}],"wp:attachment":[{"href":"https:\/\/www.hediyepazar.com\/index.php?rest_route=%2Fwp%2Fv2%2Fmedia&parent=128752"}],"wp:term":[{"taxonomy":"product_brand","embeddable":true,"href":"https:\/\/www.hediyepazar.com\/index.php?rest_route=%2Fwp%2Fv2%2Fproduct_brand&post=128752"},{"taxonomy":"product_cat","embeddable":true,"href":"https:\/\/www.hediyepazar.com\/index.php?rest_route=%2Fwp%2Fv2%2Fproduct_cat&post=128752"},{"taxonomy":"product_tag","embeddable":true,"href":"https:\/\/www.hediyepazar.com\/index.php?rest_route=%2Fwp%2Fv2%2Fproduct_tag&post=128752"}],"curies":[{"name":"wp","href":"https:\/\/api.w.org\/{rel}","templated":true}]}}