{"id":128840,"date":"2026-05-07T02:53:02","date_gmt":"2026-05-07T05:53:02","guid":{"rendered":"https:\/\/www.hediyepazar.com\/?product=ergonomik-sapli-katlanabilir-budama-testeresi"},"modified":"2026-05-07T02:53:02","modified_gmt":"2026-05-07T05:53:02","slug":"ergonomik-sapli-katlanabilir-budama-testeresi","status":"publish","type":"product","link":"https:\/\/www.hediyepazar.com\/?product=ergonomik-sapli-katlanabilir-budama-testeresi","title":{"rendered":"Ergonomik Sapl\u0131 Katlanabilir Budama Testeresi"},"content":{"rendered":"<p>Katlanabilir budama testeresi, hem pratik hem de g\u00fcvenli kullan\u0131m sunan bir el aletidir. Ergonomik tasar\u0131ml\u0131 sap\u0131, ele rahat\u00e7a oturarak kesim s\u0131ras\u0131nda maksimum kontrol sa\u011flar. Kaymaz y\u00fczeyi sayesinde daha g\u00fcvenli bir \u00e7al\u0131\u015fma deneyimi sunar.Keskin b\u0131\u00e7ak yap\u0131s\u0131, dallar ve benzeri materyaller \u00fczerinde etkili ve d\u00fczg\u00fcn kesimler yap\u0131lmas\u0131na yard\u0131mc\u0131 olur. Bah\u00e7e d\u00fczenlemeleri s\u0131ras\u0131nda budama i\u015flemlerini kolayla\u015ft\u0131r\u0131r. Daha az g\u00fc\u00e7 harcayarak etkili sonu\u00e7lar elde edilmesini sa\u011flar.Katlanabilir \u00f6zelli\u011fi sayesinde kullan\u0131lmad\u0131\u011f\u0131 zamanlarda g\u00fcvenle saklanabilir. Ta\u015f\u0131ma s\u0131ras\u0131nda b\u0131\u00e7a\u011f\u0131n kapal\u0131 olmas\u0131, hem kullan\u0131c\u0131 g\u00fcvenli\u011fini art\u0131r\u0131r hem de \u00e7evredeki e\u015fyalar\u0131n zarar g\u00f6rmesini \u00f6nler.Bah\u00e7e i\u015fleri, kamp faaliyetleri ve g\u00fcnl\u00fck kullan\u0131m i\u00e7in uygun olan bu \u00fcr\u00fcn, kompakt yap\u0131s\u0131 ile dikkat \u00e7eker. Dayan\u0131kl\u0131 malzemesi sayesinde uzun s\u00fcreli kullan\u0131m sunar. Hem ev kullan\u0131c\u0131lar\u0131 hem de profesyoneller i\u00e7in g\u00fcvenilir bir yard\u0131mc\u0131d\u0131r.<\/p>\n","protected":false},"excerpt":{"rendered":"<p>Katlanabilir budama testeresi, hem pratik hem de g\u00fcvenli kullan\u0131m sunan bir el aletidir. Ergonomik tasar\u0131ml\u0131 sap\u0131, ele rahat\u00e7a oturarak kesim s\u0131ras\u0131nda maksimum kontrol sa\u011flar. Kaymaz y\u00fczeyi sayesinde daha g\u00fcvenli bir \u00e7al\u0131\u015fma deneyimi sunar.Keskin b\u0131\u00e7ak yap\u0131s\u0131, dallar ve benzeri materyaller \u00fczerinde etkili ve d\u00fczg\u00fcn kesimler yap\u0131lmas\u0131na yard\u0131mc\u0131 olur. Bah\u00e7e d\u00fczenlemeleri s\u0131ras\u0131nda budama i\u015flemlerini kolayla\u015ft\u0131r\u0131r. Daha az&#8230;<\/p>\n","protected":false},"featured_media":128839,"comment_status":"open","ping_status":"closed","template":"","meta":{"_kad_post_transparent":"","_kad_post_title":"","_kad_post_layout":"","_kad_post_sidebar_id":"","_kad_post_content_style":"","_kad_post_vertical_padding":"","_kad_post_feature":"","_kad_post_feature_position":"","_kad_post_header":false,"_kad_post_footer":false,"_kad_post_classname":""},"product_brand":[],"product_cat":[15274],"product_tag":[],"class_list":{"0":"post-128840","1":"product","2":"type-product","3":"status-publish","4":"has-post-thumbnail","6":"product_cat-kapi-hirdavati-hirdavat-banyo-yapi-hirdavat-kapi-hirdavati","8":"first","9":"instock","10":"purchasable","11":"product-type-simple","12":"entry","13":"content-bg","14":"loop-entry"},"_links":{"self":[{"href":"https:\/\/www.hediyepazar.com\/index.php?rest_route=\/wp\/v2\/product\/128840","targetHints":{"allow":["GET"]}}],"collection":[{"href":"https:\/\/www.hediyepazar.com\/index.php?rest_route=\/wp\/v2\/product"}],"about":[{"href":"https:\/\/www.hediyepazar.com\/index.php?rest_route=\/wp\/v2\/types\/product"}],"replies":[{"embeddable":true,"href":"https:\/\/www.hediyepazar.com\/index.php?rest_route=%2Fwp%2Fv2%2Fcomments&post=128840"}],"wp:featuredmedia":[{"embeddable":true,"href":"https:\/\/www.hediyepazar.com\/index.php?rest_route=\/wp\/v2\/media\/128839"}],"wp:attachment":[{"href":"https:\/\/www.hediyepazar.com\/index.php?rest_route=%2Fwp%2Fv2%2Fmedia&parent=128840"}],"wp:term":[{"taxonomy":"product_brand","embeddable":true,"href":"https:\/\/www.hediyepazar.com\/index.php?rest_route=%2Fwp%2Fv2%2Fproduct_brand&post=128840"},{"taxonomy":"product_cat","embeddable":true,"href":"https:\/\/www.hediyepazar.com\/index.php?rest_route=%2Fwp%2Fv2%2Fproduct_cat&post=128840"},{"taxonomy":"product_tag","embeddable":true,"href":"https:\/\/www.hediyepazar.com\/index.php?rest_route=%2Fwp%2Fv2%2Fproduct_tag&post=128840"}],"curies":[{"name":"wp","href":"https:\/\/api.w.org\/{rel}","templated":true}]}}