{"id":128844,"date":"2026-05-07T02:53:16","date_gmt":"2026-05-07T05:53:16","guid":{"rendered":"https:\/\/www.hediyepazar.com\/?product=katlanabilir-budama-testeresi-ergonomik-tutuslu-keskin-bicak"},"modified":"2026-05-07T02:53:16","modified_gmt":"2026-05-07T05:53:16","slug":"katlanabilir-budama-testeresi-ergonomik-tutuslu-keskin-bicak","status":"publish","type":"product","link":"https:\/\/www.hediyepazar.com\/?product=katlanabilir-budama-testeresi-ergonomik-tutuslu-keskin-bicak","title":{"rendered":"Katlanabilir Budama Testeresi Ergonomik Tutu\u015flu Keskin B\u0131\u00e7ak"},"content":{"rendered":"<p>Katlanabilir budama testeresi, bah\u00e7e i\u015flerinden g\u00fcnl\u00fck d\u0131\u015f mekan kesim ihtiya\u00e7lar\u0131na kadar geni\u015f bir kullan\u0131m alan\u0131 sunmak \u00fczere tasarlanm\u0131\u015ft\u0131r. Ergonomik sap yap\u0131s\u0131 sayesinde ele rahat oturur ve uzun s\u00fcreli kullan\u0131mlarda bile konfor sa\u011flar. Kaymay\u0131 azaltan tutu\u015f y\u00fczeyi, kesim s\u0131ras\u0131nda daha kontroll\u00fc ve g\u00fcvenli bir kullan\u0131m deneyimi sunar.Keskin ve dayan\u0131kl\u0131 b\u0131\u00e7ak yap\u0131s\u0131, dallar, odun par\u00e7alar\u0131 ve benzeri materyaller \u00fczerinde etkili kesim performans\u0131 sa\u011flar. Budama i\u015flemlerinde d\u00fczg\u00fcn ve temiz kesimler yap\u0131lmas\u0131na yard\u0131mc\u0131 olur. Bu sayede hem i\u015f kalitesi artar hem de daha az efor harcan\u0131r.Katlanabilir tasar\u0131m\u0131 sayesinde kullan\u0131lmad\u0131\u011f\u0131 zamanlarda b\u0131\u00e7ak g\u00fcvenli bir \u015fekilde kapat\u0131labilir. Bu \u00f6zellik, hem ta\u015f\u0131ma s\u0131ras\u0131nda g\u00fcvenli\u011fi art\u0131r\u0131r hem de saklama alan\u0131ndan tasarruf sa\u011flar. \u00c7anta, ara\u00e7 bagaj\u0131 veya bah\u00e7e dolab\u0131nda rahatl\u0131kla muhafaza edilebilir.Bah\u00e7e d\u00fczenlemeleri, kamp aktiviteleri, hobi \u00e7al\u0131\u015fmalar\u0131 ve ev \u00e7evresinde yap\u0131lan k\u00fc\u00e7\u00fck kesim i\u015fleri i\u00e7in ideal bir yard\u0131mc\u0131d\u0131r. Pratik kullan\u0131m\u0131 sayesinde profesyonel kullan\u0131c\u0131lar\u0131n yan\u0131 s\u0131ra g\u00fcnl\u00fck kullan\u0131m i\u00e7in de uygundur. Dayan\u0131kl\u0131 yap\u0131s\u0131 ve fonksiyonel tasar\u0131m\u0131 ile uzun s\u00fcre g\u00fcvenle kullan\u0131labilir.<\/p>\n","protected":false},"excerpt":{"rendered":"<p>Katlanabilir budama testeresi, bah\u00e7e i\u015flerinden g\u00fcnl\u00fck d\u0131\u015f mekan kesim ihtiya\u00e7lar\u0131na kadar geni\u015f bir kullan\u0131m alan\u0131 sunmak \u00fczere tasarlanm\u0131\u015ft\u0131r. Ergonomik sap yap\u0131s\u0131 sayesinde ele rahat oturur ve uzun s\u00fcreli kullan\u0131mlarda bile konfor sa\u011flar. Kaymay\u0131 azaltan tutu\u015f y\u00fczeyi, kesim s\u0131ras\u0131nda daha kontroll\u00fc ve g\u00fcvenli bir kullan\u0131m deneyimi sunar.Keskin ve dayan\u0131kl\u0131 b\u0131\u00e7ak yap\u0131s\u0131, dallar, odun par\u00e7alar\u0131 ve benzeri&#8230;<\/p>\n","protected":false},"featured_media":128843,"comment_status":"open","ping_status":"closed","template":"","meta":{"_kad_post_transparent":"","_kad_post_title":"","_kad_post_layout":"","_kad_post_sidebar_id":"","_kad_post_content_style":"","_kad_post_vertical_padding":"","_kad_post_feature":"","_kad_post_feature_position":"","_kad_post_header":false,"_kad_post_footer":false,"_kad_post_classname":""},"product_brand":[],"product_cat":[15274],"product_tag":[],"class_list":{"0":"post-128844","1":"product","2":"type-product","3":"status-publish","4":"has-post-thumbnail","6":"product_cat-kapi-hirdavati-hirdavat-banyo-yapi-hirdavat-kapi-hirdavati","8":"first","9":"instock","10":"purchasable","11":"product-type-simple","12":"entry","13":"content-bg","14":"loop-entry"},"_links":{"self":[{"href":"https:\/\/www.hediyepazar.com\/index.php?rest_route=\/wp\/v2\/product\/128844","targetHints":{"allow":["GET"]}}],"collection":[{"href":"https:\/\/www.hediyepazar.com\/index.php?rest_route=\/wp\/v2\/product"}],"about":[{"href":"https:\/\/www.hediyepazar.com\/index.php?rest_route=\/wp\/v2\/types\/product"}],"replies":[{"embeddable":true,"href":"https:\/\/www.hediyepazar.com\/index.php?rest_route=%2Fwp%2Fv2%2Fcomments&post=128844"}],"wp:featuredmedia":[{"embeddable":true,"href":"https:\/\/www.hediyepazar.com\/index.php?rest_route=\/wp\/v2\/media\/128843"}],"wp:attachment":[{"href":"https:\/\/www.hediyepazar.com\/index.php?rest_route=%2Fwp%2Fv2%2Fmedia&parent=128844"}],"wp:term":[{"taxonomy":"product_brand","embeddable":true,"href":"https:\/\/www.hediyepazar.com\/index.php?rest_route=%2Fwp%2Fv2%2Fproduct_brand&post=128844"},{"taxonomy":"product_cat","embeddable":true,"href":"https:\/\/www.hediyepazar.com\/index.php?rest_route=%2Fwp%2Fv2%2Fproduct_cat&post=128844"},{"taxonomy":"product_tag","embeddable":true,"href":"https:\/\/www.hediyepazar.com\/index.php?rest_route=%2Fwp%2Fv2%2Fproduct_tag&post=128844"}],"curies":[{"name":"wp","href":"https:\/\/api.w.org\/{rel}","templated":true}]}}