{"id":128856,"date":"2026-05-07T02:55:57","date_gmt":"2026-05-07T05:55:57","guid":{"rendered":"https:\/\/www.hediyepazar.com\/?product=ev-ve-ofis-kullanimi-icin-akim-korumali-usb-girisli-priz"},"modified":"2026-05-07T02:55:57","modified_gmt":"2026-05-07T05:55:57","slug":"ev-ve-ofis-kullanimi-icin-akim-korumali-usb-girisli-priz","status":"publish","type":"product","link":"https:\/\/www.hediyepazar.com\/?product=ev-ve-ofis-kullanimi-icin-akim-korumali-usb-girisli-priz","title":{"rendered":"Ev ve Ofis Kullan\u0131m\u0131 \u0130\u00e7in Ak\u0131m Korumal\u0131 USB Giri\u015fli Priz"},"content":{"rendered":"<p>Ak\u0131m korumal\u0131 k\u00fcp priz, g\u00fcvenli enerji da\u011f\u0131l\u0131m\u0131 ve pratik kullan\u0131m \u00f6zellikleriyle \u00f6ne \u00e7\u0131kan bir \u00fcr\u00fcnd\u00fcr. Dayan\u0131kl\u0131 ABS malzemeden \u00fcretilmi\u015f yap\u0131s\u0131 sayesinde uzun s\u00fcreli kullan\u0131m sunar ve g\u00fcnl\u00fck kullan\u0131ma uygundur. 220 volt \u00e7al\u0131\u015fma voltaj\u0131 ile ev ve ofis ortamlar\u0131nda sorunsuz \u015fekilde kullan\u0131labilir.3 priz giri\u015fi sayesinde farkl\u0131 elektronik cihazlar\u0131 ayn\u0131 anda \u00e7al\u0131\u015ft\u0131rabilir, 3 USB-A giri\u015fi ile mobil cihazlar\u0131n\u0131z\u0131 g\u00fcvenle \u015farj edebilirsiniz. Telefon, tablet ve di\u011fer USB destekli cihazlar i\u00e7in pratik bir \u00e7\u00f6z\u00fcm sunar.Ak\u0131m ve voltaj koruma sistemi, elektronik cihazlar\u0131n\u0131z\u0131 elektrik dalgalanmalar\u0131na kar\u015f\u0131 korur. K\u0131sa devre riskine kar\u015f\u0131 ekstra g\u00fcvenlik sa\u011flar. Bu sayede cihazlar\u0131n\u0131z\u0131n zarar g\u00f6rmesini \u00f6nler ve g\u00fcvenli kullan\u0131m sunar.Kompakt tasar\u0131m\u0131 sayesinde yer kaplamaz ve estetik bir g\u00f6r\u00fcn\u00fcm sunar. Evde, ofiste veya \u00e7al\u0131\u015fma alanlar\u0131nda d\u00fczenli bir enerji y\u00f6netimi sa\u011flar. Kolay kurulumu ile kullan\u0131c\u0131 dostu bir deneyim sunar. G\u00fcvenli ve verimli enerji kullan\u0131m\u0131 arayanlar i\u00e7in ideal bir \u00fcr\u00fcnd\u00fcr.<\/p>\n","protected":false},"excerpt":{"rendered":"<p>Ak\u0131m korumal\u0131 k\u00fcp priz, g\u00fcvenli enerji da\u011f\u0131l\u0131m\u0131 ve pratik kullan\u0131m \u00f6zellikleriyle \u00f6ne \u00e7\u0131kan bir \u00fcr\u00fcnd\u00fcr. Dayan\u0131kl\u0131 ABS malzemeden \u00fcretilmi\u015f yap\u0131s\u0131 sayesinde uzun s\u00fcreli kullan\u0131m sunar ve g\u00fcnl\u00fck kullan\u0131ma uygundur. 220 volt \u00e7al\u0131\u015fma voltaj\u0131 ile ev ve ofis ortamlar\u0131nda sorunsuz \u015fekilde kullan\u0131labilir.3 priz giri\u015fi sayesinde farkl\u0131 elektronik cihazlar\u0131 ayn\u0131 anda \u00e7al\u0131\u015ft\u0131rabilir, 3 USB-A giri\u015fi ile mobil&#8230;<\/p>\n","protected":false},"featured_media":128855,"comment_status":"open","ping_status":"closed","template":"","meta":{"_kad_post_transparent":"","_kad_post_title":"","_kad_post_layout":"","_kad_post_sidebar_id":"","_kad_post_content_style":"","_kad_post_vertical_padding":"","_kad_post_feature":"","_kad_post_feature_position":"","_kad_post_header":false,"_kad_post_footer":false,"_kad_post_classname":""},"product_brand":[],"product_cat":[15319],"product_tag":[],"class_list":{"0":"post-128856","1":"product","2":"type-product","3":"status-publish","4":"has-post-thumbnail","6":"product_cat-grup-priz-uzatma-kablosu-elektrik-tesisat-malzemesi-banyo-yapi-hirdavat-grup-priz-uzatma-kablosu","8":"first","9":"instock","10":"purchasable","11":"product-type-simple","12":"entry","13":"content-bg","14":"loop-entry"},"_links":{"self":[{"href":"https:\/\/www.hediyepazar.com\/index.php?rest_route=\/wp\/v2\/product\/128856","targetHints":{"allow":["GET"]}}],"collection":[{"href":"https:\/\/www.hediyepazar.com\/index.php?rest_route=\/wp\/v2\/product"}],"about":[{"href":"https:\/\/www.hediyepazar.com\/index.php?rest_route=\/wp\/v2\/types\/product"}],"replies":[{"embeddable":true,"href":"https:\/\/www.hediyepazar.com\/index.php?rest_route=%2Fwp%2Fv2%2Fcomments&post=128856"}],"wp:featuredmedia":[{"embeddable":true,"href":"https:\/\/www.hediyepazar.com\/index.php?rest_route=\/wp\/v2\/media\/128855"}],"wp:attachment":[{"href":"https:\/\/www.hediyepazar.com\/index.php?rest_route=%2Fwp%2Fv2%2Fmedia&parent=128856"}],"wp:term":[{"taxonomy":"product_brand","embeddable":true,"href":"https:\/\/www.hediyepazar.com\/index.php?rest_route=%2Fwp%2Fv2%2Fproduct_brand&post=128856"},{"taxonomy":"product_cat","embeddable":true,"href":"https:\/\/www.hediyepazar.com\/index.php?rest_route=%2Fwp%2Fv2%2Fproduct_cat&post=128856"},{"taxonomy":"product_tag","embeddable":true,"href":"https:\/\/www.hediyepazar.com\/index.php?rest_route=%2Fwp%2Fv2%2Fproduct_tag&post=128856"}],"curies":[{"name":"wp","href":"https:\/\/api.w.org\/{rel}","templated":true}]}}