{"id":128936,"date":"2026-05-07T03:07:15","date_gmt":"2026-05-07T06:07:15","guid":{"rendered":"https:\/\/www.hediyepazar.com\/?product=mini-cocuk-para-kasasi-gizli-saklama-ve-birikim-kutusu"},"modified":"2026-05-07T03:07:15","modified_gmt":"2026-05-07T06:07:15","slug":"mini-cocuk-para-kasasi-gizli-saklama-ve-birikim-kutusu","status":"publish","type":"product","link":"https:\/\/www.hediyepazar.com\/?product=mini-cocuk-para-kasasi-gizli-saklama-ve-birikim-kutusu","title":{"rendered":"Mini \u00c7ocuk Para Kasas\u0131 Gizli Saklama ve Birikim Kutusu"},"content":{"rendered":"<p>Bu mini \u00e7ocuk para kasas\u0131, \u00e7ocuklar\u0131n kendi e\u015fyalar\u0131na sahip \u00e7\u0131kmay\u0131 \u00f6\u011frenmesini destekleyen fonksiyonel bir \u00fcr\u00fcnd\u00fcr. Birikim yapmay\u0131 e\u011flenceli hale getirirken, gizlilik duygusunu da geli\u015ftirir. Para, not, k\u00fc\u00e7\u00fck oyuncaklar ve \u00f6zel e\u015fyalar i\u00e7in g\u00fcvenli bir saklama alan\u0131 sunar.Dayan\u0131kl\u0131 ABS plastik g\u00f6vdesi, hafif yap\u0131s\u0131yla \u00e7ocuklar\u0131n rahat\u00e7a kullanmas\u0131na olanak tan\u0131r. Anahtarl\u0131 kilit mekanizmas\u0131 sayesinde \u00e7ocuklar kasay\u0131 kendi ba\u015flar\u0131na a\u00e7\u0131p kapatabilir, bu da \u00f6zg\u00fcven geli\u015fimine katk\u0131 sa\u011flar.\u00c7ocuk odas\u0131 dekorasyonuna uyum sa\u011flayan tasar\u0131m\u0131 sayesinde masa \u00fcst\u00fc veya raflarda \u015f\u0131k bir g\u00f6r\u00fcn\u00fcm sunar. Tasarruf bilinci kazand\u0131ran e\u011fitici bir \u00fcr\u00fcn olmas\u0131yla ebeveynlerin de tercih sebebidir. Y\u0131lba\u015f\u0131, \u00c7ocuk Bayram\u0131 ve do\u011fum g\u00fcnleri i\u00e7in anlaml\u0131 bir hediyedir.<\/p>\n","protected":false},"excerpt":{"rendered":"<p>Bu mini \u00e7ocuk para kasas\u0131, \u00e7ocuklar\u0131n kendi e\u015fyalar\u0131na sahip \u00e7\u0131kmay\u0131 \u00f6\u011frenmesini destekleyen fonksiyonel bir \u00fcr\u00fcnd\u00fcr. Birikim yapmay\u0131 e\u011flenceli hale getirirken, gizlilik duygusunu da geli\u015ftirir. Para, not, k\u00fc\u00e7\u00fck oyuncaklar ve \u00f6zel e\u015fyalar i\u00e7in g\u00fcvenli bir saklama alan\u0131 sunar.Dayan\u0131kl\u0131 ABS plastik g\u00f6vdesi, hafif yap\u0131s\u0131yla \u00e7ocuklar\u0131n rahat\u00e7a kullanmas\u0131na olanak tan\u0131r. Anahtarl\u0131 kilit mekanizmas\u0131 sayesinde \u00e7ocuklar kasay\u0131 kendi ba\u015flar\u0131na&#8230;<\/p>\n","protected":false},"featured_media":128935,"comment_status":"open","ping_status":"closed","template":"","meta":{"_kad_post_transparent":"","_kad_post_title":"","_kad_post_layout":"","_kad_post_sidebar_id":"","_kad_post_content_style":"","_kad_post_vertical_padding":"","_kad_post_feature":"","_kad_post_feature_position":"","_kad_post_header":false,"_kad_post_footer":false,"_kad_post_classname":""},"product_brand":[],"product_cat":[15329],"product_tag":[],"class_list":{"0":"post-128936","1":"product","2":"type-product","3":"status-publish","4":"has-post-thumbnail","6":"product_cat-kumbara-hediyelik-urunler-hobi-eglence-kumbara","8":"first","9":"instock","10":"purchasable","11":"product-type-simple","12":"entry","13":"content-bg","14":"loop-entry"},"_links":{"self":[{"href":"https:\/\/www.hediyepazar.com\/index.php?rest_route=\/wp\/v2\/product\/128936","targetHints":{"allow":["GET"]}}],"collection":[{"href":"https:\/\/www.hediyepazar.com\/index.php?rest_route=\/wp\/v2\/product"}],"about":[{"href":"https:\/\/www.hediyepazar.com\/index.php?rest_route=\/wp\/v2\/types\/product"}],"replies":[{"embeddable":true,"href":"https:\/\/www.hediyepazar.com\/index.php?rest_route=%2Fwp%2Fv2%2Fcomments&post=128936"}],"wp:featuredmedia":[{"embeddable":true,"href":"https:\/\/www.hediyepazar.com\/index.php?rest_route=\/wp\/v2\/media\/128935"}],"wp:attachment":[{"href":"https:\/\/www.hediyepazar.com\/index.php?rest_route=%2Fwp%2Fv2%2Fmedia&parent=128936"}],"wp:term":[{"taxonomy":"product_brand","embeddable":true,"href":"https:\/\/www.hediyepazar.com\/index.php?rest_route=%2Fwp%2Fv2%2Fproduct_brand&post=128936"},{"taxonomy":"product_cat","embeddable":true,"href":"https:\/\/www.hediyepazar.com\/index.php?rest_route=%2Fwp%2Fv2%2Fproduct_cat&post=128936"},{"taxonomy":"product_tag","embeddable":true,"href":"https:\/\/www.hediyepazar.com\/index.php?rest_route=%2Fwp%2Fv2%2Fproduct_tag&post=128936"}],"curies":[{"name":"wp","href":"https:\/\/api.w.org\/{rel}","templated":true}]}}