{"id":128950,"date":"2026-05-07T03:09:08","date_gmt":"2026-05-07T06:09:08","guid":{"rendered":"https:\/\/www.hediyepazar.com\/?product=dayanikli-plastik-govdeli-600-mm-su-terazisi"},"modified":"2026-05-07T03:09:08","modified_gmt":"2026-05-07T06:09:08","slug":"dayanikli-plastik-govdeli-600-mm-su-terazisi","status":"publish","type":"product","link":"https:\/\/www.hediyepazar.com\/?product=dayanikli-plastik-govdeli-600-mm-su-terazisi","title":{"rendered":"Dayan\u0131kl\u0131 Plastik G\u00f6vdeli 600 mm Su Terazisi"},"content":{"rendered":"<p>600 mm su terazisi, \u00f6l\u00e7\u00fcm do\u011frulu\u011funu ve kullan\u0131m kolayl\u0131\u011f\u0131n\u0131 bir arada sunar. Sar\u0131 renkli g\u00f6vdesi, net g\u00f6r\u00fcn\u00fcrl\u00fck sa\u011flar ve \u00f6l\u00e7\u00fcm s\u0131ras\u0131nda hatalar\u0131n kolayca fark edilmesine yard\u0131mc\u0131 olur. Yatay ve dikey \u00f6l\u00e7\u00fcm yapabilme \u00f6zelli\u011fi ile \u00e7ok y\u00f6nl\u00fc bir kullan\u0131m sunar.Duvar montajlar\u0131, raf yerle\u015ftirme, dolap kurulumu ve fayans d\u00f6\u015feme i\u015flemlerinde d\u00fczg\u00fcn hizalama sa\u011flar. Uzun yap\u0131s\u0131 sayesinde geni\u015f y\u00fczeylerde daha do\u011fru \u00f6l\u00e7\u00fcm yap\u0131lmas\u0131n\u0131 m\u00fcmk\u00fcn k\u0131lar. Dayan\u0131kl\u0131 plastik g\u00f6vdesi, darbelere kar\u015f\u0131 diren\u00e7lidir.Ev kullan\u0131c\u0131lar\u0131 ve profesyoneller i\u00e7in ideal olan bu su terazisi, do\u011fru ve simetrik sonu\u00e7lar elde etmek isteyenler i\u00e7in vazge\u00e7ilmez bir \u00f6l\u00e7\u00fcm arac\u0131d\u0131r.<\/p>\n","protected":false},"excerpt":{"rendered":"<p>600 mm su terazisi, \u00f6l\u00e7\u00fcm do\u011frulu\u011funu ve kullan\u0131m kolayl\u0131\u011f\u0131n\u0131 bir arada sunar. Sar\u0131 renkli g\u00f6vdesi, net g\u00f6r\u00fcn\u00fcrl\u00fck sa\u011flar ve \u00f6l\u00e7\u00fcm s\u0131ras\u0131nda hatalar\u0131n kolayca fark edilmesine yard\u0131mc\u0131 olur. Yatay ve dikey \u00f6l\u00e7\u00fcm yapabilme \u00f6zelli\u011fi ile \u00e7ok y\u00f6nl\u00fc bir kullan\u0131m sunar.Duvar montajlar\u0131, raf yerle\u015ftirme, dolap kurulumu ve fayans d\u00f6\u015feme i\u015flemlerinde d\u00fczg\u00fcn hizalama sa\u011flar. Uzun yap\u0131s\u0131 sayesinde geni\u015f&#8230;<\/p>\n","protected":false},"featured_media":128949,"comment_status":"open","ping_status":"closed","template":"","meta":{"_kad_post_transparent":"","_kad_post_title":"","_kad_post_layout":"","_kad_post_sidebar_id":"","_kad_post_content_style":"","_kad_post_vertical_padding":"","_kad_post_feature":"","_kad_post_feature_position":"","_kad_post_header":false,"_kad_post_footer":false,"_kad_post_classname":""},"product_brand":[],"product_cat":[15274],"product_tag":[],"class_list":{"0":"post-128950","1":"product","2":"type-product","3":"status-publish","4":"has-post-thumbnail","6":"product_cat-kapi-hirdavati-hirdavat-banyo-yapi-hirdavat-kapi-hirdavati","8":"first","9":"instock","10":"purchasable","11":"product-type-simple","12":"entry","13":"content-bg","14":"loop-entry"},"_links":{"self":[{"href":"https:\/\/www.hediyepazar.com\/index.php?rest_route=\/wp\/v2\/product\/128950","targetHints":{"allow":["GET"]}}],"collection":[{"href":"https:\/\/www.hediyepazar.com\/index.php?rest_route=\/wp\/v2\/product"}],"about":[{"href":"https:\/\/www.hediyepazar.com\/index.php?rest_route=\/wp\/v2\/types\/product"}],"replies":[{"embeddable":true,"href":"https:\/\/www.hediyepazar.com\/index.php?rest_route=%2Fwp%2Fv2%2Fcomments&post=128950"}],"wp:featuredmedia":[{"embeddable":true,"href":"https:\/\/www.hediyepazar.com\/index.php?rest_route=\/wp\/v2\/media\/128949"}],"wp:attachment":[{"href":"https:\/\/www.hediyepazar.com\/index.php?rest_route=%2Fwp%2Fv2%2Fmedia&parent=128950"}],"wp:term":[{"taxonomy":"product_brand","embeddable":true,"href":"https:\/\/www.hediyepazar.com\/index.php?rest_route=%2Fwp%2Fv2%2Fproduct_brand&post=128950"},{"taxonomy":"product_cat","embeddable":true,"href":"https:\/\/www.hediyepazar.com\/index.php?rest_route=%2Fwp%2Fv2%2Fproduct_cat&post=128950"},{"taxonomy":"product_tag","embeddable":true,"href":"https:\/\/www.hediyepazar.com\/index.php?rest_route=%2Fwp%2Fv2%2Fproduct_tag&post=128950"}],"curies":[{"name":"wp","href":"https:\/\/api.w.org\/{rel}","templated":true}]}}