{"id":128976,"date":"2026-05-07T03:16:18","date_gmt":"2026-05-07T06:16:18","guid":{"rendered":"https:\/\/www.hediyepazar.com\/?product=270-mm-duz-bicakli-bahce-budama-testeresi-kilifli"},"modified":"2026-05-07T03:16:18","modified_gmt":"2026-05-07T06:16:18","slug":"270-mm-duz-bicakli-bahce-budama-testeresi-kilifli","status":"publish","type":"product","link":"https:\/\/www.hediyepazar.com\/?product=270-mm-duz-bicakli-bahce-budama-testeresi-kilifli","title":{"rendered":"270 mm D\u00fcz B\u0131\u00e7akl\u0131 Bah\u00e7e Budama Testeresi K\u0131l\u0131fl\u0131"},"content":{"rendered":"<p>270 mm d\u00fcz b\u0131\u00e7akl\u0131 bah\u00e7e budama testeresi, bah\u00e7e bak\u0131m\u0131nda pratiklik arayan kullan\u0131c\u0131lar i\u00e7in tasarlanm\u0131\u015ft\u0131r. Keskin ve dayan\u0131kl\u0131 b\u0131\u00e7ak yap\u0131s\u0131 sayesinde budama i\u015flemleri h\u0131zl\u0131 ve kontroll\u00fc \u015fekilde yap\u0131labilir.Ergonomik tutma sap\u0131, uzun s\u00fcreli kullan\u0131mlarda konfor sa\u011flar. K\u0131l\u0131f\u0131 sayesinde hem g\u00fcvenli ta\u015f\u0131ma hem de d\u00fczenli saklama imkan\u0131 sunar. Bah\u00e7e i\u015fleriyle ilgilenen herkes i\u00e7in kullan\u0131\u015fl\u0131 bir yard\u0131mc\u0131d\u0131r.<\/p>\n","protected":false},"excerpt":{"rendered":"<p>270 mm d\u00fcz b\u0131\u00e7akl\u0131 bah\u00e7e budama testeresi, bah\u00e7e bak\u0131m\u0131nda pratiklik arayan kullan\u0131c\u0131lar i\u00e7in tasarlanm\u0131\u015ft\u0131r. Keskin ve dayan\u0131kl\u0131 b\u0131\u00e7ak yap\u0131s\u0131 sayesinde budama i\u015flemleri h\u0131zl\u0131 ve kontroll\u00fc \u015fekilde yap\u0131labilir.Ergonomik tutma sap\u0131, uzun s\u00fcreli kullan\u0131mlarda konfor sa\u011flar. K\u0131l\u0131f\u0131 sayesinde hem g\u00fcvenli ta\u015f\u0131ma hem de d\u00fczenli saklama imkan\u0131 sunar. Bah\u00e7e i\u015fleriyle ilgilenen herkes i\u00e7in kullan\u0131\u015fl\u0131 bir yard\u0131mc\u0131d\u0131r.<\/p>\n","protected":false},"featured_media":128975,"comment_status":"open","ping_status":"closed","template":"","meta":{"_kad_post_transparent":"","_kad_post_title":"","_kad_post_layout":"","_kad_post_sidebar_id":"","_kad_post_content_style":"","_kad_post_vertical_padding":"","_kad_post_feature":"","_kad_post_feature_position":"","_kad_post_header":false,"_kad_post_footer":false,"_kad_post_classname":""},"product_brand":[],"product_cat":[15274],"product_tag":[],"class_list":{"0":"post-128976","1":"product","2":"type-product","3":"status-publish","4":"has-post-thumbnail","6":"product_cat-kapi-hirdavati-hirdavat-banyo-yapi-hirdavat-kapi-hirdavati","8":"first","9":"instock","10":"purchasable","11":"product-type-simple","12":"entry","13":"content-bg","14":"loop-entry"},"_links":{"self":[{"href":"https:\/\/www.hediyepazar.com\/index.php?rest_route=\/wp\/v2\/product\/128976","targetHints":{"allow":["GET"]}}],"collection":[{"href":"https:\/\/www.hediyepazar.com\/index.php?rest_route=\/wp\/v2\/product"}],"about":[{"href":"https:\/\/www.hediyepazar.com\/index.php?rest_route=\/wp\/v2\/types\/product"}],"replies":[{"embeddable":true,"href":"https:\/\/www.hediyepazar.com\/index.php?rest_route=%2Fwp%2Fv2%2Fcomments&post=128976"}],"wp:featuredmedia":[{"embeddable":true,"href":"https:\/\/www.hediyepazar.com\/index.php?rest_route=\/wp\/v2\/media\/128975"}],"wp:attachment":[{"href":"https:\/\/www.hediyepazar.com\/index.php?rest_route=%2Fwp%2Fv2%2Fmedia&parent=128976"}],"wp:term":[{"taxonomy":"product_brand","embeddable":true,"href":"https:\/\/www.hediyepazar.com\/index.php?rest_route=%2Fwp%2Fv2%2Fproduct_brand&post=128976"},{"taxonomy":"product_cat","embeddable":true,"href":"https:\/\/www.hediyepazar.com\/index.php?rest_route=%2Fwp%2Fv2%2Fproduct_cat&post=128976"},{"taxonomy":"product_tag","embeddable":true,"href":"https:\/\/www.hediyepazar.com\/index.php?rest_route=%2Fwp%2Fv2%2Fproduct_tag&post=128976"}],"curies":[{"name":"wp","href":"https:\/\/api.w.org\/{rel}","templated":true}]}}