{"id":129026,"date":"2026-05-07T03:29:47","date_gmt":"2026-05-07T06:29:47","guid":{"rendered":"https:\/\/www.hediyepazar.com\/?product=bel-sikilastirici-vucut-sekillendirici-gunluk-kullanim"},"modified":"2026-05-07T03:29:47","modified_gmt":"2026-05-07T06:29:47","slug":"bel-sikilastirici-vucut-sekillendirici-gunluk-kullanim","status":"publish","type":"product","link":"https:\/\/www.hediyepazar.com\/?product=bel-sikilastirici-vucut-sekillendirici-gunluk-kullanim","title":{"rendered":"Bel S\u0131k\u0131la\u015ft\u0131r\u0131c\u0131 V\u00fccut \u015eekillendirici G\u00fcnl\u00fck Kullan\u0131m"},"content":{"rendered":"<p>Bel s\u0131k\u0131la\u015ft\u0131r\u0131c\u0131 v\u00fccut \u015fekillendirici, g\u00fcnl\u00fck kullan\u0131mda rahatl\u0131k ve pratiklik sunmak \u00fczere tasarlanm\u0131\u015ft\u0131r. Esnek yap\u0131s\u0131 sayesinde bel b\u00f6lgesine uyum sa\u011flar ve hareket \u00f6zg\u00fcrl\u00fc\u011f\u00fcn\u00fc k\u0131s\u0131tlamaz. Kaymaz \u00f6zelli\u011fi ile g\u00fcn boyunca sabit durur.Nefes alabilen elastik kuma\u015f\u0131, uzun s\u00fcreli kullan\u0131mlarda bile konfor sunar. Bel b\u00f6lgesini saran yap\u0131s\u0131, daha dengeli bir siluet g\u00f6r\u00fcn\u00fcm\u00fcn\u00fc destekler. Ayarlanabilir tasar\u0131m\u0131 sayesinde ki\u015fisel kullan\u0131m tercihine g\u00f6re ayarlanabilir.Elbise alt\u0131na giyilebilir ince yap\u0131s\u0131 sayesinde g\u00fcnl\u00fck kombinlerle uyumludur. Spor yaparken veya g\u00fcnl\u00fck hayatta rahatl\u0131kla kullan\u0131labilir.Hafif ve dayan\u0131kl\u0131 yap\u0131s\u0131 sayesinde pratik bir kullan\u0131m sunar. G\u00fcnl\u00fck kullan\u0131m i\u00e7in ideal bir v\u00fccut \u015fekillendirici \u00fcr\u00fcnd\u00fcr.<\/p>\n","protected":false},"excerpt":{"rendered":"<p>Bel s\u0131k\u0131la\u015ft\u0131r\u0131c\u0131 v\u00fccut \u015fekillendirici, g\u00fcnl\u00fck kullan\u0131mda rahatl\u0131k ve pratiklik sunmak \u00fczere tasarlanm\u0131\u015ft\u0131r. Esnek yap\u0131s\u0131 sayesinde bel b\u00f6lgesine uyum sa\u011flar ve hareket \u00f6zg\u00fcrl\u00fc\u011f\u00fcn\u00fc k\u0131s\u0131tlamaz. Kaymaz \u00f6zelli\u011fi ile g\u00fcn boyunca sabit durur.Nefes alabilen elastik kuma\u015f\u0131, uzun s\u00fcreli kullan\u0131mlarda bile konfor sunar. Bel b\u00f6lgesini saran yap\u0131s\u0131, daha dengeli bir siluet g\u00f6r\u00fcn\u00fcm\u00fcn\u00fc destekler. Ayarlanabilir tasar\u0131m\u0131 sayesinde ki\u015fisel kullan\u0131m tercihine&#8230;<\/p>\n","protected":false},"featured_media":129025,"comment_status":"open","ping_status":"closed","template":"","meta":{"_kad_post_transparent":"","_kad_post_title":"","_kad_post_layout":"","_kad_post_sidebar_id":"","_kad_post_content_style":"","_kad_post_vertical_padding":"","_kad_post_feature":"","_kad_post_feature_position":"","_kad_post_header":false,"_kad_post_footer":false,"_kad_post_classname":""},"product_brand":[],"product_cat":[15338],"product_tag":[],"class_list":{"0":"post-129026","1":"product","2":"type-product","3":"status-publish","4":"has-post-thumbnail","6":"product_cat-ortopedi-urunleri-medikal-ekipman-saglik-supermarket-medikal-korse","8":"first","9":"instock","10":"purchasable","11":"product-type-simple","12":"entry","13":"content-bg","14":"loop-entry"},"_links":{"self":[{"href":"https:\/\/www.hediyepazar.com\/index.php?rest_route=\/wp\/v2\/product\/129026","targetHints":{"allow":["GET"]}}],"collection":[{"href":"https:\/\/www.hediyepazar.com\/index.php?rest_route=\/wp\/v2\/product"}],"about":[{"href":"https:\/\/www.hediyepazar.com\/index.php?rest_route=\/wp\/v2\/types\/product"}],"replies":[{"embeddable":true,"href":"https:\/\/www.hediyepazar.com\/index.php?rest_route=%2Fwp%2Fv2%2Fcomments&post=129026"}],"wp:featuredmedia":[{"embeddable":true,"href":"https:\/\/www.hediyepazar.com\/index.php?rest_route=\/wp\/v2\/media\/129025"}],"wp:attachment":[{"href":"https:\/\/www.hediyepazar.com\/index.php?rest_route=%2Fwp%2Fv2%2Fmedia&parent=129026"}],"wp:term":[{"taxonomy":"product_brand","embeddable":true,"href":"https:\/\/www.hediyepazar.com\/index.php?rest_route=%2Fwp%2Fv2%2Fproduct_brand&post=129026"},{"taxonomy":"product_cat","embeddable":true,"href":"https:\/\/www.hediyepazar.com\/index.php?rest_route=%2Fwp%2Fv2%2Fproduct_cat&post=129026"},{"taxonomy":"product_tag","embeddable":true,"href":"https:\/\/www.hediyepazar.com\/index.php?rest_route=%2Fwp%2Fv2%2Fproduct_tag&post=129026"}],"curies":[{"name":"wp","href":"https:\/\/api.w.org\/{rel}","templated":true}]}}