{"id":129062,"date":"2026-05-07T03:39:08","date_gmt":"2026-05-07T06:39:08","guid":{"rendered":"https:\/\/www.hediyepazar.com\/?product=pembe-sifreli-egitici-atm-kasa-cocuk-kumbarasi"},"modified":"2026-05-07T03:39:08","modified_gmt":"2026-05-07T06:39:08","slug":"pembe-sifreli-egitici-atm-kasa-cocuk-kumbarasi","status":"publish","type":"product","link":"https:\/\/www.hediyepazar.com\/?product=pembe-sifreli-egitici-atm-kasa-cocuk-kumbarasi","title":{"rendered":"Pembe \u015eifreli E\u011fitici ATM Kasa \u00c7ocuk Kumbaras\u0131"},"content":{"rendered":"<p>ATM kasa g\u00f6r\u00fcn\u00fcm\u00fcne sahip bu pembe \u015fifreli \u00e7ocuk kumbaras\u0131, ger\u00e7ek\u00e7i tasar\u0131m\u0131yla \u00e7ocuklar\u0131n ilgisini \u00e7eker. Otomatik para giri\u015fi, \u0131\u015f\u0131kl\u0131 ve sesli uyar\u0131larla birle\u015ferek e\u011flenceli bir kullan\u0131m sunar.Elektronik \u015fifre sistemi, g\u00fcvenli para saklama al\u0131\u015fkanl\u0131\u011f\u0131 kazand\u0131r\u0131r. Y\u00fcksek kapasiteli i\u00e7 hacmi, uzun s\u00fcreli birikim yapmaya olanak tan\u0131r. Dayan\u0131kl\u0131 ABS plastik g\u00f6vdesi uzun \u00f6m\u00fcrl\u00fcd\u00fcr.<\/p>\n","protected":false},"excerpt":{"rendered":"<p>ATM kasa g\u00f6r\u00fcn\u00fcm\u00fcne sahip bu pembe \u015fifreli \u00e7ocuk kumbaras\u0131, ger\u00e7ek\u00e7i tasar\u0131m\u0131yla \u00e7ocuklar\u0131n ilgisini \u00e7eker. Otomatik para giri\u015fi, \u0131\u015f\u0131kl\u0131 ve sesli uyar\u0131larla birle\u015ferek e\u011flenceli bir kullan\u0131m sunar.Elektronik \u015fifre sistemi, g\u00fcvenli para saklama al\u0131\u015fkanl\u0131\u011f\u0131 kazand\u0131r\u0131r. Y\u00fcksek kapasiteli i\u00e7 hacmi, uzun s\u00fcreli birikim yapmaya olanak tan\u0131r. Dayan\u0131kl\u0131 ABS plastik g\u00f6vdesi uzun \u00f6m\u00fcrl\u00fcd\u00fcr.<\/p>\n","protected":false},"featured_media":129061,"comment_status":"open","ping_status":"closed","template":"","meta":{"_kad_post_transparent":"","_kad_post_title":"","_kad_post_layout":"","_kad_post_sidebar_id":"","_kad_post_content_style":"","_kad_post_vertical_padding":"","_kad_post_feature":"","_kad_post_feature_position":"","_kad_post_header":false,"_kad_post_footer":false,"_kad_post_classname":""},"product_brand":[],"product_cat":[15329],"product_tag":[],"class_list":{"0":"post-129062","1":"product","2":"type-product","3":"status-publish","4":"has-post-thumbnail","6":"product_cat-kumbara-hediyelik-urunler-hobi-eglence-kumbara","8":"first","9":"instock","10":"purchasable","11":"product-type-simple","12":"entry","13":"content-bg","14":"loop-entry"},"_links":{"self":[{"href":"https:\/\/www.hediyepazar.com\/index.php?rest_route=\/wp\/v2\/product\/129062","targetHints":{"allow":["GET"]}}],"collection":[{"href":"https:\/\/www.hediyepazar.com\/index.php?rest_route=\/wp\/v2\/product"}],"about":[{"href":"https:\/\/www.hediyepazar.com\/index.php?rest_route=\/wp\/v2\/types\/product"}],"replies":[{"embeddable":true,"href":"https:\/\/www.hediyepazar.com\/index.php?rest_route=%2Fwp%2Fv2%2Fcomments&post=129062"}],"wp:featuredmedia":[{"embeddable":true,"href":"https:\/\/www.hediyepazar.com\/index.php?rest_route=\/wp\/v2\/media\/129061"}],"wp:attachment":[{"href":"https:\/\/www.hediyepazar.com\/index.php?rest_route=%2Fwp%2Fv2%2Fmedia&parent=129062"}],"wp:term":[{"taxonomy":"product_brand","embeddable":true,"href":"https:\/\/www.hediyepazar.com\/index.php?rest_route=%2Fwp%2Fv2%2Fproduct_brand&post=129062"},{"taxonomy":"product_cat","embeddable":true,"href":"https:\/\/www.hediyepazar.com\/index.php?rest_route=%2Fwp%2Fv2%2Fproduct_cat&post=129062"},{"taxonomy":"product_tag","embeddable":true,"href":"https:\/\/www.hediyepazar.com\/index.php?rest_route=%2Fwp%2Fv2%2Fproduct_tag&post=129062"}],"curies":[{"name":"wp","href":"https:\/\/api.w.org\/{rel}","templated":true}]}}