{"id":129064,"date":"2026-05-07T03:39:22","date_gmt":"2026-05-07T06:39:22","guid":{"rendered":"https:\/\/www.hediyepazar.com\/?product=atm-tasarimli-pembe-isikli-sesli-cocuk-kumbarasi"},"modified":"2026-05-07T03:39:22","modified_gmt":"2026-05-07T06:39:22","slug":"atm-tasarimli-pembe-isikli-sesli-cocuk-kumbarasi","status":"publish","type":"product","link":"https:\/\/www.hediyepazar.com\/?product=atm-tasarimli-pembe-isikli-sesli-cocuk-kumbarasi","title":{"rendered":"ATM Tasar\u0131ml\u0131 Pembe I\u015f\u0131kl\u0131 Sesli \u00c7ocuk Kumbaras\u0131"},"content":{"rendered":"<p>Bu pembe elektronik \u015fifreli ATM kasa kumbara, \u00e7ocuklar\u0131n para biriktirme al\u0131\u015fkanl\u0131\u011f\u0131n\u0131 oyunla \u00f6\u011frenmesini sa\u011flar. Ki\u015fisel \u015fifre belirleme \u00f6zelli\u011fi, \u00e7ocuklar\u0131n birikimlerini g\u00fcvenle saklamas\u0131na imk\u00e2n tan\u0131r. ATM tasar\u0131m\u0131 sayesinde \u00e7ocuklar kendilerini ger\u00e7ek bir bankamatik kullan\u0131yormu\u015f gibi hisseder.K\u00e2\u011f\u0131t paralar\u0131n otomatik olarak i\u00e7eri \u00e7ekilmesi, \u00fcr\u00fcn\u00fc son derece e\u011flenceli hale getirir. I\u015f\u0131kl\u0131 ve sesli geri bildirimler, \u00e7ocuklar\u0131n dikkatini \u00e7eker ve kumbaray\u0131 s\u0131k s\u0131k kullanmalar\u0131n\u0131 sa\u011flar. Y\u00fcksek kapasiteli i\u00e7 hacmi sayesinde bol miktarda para saklanabilir.Pembe rengi ile \u00e7ocuk odalar\u0131na uyum sa\u011flar ve dekoratif bir g\u00f6r\u00fcn\u00fcm sunar. Dayan\u0131kl\u0131 ABS plastik yap\u0131s\u0131 uzun s\u00fcreli kullan\u0131m i\u00e7in idealdir. E\u011fitici, e\u011flenceli ve g\u00fcvenli bir kumbara se\u00e7ene\u011fidir.<\/p>\n","protected":false},"excerpt":{"rendered":"<p>Bu pembe elektronik \u015fifreli ATM kasa kumbara, \u00e7ocuklar\u0131n para biriktirme al\u0131\u015fkanl\u0131\u011f\u0131n\u0131 oyunla \u00f6\u011frenmesini sa\u011flar. Ki\u015fisel \u015fifre belirleme \u00f6zelli\u011fi, \u00e7ocuklar\u0131n birikimlerini g\u00fcvenle saklamas\u0131na imk\u00e2n tan\u0131r. ATM tasar\u0131m\u0131 sayesinde \u00e7ocuklar kendilerini ger\u00e7ek bir bankamatik kullan\u0131yormu\u015f gibi hisseder.K\u00e2\u011f\u0131t paralar\u0131n otomatik olarak i\u00e7eri \u00e7ekilmesi, \u00fcr\u00fcn\u00fc son derece e\u011flenceli hale getirir. I\u015f\u0131kl\u0131 ve sesli geri bildirimler, \u00e7ocuklar\u0131n dikkatini \u00e7eker ve&#8230;<\/p>\n","protected":false},"featured_media":129063,"comment_status":"open","ping_status":"closed","template":"","meta":{"_kad_post_transparent":"","_kad_post_title":"","_kad_post_layout":"","_kad_post_sidebar_id":"","_kad_post_content_style":"","_kad_post_vertical_padding":"","_kad_post_feature":"","_kad_post_feature_position":"","_kad_post_header":false,"_kad_post_footer":false,"_kad_post_classname":""},"product_brand":[],"product_cat":[15329],"product_tag":[],"class_list":{"0":"post-129064","1":"product","2":"type-product","3":"status-publish","4":"has-post-thumbnail","6":"product_cat-kumbara-hediyelik-urunler-hobi-eglence-kumbara","8":"first","9":"instock","10":"purchasable","11":"product-type-simple","12":"entry","13":"content-bg","14":"loop-entry"},"_links":{"self":[{"href":"https:\/\/www.hediyepazar.com\/index.php?rest_route=\/wp\/v2\/product\/129064","targetHints":{"allow":["GET"]}}],"collection":[{"href":"https:\/\/www.hediyepazar.com\/index.php?rest_route=\/wp\/v2\/product"}],"about":[{"href":"https:\/\/www.hediyepazar.com\/index.php?rest_route=\/wp\/v2\/types\/product"}],"replies":[{"embeddable":true,"href":"https:\/\/www.hediyepazar.com\/index.php?rest_route=%2Fwp%2Fv2%2Fcomments&post=129064"}],"wp:featuredmedia":[{"embeddable":true,"href":"https:\/\/www.hediyepazar.com\/index.php?rest_route=\/wp\/v2\/media\/129063"}],"wp:attachment":[{"href":"https:\/\/www.hediyepazar.com\/index.php?rest_route=%2Fwp%2Fv2%2Fmedia&parent=129064"}],"wp:term":[{"taxonomy":"product_brand","embeddable":true,"href":"https:\/\/www.hediyepazar.com\/index.php?rest_route=%2Fwp%2Fv2%2Fproduct_brand&post=129064"},{"taxonomy":"product_cat","embeddable":true,"href":"https:\/\/www.hediyepazar.com\/index.php?rest_route=%2Fwp%2Fv2%2Fproduct_cat&post=129064"},{"taxonomy":"product_tag","embeddable":true,"href":"https:\/\/www.hediyepazar.com\/index.php?rest_route=%2Fwp%2Fv2%2Fproduct_tag&post=129064"}],"curies":[{"name":"wp","href":"https:\/\/api.w.org\/{rel}","templated":true}]}}