{"id":129076,"date":"2026-05-07T03:44:07","date_gmt":"2026-05-07T06:44:07","guid":{"rendered":"https:\/\/www.hediyepazar.com\/?product=su-yesili-elektronik-sifreli-atm-tasarimli-para-biriktirme-kumbarasi"},"modified":"2026-05-07T03:44:07","modified_gmt":"2026-05-07T06:44:07","slug":"su-yesili-elektronik-sifreli-atm-tasarimli-para-biriktirme-kumbarasi","status":"publish","type":"product","link":"https:\/\/www.hediyepazar.com\/?product=su-yesili-elektronik-sifreli-atm-tasarimli-para-biriktirme-kumbarasi","title":{"rendered":"Su Ye\u015fili Elektronik \u015eifreli ATM Tasar\u0131ml\u0131 Para Biriktirme Kumbaras\u0131"},"content":{"rendered":"<p>Su ye\u015fili rengiyle dikkat \u00e7eken bu ATM kasa tasar\u0131ml\u0131 elektronik \u015fifreli kumbara, \u00e7ocuklar\u0131n para biriktirme al\u0131\u015fkanl\u0131\u011f\u0131n\u0131 erken ya\u015fta kazanmas\u0131n\u0131 destekler. Elektronik \u015fifre sistemi sayesinde \u00e7ocuklar kendi \u015fifrelerini belirleyerek paralar\u0131n\u0131 g\u00fcvenli bir \u015fekilde saklayabilir. Bu sistem, \u00e7ocuklara g\u00fcvenli para y\u00f6netimi bilinci kazand\u0131r\u0131r.Kumbara, ger\u00e7ek bir ATM gibi \u00e7al\u0131\u015facak \u015fekilde tasarlanm\u0131\u015ft\u0131r. Bozuk paralar kolayca i\u00e7ine at\u0131labilirken, k\u00e2\u011f\u0131t paralar hazneye yakla\u015ft\u0131r\u0131ld\u0131\u011f\u0131nda otomatik olarak i\u00e7eri \u00e7ekilir. Otomatik para giri\u015fi, \u00fcr\u00fcn\u00fc klasik kumbaralardan ay\u0131ran en e\u011flenceli \u00f6zelliklerden biridir. I\u015f\u0131kl\u0131 ve sesli geri bildirimler, her kullan\u0131mda \u00e7ocuklar\u0131n ilgisini canl\u0131 tutar.Su ye\u015fili ATM kasa tasar\u0131m\u0131, \u00e7ocuk odalar\u0131nda hem dekoratif hem de modern bir g\u00f6r\u00fcn\u00fcm sunar. Geni\u015f i\u00e7 hacmi sayesinde uzun s\u00fcre dolmadan kullan\u0131labilir. Dayan\u0131kl\u0131 ABS plastik g\u00f6vdesi, g\u00fcvenli ve uzun \u00f6m\u00fcrl\u00fc kullan\u0131m sa\u011flar.E\u011fitici ve e\u011flenceli yap\u0131s\u0131yla bu kumbara, \u00e7ocuklara para biriktirme al\u0131\u015fkanl\u0131\u011f\u0131n\u0131 sevdirirken ayn\u0131 zamanda anlaml\u0131 bir hediye alternatifi sunar.<\/p>\n","protected":false},"excerpt":{"rendered":"<p>Su ye\u015fili rengiyle dikkat \u00e7eken bu ATM kasa tasar\u0131ml\u0131 elektronik \u015fifreli kumbara, \u00e7ocuklar\u0131n para biriktirme al\u0131\u015fkanl\u0131\u011f\u0131n\u0131 erken ya\u015fta kazanmas\u0131n\u0131 destekler. Elektronik \u015fifre sistemi sayesinde \u00e7ocuklar kendi \u015fifrelerini belirleyerek paralar\u0131n\u0131 g\u00fcvenli bir \u015fekilde saklayabilir. Bu sistem, \u00e7ocuklara g\u00fcvenli para y\u00f6netimi bilinci kazand\u0131r\u0131r.Kumbara, ger\u00e7ek bir ATM gibi \u00e7al\u0131\u015facak \u015fekilde tasarlanm\u0131\u015ft\u0131r. Bozuk paralar kolayca i\u00e7ine at\u0131labilirken, k\u00e2\u011f\u0131t paralar&#8230;<\/p>\n","protected":false},"featured_media":129075,"comment_status":"open","ping_status":"closed","template":"","meta":{"_kad_post_transparent":"","_kad_post_title":"","_kad_post_layout":"","_kad_post_sidebar_id":"","_kad_post_content_style":"","_kad_post_vertical_padding":"","_kad_post_feature":"","_kad_post_feature_position":"","_kad_post_header":false,"_kad_post_footer":false,"_kad_post_classname":""},"product_brand":[],"product_cat":[15329],"product_tag":[],"class_list":{"0":"post-129076","1":"product","2":"type-product","3":"status-publish","4":"has-post-thumbnail","6":"product_cat-kumbara-hediyelik-urunler-hobi-eglence-kumbara","8":"first","9":"instock","10":"purchasable","11":"product-type-simple","12":"entry","13":"content-bg","14":"loop-entry"},"_links":{"self":[{"href":"https:\/\/www.hediyepazar.com\/index.php?rest_route=\/wp\/v2\/product\/129076","targetHints":{"allow":["GET"]}}],"collection":[{"href":"https:\/\/www.hediyepazar.com\/index.php?rest_route=\/wp\/v2\/product"}],"about":[{"href":"https:\/\/www.hediyepazar.com\/index.php?rest_route=\/wp\/v2\/types\/product"}],"replies":[{"embeddable":true,"href":"https:\/\/www.hediyepazar.com\/index.php?rest_route=%2Fwp%2Fv2%2Fcomments&post=129076"}],"wp:featuredmedia":[{"embeddable":true,"href":"https:\/\/www.hediyepazar.com\/index.php?rest_route=\/wp\/v2\/media\/129075"}],"wp:attachment":[{"href":"https:\/\/www.hediyepazar.com\/index.php?rest_route=%2Fwp%2Fv2%2Fmedia&parent=129076"}],"wp:term":[{"taxonomy":"product_brand","embeddable":true,"href":"https:\/\/www.hediyepazar.com\/index.php?rest_route=%2Fwp%2Fv2%2Fproduct_brand&post=129076"},{"taxonomy":"product_cat","embeddable":true,"href":"https:\/\/www.hediyepazar.com\/index.php?rest_route=%2Fwp%2Fv2%2Fproduct_cat&post=129076"},{"taxonomy":"product_tag","embeddable":true,"href":"https:\/\/www.hediyepazar.com\/index.php?rest_route=%2Fwp%2Fv2%2Fproduct_tag&post=129076"}],"curies":[{"name":"wp","href":"https:\/\/api.w.org\/{rel}","templated":true}]}}