{"id":129084,"date":"2026-05-07T03:46:14","date_gmt":"2026-05-07T06:46:14","guid":{"rendered":"https:\/\/www.hediyepazar.com\/?product=atm-tasarimli-sari-isikli-sesli-elektronik-kumbara"},"modified":"2026-05-07T03:46:14","modified_gmt":"2026-05-07T06:46:14","slug":"atm-tasarimli-sari-isikli-sesli-elektronik-kumbara","status":"publish","type":"product","link":"https:\/\/www.hediyepazar.com\/?product=atm-tasarimli-sari-isikli-sesli-elektronik-kumbara","title":{"rendered":"ATM Tasar\u0131ml\u0131 Sar\u0131 I\u015f\u0131kl\u0131 Sesli Elektronik Kumbara"},"content":{"rendered":"<p>Bu sar\u0131 elektronik \u015fifreli \u00e7ocuk kumbaras\u0131, e\u011flence ile e\u011fitimi bir araya getirerek para biriktirmeyi keyifli bir al\u0131\u015fkanl\u0131\u011fa d\u00f6n\u00fc\u015ft\u00fcr\u00fcr. Elektronik \u015fifre sistemi, \u00e7ocuklar\u0131n birikimlerini g\u00fcvenle saklamas\u0131na olanak tan\u0131r. Ki\u015fisel \u015fifre belirleme \u00f6zelli\u011fi, \u00e7ocuklara sorumluluk duygusu kazand\u0131r\u0131r.ATM tasar\u0131m\u0131 sayesinde ger\u00e7ek\u00e7i bir kullan\u0131m sunar. K\u00e2\u011f\u0131t paralar otomatik olarak i\u00e7eri \u00e7ekilir, bozuk paralar kolayca depolan\u0131r. I\u015f\u0131kl\u0131 ve sesli geri bildirimler, \u00e7ocuklar\u0131n ilgisini s\u00fcrekli canl\u0131 tutar. Y\u00fcksek i\u00e7 hacmi, bol miktarda para saklama imk\u00e2n\u0131 sunar.Sar\u0131 rengi ile \u00e7ocuk odalar\u0131nda dikkat \u00e7ekici ve dekoratif bir g\u00f6r\u00fcn\u00fcm sa\u011flar. Dayan\u0131kl\u0131 ABS plastik malzeme, \u00fcr\u00fcn\u00fc uzun s\u00fcreli kullan\u0131m i\u00e7in uygun hale getirir. E\u011fitici, e\u011flenceli ve g\u00fcvenli bir kumbarad\u0131r.<\/p>\n","protected":false},"excerpt":{"rendered":"<p>Bu sar\u0131 elektronik \u015fifreli \u00e7ocuk kumbaras\u0131, e\u011flence ile e\u011fitimi bir araya getirerek para biriktirmeyi keyifli bir al\u0131\u015fkanl\u0131\u011fa d\u00f6n\u00fc\u015ft\u00fcr\u00fcr. Elektronik \u015fifre sistemi, \u00e7ocuklar\u0131n birikimlerini g\u00fcvenle saklamas\u0131na olanak tan\u0131r. Ki\u015fisel \u015fifre belirleme \u00f6zelli\u011fi, \u00e7ocuklara sorumluluk duygusu kazand\u0131r\u0131r.ATM tasar\u0131m\u0131 sayesinde ger\u00e7ek\u00e7i bir kullan\u0131m sunar. K\u00e2\u011f\u0131t paralar otomatik olarak i\u00e7eri \u00e7ekilir, bozuk paralar kolayca depolan\u0131r. I\u015f\u0131kl\u0131 ve sesli geri&#8230;<\/p>\n","protected":false},"featured_media":129083,"comment_status":"open","ping_status":"closed","template":"","meta":{"_kad_post_transparent":"","_kad_post_title":"","_kad_post_layout":"","_kad_post_sidebar_id":"","_kad_post_content_style":"","_kad_post_vertical_padding":"","_kad_post_feature":"","_kad_post_feature_position":"","_kad_post_header":false,"_kad_post_footer":false,"_kad_post_classname":""},"product_brand":[],"product_cat":[15329],"product_tag":[],"class_list":{"0":"post-129084","1":"product","2":"type-product","3":"status-publish","4":"has-post-thumbnail","6":"product_cat-kumbara-hediyelik-urunler-hobi-eglence-kumbara","8":"first","9":"instock","10":"purchasable","11":"product-type-simple","12":"entry","13":"content-bg","14":"loop-entry"},"_links":{"self":[{"href":"https:\/\/www.hediyepazar.com\/index.php?rest_route=\/wp\/v2\/product\/129084","targetHints":{"allow":["GET"]}}],"collection":[{"href":"https:\/\/www.hediyepazar.com\/index.php?rest_route=\/wp\/v2\/product"}],"about":[{"href":"https:\/\/www.hediyepazar.com\/index.php?rest_route=\/wp\/v2\/types\/product"}],"replies":[{"embeddable":true,"href":"https:\/\/www.hediyepazar.com\/index.php?rest_route=%2Fwp%2Fv2%2Fcomments&post=129084"}],"wp:featuredmedia":[{"embeddable":true,"href":"https:\/\/www.hediyepazar.com\/index.php?rest_route=\/wp\/v2\/media\/129083"}],"wp:attachment":[{"href":"https:\/\/www.hediyepazar.com\/index.php?rest_route=%2Fwp%2Fv2%2Fmedia&parent=129084"}],"wp:term":[{"taxonomy":"product_brand","embeddable":true,"href":"https:\/\/www.hediyepazar.com\/index.php?rest_route=%2Fwp%2Fv2%2Fproduct_brand&post=129084"},{"taxonomy":"product_cat","embeddable":true,"href":"https:\/\/www.hediyepazar.com\/index.php?rest_route=%2Fwp%2Fv2%2Fproduct_cat&post=129084"},{"taxonomy":"product_tag","embeddable":true,"href":"https:\/\/www.hediyepazar.com\/index.php?rest_route=%2Fwp%2Fv2%2Fproduct_tag&post=129084"}],"curies":[{"name":"wp","href":"https:\/\/api.w.org\/{rel}","templated":true}]}}