{"id":129088,"date":"2026-05-07T03:47:10","date_gmt":"2026-05-07T06:47:10","guid":{"rendered":"https:\/\/www.hediyepazar.com\/?product=mor-otomatik-para-girisli-elektronik-sifreli-kumbara"},"modified":"2026-05-07T03:47:10","modified_gmt":"2026-05-07T06:47:10","slug":"mor-otomatik-para-girisli-elektronik-sifreli-kumbara","status":"publish","type":"product","link":"https:\/\/www.hediyepazar.com\/?product=mor-otomatik-para-girisli-elektronik-sifreli-kumbara","title":{"rendered":"Mor Otomatik Para Giri\u015fli Elektronik \u015eifreli Kumbara"},"content":{"rendered":"<p>Otomatik para \u00e7ekme \u00f6zelli\u011fine sahip bu elektronik \u015fifreli kumbara, \u00e7ocuklar\u0131n para biriktirmeyi severek \u00f6\u011frenmesini sa\u011flar. ATM tasar\u0131m\u0131 sayesinde ger\u00e7ek\u00e7i bir deneyim sunar.I\u015f\u0131kl\u0131 ve sesli geri bildirimler, kullan\u0131m keyfini art\u0131r\u0131r. Sa\u011flam ABS plastik g\u00f6vdesi ile g\u00fcvenli ve dayan\u0131kl\u0131d\u0131r. E\u011fitici ve e\u011flenceli bir hediye se\u00e7ene\u011fidir.<\/p>\n","protected":false},"excerpt":{"rendered":"<p>Otomatik para \u00e7ekme \u00f6zelli\u011fine sahip bu elektronik \u015fifreli kumbara, \u00e7ocuklar\u0131n para biriktirmeyi severek \u00f6\u011frenmesini sa\u011flar. ATM tasar\u0131m\u0131 sayesinde ger\u00e7ek\u00e7i bir deneyim sunar.I\u015f\u0131kl\u0131 ve sesli geri bildirimler, kullan\u0131m keyfini art\u0131r\u0131r. Sa\u011flam ABS plastik g\u00f6vdesi ile g\u00fcvenli ve dayan\u0131kl\u0131d\u0131r. E\u011fitici ve e\u011flenceli bir hediye se\u00e7ene\u011fidir.<\/p>\n","protected":false},"featured_media":129087,"comment_status":"open","ping_status":"closed","template":"","meta":{"_kad_post_transparent":"","_kad_post_title":"","_kad_post_layout":"","_kad_post_sidebar_id":"","_kad_post_content_style":"","_kad_post_vertical_padding":"","_kad_post_feature":"","_kad_post_feature_position":"","_kad_post_header":false,"_kad_post_footer":false,"_kad_post_classname":""},"product_brand":[],"product_cat":[15329],"product_tag":[],"class_list":{"0":"post-129088","1":"product","2":"type-product","3":"status-publish","4":"has-post-thumbnail","6":"product_cat-kumbara-hediyelik-urunler-hobi-eglence-kumbara","8":"first","9":"instock","10":"purchasable","11":"product-type-simple","12":"entry","13":"content-bg","14":"loop-entry"},"_links":{"self":[{"href":"https:\/\/www.hediyepazar.com\/index.php?rest_route=\/wp\/v2\/product\/129088","targetHints":{"allow":["GET"]}}],"collection":[{"href":"https:\/\/www.hediyepazar.com\/index.php?rest_route=\/wp\/v2\/product"}],"about":[{"href":"https:\/\/www.hediyepazar.com\/index.php?rest_route=\/wp\/v2\/types\/product"}],"replies":[{"embeddable":true,"href":"https:\/\/www.hediyepazar.com\/index.php?rest_route=%2Fwp%2Fv2%2Fcomments&post=129088"}],"wp:featuredmedia":[{"embeddable":true,"href":"https:\/\/www.hediyepazar.com\/index.php?rest_route=\/wp\/v2\/media\/129087"}],"wp:attachment":[{"href":"https:\/\/www.hediyepazar.com\/index.php?rest_route=%2Fwp%2Fv2%2Fmedia&parent=129088"}],"wp:term":[{"taxonomy":"product_brand","embeddable":true,"href":"https:\/\/www.hediyepazar.com\/index.php?rest_route=%2Fwp%2Fv2%2Fproduct_brand&post=129088"},{"taxonomy":"product_cat","embeddable":true,"href":"https:\/\/www.hediyepazar.com\/index.php?rest_route=%2Fwp%2Fv2%2Fproduct_cat&post=129088"},{"taxonomy":"product_tag","embeddable":true,"href":"https:\/\/www.hediyepazar.com\/index.php?rest_route=%2Fwp%2Fv2%2Fproduct_tag&post=129088"}],"curies":[{"name":"wp","href":"https:\/\/api.w.org\/{rel}","templated":true}]}}