{"id":129098,"date":"2026-05-07T03:51:15","date_gmt":"2026-05-07T06:51:15","guid":{"rendered":"https:\/\/www.hediyepazar.com\/?product=cift-eksenli-ayarlanabilir-tablet-destek-standi"},"modified":"2026-05-07T03:51:15","modified_gmt":"2026-05-07T06:51:15","slug":"cift-eksenli-ayarlanabilir-tablet-destek-standi","status":"publish","type":"product","link":"https:\/\/www.hediyepazar.com\/?product=cift-eksenli-ayarlanabilir-tablet-destek-standi","title":{"rendered":"\u00c7ift Eksenli Ayarlanabilir Tablet Destek Stand\u0131"},"content":{"rendered":"<p>Evrensel uyumlulu\u011fa sahip bu tablet tutucu stand, farkl\u0131 boyutlardaki tabletler ile rahatl\u0131kla kullan\u0131labilir. Ergonomik a\u00e7\u0131s\u0131 sayesinde uzun s\u00fcreli kullan\u0131mda konfor sa\u011flar. Dayan\u0131kl\u0131 yap\u0131s\u0131 deformasyona kar\u015f\u0131 diren\u00e7lidir. Masa\u00fcst\u00fc kullan\u0131m i\u00e7in ideal bir aksesuard\u0131r.<\/p>\n","protected":false},"excerpt":{"rendered":"<p>Evrensel uyumlulu\u011fa sahip bu tablet tutucu stand, farkl\u0131 boyutlardaki tabletler ile rahatl\u0131kla kullan\u0131labilir. Ergonomik a\u00e7\u0131s\u0131 sayesinde uzun s\u00fcreli kullan\u0131mda konfor sa\u011flar. Dayan\u0131kl\u0131 yap\u0131s\u0131 deformasyona kar\u015f\u0131 diren\u00e7lidir. Masa\u00fcst\u00fc kullan\u0131m i\u00e7in ideal bir aksesuard\u0131r.<\/p>\n","protected":false},"featured_media":129097,"comment_status":"open","ping_status":"closed","template":"","meta":{"_kad_post_transparent":"","_kad_post_title":"","_kad_post_layout":"","_kad_post_sidebar_id":"","_kad_post_content_style":"","_kad_post_vertical_padding":"","_kad_post_feature":"","_kad_post_feature_position":"","_kad_post_header":false,"_kad_post_footer":false,"_kad_post_classname":""},"product_brand":[],"product_cat":[14983],"product_tag":[],"class_list":{"0":"post-129098","1":"product","2":"type-product","3":"status-publish","4":"has-post-thumbnail","6":"product_cat-telefon-tutucu-telefon-tutucu","8":"first","9":"instock","10":"purchasable","11":"product-type-simple","12":"entry","13":"content-bg","14":"loop-entry"},"_links":{"self":[{"href":"https:\/\/www.hediyepazar.com\/index.php?rest_route=\/wp\/v2\/product\/129098","targetHints":{"allow":["GET"]}}],"collection":[{"href":"https:\/\/www.hediyepazar.com\/index.php?rest_route=\/wp\/v2\/product"}],"about":[{"href":"https:\/\/www.hediyepazar.com\/index.php?rest_route=\/wp\/v2\/types\/product"}],"replies":[{"embeddable":true,"href":"https:\/\/www.hediyepazar.com\/index.php?rest_route=%2Fwp%2Fv2%2Fcomments&post=129098"}],"wp:featuredmedia":[{"embeddable":true,"href":"https:\/\/www.hediyepazar.com\/index.php?rest_route=\/wp\/v2\/media\/129097"}],"wp:attachment":[{"href":"https:\/\/www.hediyepazar.com\/index.php?rest_route=%2Fwp%2Fv2%2Fmedia&parent=129098"}],"wp:term":[{"taxonomy":"product_brand","embeddable":true,"href":"https:\/\/www.hediyepazar.com\/index.php?rest_route=%2Fwp%2Fv2%2Fproduct_brand&post=129098"},{"taxonomy":"product_cat","embeddable":true,"href":"https:\/\/www.hediyepazar.com\/index.php?rest_route=%2Fwp%2Fv2%2Fproduct_cat&post=129098"},{"taxonomy":"product_tag","embeddable":true,"href":"https:\/\/www.hediyepazar.com\/index.php?rest_route=%2Fwp%2Fv2%2Fproduct_tag&post=129098"}],"curies":[{"name":"wp","href":"https:\/\/api.w.org\/{rel}","templated":true}]}}