{"id":129102,"date":"2026-05-07T03:52:10","date_gmt":"2026-05-07T06:52:10","guid":{"rendered":"https:\/\/www.hediyepazar.com\/?product=ayarlanabilir-seffaf-tablet-standi-kaymaz-silikon-tabanli"},"modified":"2026-05-07T03:52:10","modified_gmt":"2026-05-07T06:52:10","slug":"ayarlanabilir-seffaf-tablet-standi-kaymaz-silikon-tabanli","status":"publish","type":"product","link":"https:\/\/www.hediyepazar.com\/?product=ayarlanabilir-seffaf-tablet-standi-kaymaz-silikon-tabanli","title":{"rendered":"Ayarlanabilir \u015eeffaf Tablet Stand\u0131 Kaymaz Silikon Tabanl\u0131"},"content":{"rendered":"<p>Bu \u015feffaf tablet stand\u0131, ayn\u0131 zamanda \u0131s\u0131 da\u011f\u0131l\u0131m\u0131n\u0131 destekleyen a\u00e7\u0131k tasar\u0131ma sahiptir. Tablet ve mini diz\u00fcst\u00fc bilgisayarlar\u0131n daha iyi hava almas\u0131n\u0131 sa\u011flayarak a\u015f\u0131r\u0131 \u0131s\u0131nmay\u0131 \u00f6nlemeye yard\u0131mc\u0131 olur. \u00c7ok pozisyonlu destek yap\u0131s\u0131 sayesinde cihaz\u0131n\u0131z\u0131 farkl\u0131 kullan\u0131m senaryolar\u0131na g\u00f6re ayarlayabilirsiniz. Uzun s\u00fcreli kullan\u0131mda performans\u0131n korunmas\u0131na katk\u0131 sa\u011flar.<\/p>\n","protected":false},"excerpt":{"rendered":"<p>Bu \u015feffaf tablet stand\u0131, ayn\u0131 zamanda \u0131s\u0131 da\u011f\u0131l\u0131m\u0131n\u0131 destekleyen a\u00e7\u0131k tasar\u0131ma sahiptir. Tablet ve mini diz\u00fcst\u00fc bilgisayarlar\u0131n daha iyi hava almas\u0131n\u0131 sa\u011flayarak a\u015f\u0131r\u0131 \u0131s\u0131nmay\u0131 \u00f6nlemeye yard\u0131mc\u0131 olur. \u00c7ok pozisyonlu destek yap\u0131s\u0131 sayesinde cihaz\u0131n\u0131z\u0131 farkl\u0131 kullan\u0131m senaryolar\u0131na g\u00f6re ayarlayabilirsiniz. Uzun s\u00fcreli kullan\u0131mda performans\u0131n korunmas\u0131na katk\u0131 sa\u011flar.<\/p>\n","protected":false},"featured_media":129101,"comment_status":"open","ping_status":"closed","template":"","meta":{"_kad_post_transparent":"","_kad_post_title":"","_kad_post_layout":"","_kad_post_sidebar_id":"","_kad_post_content_style":"","_kad_post_vertical_padding":"","_kad_post_feature":"","_kad_post_feature_position":"","_kad_post_header":false,"_kad_post_footer":false,"_kad_post_classname":""},"product_brand":[],"product_cat":[14983],"product_tag":[],"class_list":{"0":"post-129102","1":"product","2":"type-product","3":"status-publish","4":"has-post-thumbnail","6":"product_cat-telefon-tutucu-telefon-tutucu","8":"first","9":"instock","10":"purchasable","11":"product-type-simple","12":"entry","13":"content-bg","14":"loop-entry"},"_links":{"self":[{"href":"https:\/\/www.hediyepazar.com\/index.php?rest_route=\/wp\/v2\/product\/129102","targetHints":{"allow":["GET"]}}],"collection":[{"href":"https:\/\/www.hediyepazar.com\/index.php?rest_route=\/wp\/v2\/product"}],"about":[{"href":"https:\/\/www.hediyepazar.com\/index.php?rest_route=\/wp\/v2\/types\/product"}],"replies":[{"embeddable":true,"href":"https:\/\/www.hediyepazar.com\/index.php?rest_route=%2Fwp%2Fv2%2Fcomments&post=129102"}],"wp:featuredmedia":[{"embeddable":true,"href":"https:\/\/www.hediyepazar.com\/index.php?rest_route=\/wp\/v2\/media\/129101"}],"wp:attachment":[{"href":"https:\/\/www.hediyepazar.com\/index.php?rest_route=%2Fwp%2Fv2%2Fmedia&parent=129102"}],"wp:term":[{"taxonomy":"product_brand","embeddable":true,"href":"https:\/\/www.hediyepazar.com\/index.php?rest_route=%2Fwp%2Fv2%2Fproduct_brand&post=129102"},{"taxonomy":"product_cat","embeddable":true,"href":"https:\/\/www.hediyepazar.com\/index.php?rest_route=%2Fwp%2Fv2%2Fproduct_cat&post=129102"},{"taxonomy":"product_tag","embeddable":true,"href":"https:\/\/www.hediyepazar.com\/index.php?rest_route=%2Fwp%2Fv2%2Fproduct_tag&post=129102"}],"curies":[{"name":"wp","href":"https:\/\/api.w.org\/{rel}","templated":true}]}}