{"id":129160,"date":"2026-05-07T04:04:04","date_gmt":"2026-05-07T07:04:04","guid":{"rendered":"https:\/\/www.hediyepazar.com\/?product=4-cm-kilitsiz-tekerlek-ayak-seti-zemin-koruyucu"},"modified":"2026-05-07T04:04:04","modified_gmt":"2026-05-07T07:04:04","slug":"4-cm-kilitsiz-tekerlek-ayak-seti-zemin-koruyucu","status":"publish","type":"product","link":"https:\/\/www.hediyepazar.com\/?product=4-cm-kilitsiz-tekerlek-ayak-seti-zemin-koruyucu","title":{"rendered":"4 cm Kilitsiz Tekerlek Ayak Seti Zemin Koruyucu"},"content":{"rendered":"<p>Bu kilitsiz tekerlek ayaklar, pratik kullan\u0131m ve dayan\u0131kl\u0131l\u0131\u011f\u0131 bir arada sunar. D\u00f6ner mekanizmas\u0131 sayesinde hareket s\u0131ras\u0131nda tak\u0131lma veya zorlanma yapmaz. K\u00fc\u00e7\u00fck \u00e7ap\u0131na ra\u011fmen dengeli yap\u0131s\u0131yla g\u00fcvenli kullan\u0131m sa\u011flar. Evde, ofiste veya at\u00f6lyede \u00e7ok y\u00f6nl\u00fc kullan\u0131m imk\u00e2n\u0131 sunar. Kurulumu olduk\u00e7a basittir ve k\u0131sa s\u00fcrede kullan\u0131ma haz\u0131r hale gelir. Hafif y\u00fckler i\u00e7in uygundur ve mobilyalar\u0131n\u0131z\u0131 zahmetsizce hareket ettirmenize yard\u0131mc\u0131 olur.<\/p>\n","protected":false},"excerpt":{"rendered":"<p>Bu kilitsiz tekerlek ayaklar, pratik kullan\u0131m ve dayan\u0131kl\u0131l\u0131\u011f\u0131 bir arada sunar. D\u00f6ner mekanizmas\u0131 sayesinde hareket s\u0131ras\u0131nda tak\u0131lma veya zorlanma yapmaz. K\u00fc\u00e7\u00fck \u00e7ap\u0131na ra\u011fmen dengeli yap\u0131s\u0131yla g\u00fcvenli kullan\u0131m sa\u011flar. Evde, ofiste veya at\u00f6lyede \u00e7ok y\u00f6nl\u00fc kullan\u0131m imk\u00e2n\u0131 sunar. Kurulumu olduk\u00e7a basittir ve k\u0131sa s\u00fcrede kullan\u0131ma haz\u0131r hale gelir. Hafif y\u00fckler i\u00e7in uygundur ve mobilyalar\u0131n\u0131z\u0131 zahmetsizce hareket&#8230;<\/p>\n","protected":false},"featured_media":129159,"comment_status":"open","ping_status":"closed","template":"","meta":{"_kad_post_transparent":"","_kad_post_title":"","_kad_post_layout":"","_kad_post_sidebar_id":"","_kad_post_content_style":"","_kad_post_vertical_padding":"","_kad_post_feature":"","_kad_post_feature_position":"","_kad_post_header":false,"_kad_post_footer":false,"_kad_post_classname":""},"product_brand":[],"product_cat":[15340],"product_tag":[],"class_list":{"0":"post-129160","1":"product","2":"type-product","3":"status-publish","4":"has-post-thumbnail","6":"product_cat-masa-ayagi-masa-ayagi","8":"first","9":"instock","10":"purchasable","11":"product-type-simple","12":"entry","13":"content-bg","14":"loop-entry"},"_links":{"self":[{"href":"https:\/\/www.hediyepazar.com\/index.php?rest_route=\/wp\/v2\/product\/129160","targetHints":{"allow":["GET"]}}],"collection":[{"href":"https:\/\/www.hediyepazar.com\/index.php?rest_route=\/wp\/v2\/product"}],"about":[{"href":"https:\/\/www.hediyepazar.com\/index.php?rest_route=\/wp\/v2\/types\/product"}],"replies":[{"embeddable":true,"href":"https:\/\/www.hediyepazar.com\/index.php?rest_route=%2Fwp%2Fv2%2Fcomments&post=129160"}],"wp:featuredmedia":[{"embeddable":true,"href":"https:\/\/www.hediyepazar.com\/index.php?rest_route=\/wp\/v2\/media\/129159"}],"wp:attachment":[{"href":"https:\/\/www.hediyepazar.com\/index.php?rest_route=%2Fwp%2Fv2%2Fmedia&parent=129160"}],"wp:term":[{"taxonomy":"product_brand","embeddable":true,"href":"https:\/\/www.hediyepazar.com\/index.php?rest_route=%2Fwp%2Fv2%2Fproduct_brand&post=129160"},{"taxonomy":"product_cat","embeddable":true,"href":"https:\/\/www.hediyepazar.com\/index.php?rest_route=%2Fwp%2Fv2%2Fproduct_cat&post=129160"},{"taxonomy":"product_tag","embeddable":true,"href":"https:\/\/www.hediyepazar.com\/index.php?rest_route=%2Fwp%2Fv2%2Fproduct_tag&post=129160"}],"curies":[{"name":"wp","href":"https:\/\/api.w.org\/{rel}","templated":true}]}}