{"id":129178,"date":"2026-05-07T04:08:22","date_gmt":"2026-05-07T07:08:22","guid":{"rendered":"https:\/\/www.hediyepazar.com\/?product=cok-amacli-kilitsiz-masa-ayagi-tekerlegi-6-cm"},"modified":"2026-05-07T04:08:22","modified_gmt":"2026-05-07T07:08:22","slug":"cok-amacli-kilitsiz-masa-ayagi-tekerlegi-6-cm","status":"publish","type":"product","link":"https:\/\/www.hediyepazar.com\/?product=cok-amacli-kilitsiz-masa-ayagi-tekerlegi-6-cm","title":{"rendered":"\u00c7ok Ama\u00e7l\u0131 Kilitsiz Masa Aya\u011f\u0131 Tekerle\u011fi 6 cm"},"content":{"rendered":"<p>Bu \u00fcr\u00fcn, y\u00fcksek kaliteli malzemelerle \u00fcretilmi\u015f kilitsiz masa aya\u011f\u0131 tekerle\u011fidir. Farkl\u0131 zemin t\u00fcrleriyle uyumlu yap\u0131s\u0131 sayesinde \u00e7ok y\u00f6nl\u00fc kullan\u0131m sunar.Ofis koltuklar\u0131, masalar, sehpalar ve benzeri mobilyalarda rahatl\u0131kla kullan\u0131labilir. 6 cm \u00f6l\u00e7\u00fcs\u00fc, stabil ve g\u00fcvenli hareket sa\u011flar. Kilitsiz tasar\u0131m, pratik kullan\u0131m isteyenler i\u00e7in idealdir.<\/p>\n","protected":false},"excerpt":{"rendered":"<p>Bu \u00fcr\u00fcn, y\u00fcksek kaliteli malzemelerle \u00fcretilmi\u015f kilitsiz masa aya\u011f\u0131 tekerle\u011fidir. Farkl\u0131 zemin t\u00fcrleriyle uyumlu yap\u0131s\u0131 sayesinde \u00e7ok y\u00f6nl\u00fc kullan\u0131m sunar.Ofis koltuklar\u0131, masalar, sehpalar ve benzeri mobilyalarda rahatl\u0131kla kullan\u0131labilir. 6 cm \u00f6l\u00e7\u00fcs\u00fc, stabil ve g\u00fcvenli hareket sa\u011flar. Kilitsiz tasar\u0131m, pratik kullan\u0131m isteyenler i\u00e7in idealdir.<\/p>\n","protected":false},"featured_media":129177,"comment_status":"open","ping_status":"closed","template":"","meta":{"_kad_post_transparent":"","_kad_post_title":"","_kad_post_layout":"","_kad_post_sidebar_id":"","_kad_post_content_style":"","_kad_post_vertical_padding":"","_kad_post_feature":"","_kad_post_feature_position":"","_kad_post_header":false,"_kad_post_footer":false,"_kad_post_classname":""},"product_brand":[],"product_cat":[15340],"product_tag":[],"class_list":{"0":"post-129178","1":"product","2":"type-product","3":"status-publish","4":"has-post-thumbnail","6":"product_cat-masa-ayagi-masa-ayagi","8":"first","9":"instock","10":"purchasable","11":"product-type-simple","12":"entry","13":"content-bg","14":"loop-entry"},"_links":{"self":[{"href":"https:\/\/www.hediyepazar.com\/index.php?rest_route=\/wp\/v2\/product\/129178","targetHints":{"allow":["GET"]}}],"collection":[{"href":"https:\/\/www.hediyepazar.com\/index.php?rest_route=\/wp\/v2\/product"}],"about":[{"href":"https:\/\/www.hediyepazar.com\/index.php?rest_route=\/wp\/v2\/types\/product"}],"replies":[{"embeddable":true,"href":"https:\/\/www.hediyepazar.com\/index.php?rest_route=%2Fwp%2Fv2%2Fcomments&post=129178"}],"wp:featuredmedia":[{"embeddable":true,"href":"https:\/\/www.hediyepazar.com\/index.php?rest_route=\/wp\/v2\/media\/129177"}],"wp:attachment":[{"href":"https:\/\/www.hediyepazar.com\/index.php?rest_route=%2Fwp%2Fv2%2Fmedia&parent=129178"}],"wp:term":[{"taxonomy":"product_brand","embeddable":true,"href":"https:\/\/www.hediyepazar.com\/index.php?rest_route=%2Fwp%2Fv2%2Fproduct_brand&post=129178"},{"taxonomy":"product_cat","embeddable":true,"href":"https:\/\/www.hediyepazar.com\/index.php?rest_route=%2Fwp%2Fv2%2Fproduct_cat&post=129178"},{"taxonomy":"product_tag","embeddable":true,"href":"https:\/\/www.hediyepazar.com\/index.php?rest_route=%2Fwp%2Fv2%2Fproduct_tag&post=129178"}],"curies":[{"name":"wp","href":"https:\/\/api.w.org\/{rel}","templated":true}]}}