{"id":129250,"date":"2026-05-07T04:28:02","date_gmt":"2026-05-07T07:28:02","guid":{"rendered":"https:\/\/www.hediyepazar.com\/?product=led-lcd-plasma-tv-aski-aparati-32-65-inc"},"modified":"2026-05-07T04:28:02","modified_gmt":"2026-05-07T07:28:02","slug":"led-lcd-plasma-tv-aski-aparati-32-65-inc","status":"publish","type":"product","link":"https:\/\/www.hediyepazar.com\/?product=led-lcd-plasma-tv-aski-aparati-32-65-inc","title":{"rendered":"LED LCD Plasma TV Ask\u0131 Aparat\u0131 32-65 \u0130n\u00e7"},"content":{"rendered":"<p>32\u201365 in\u00e7 televizyonlarla tam uyumlu olan bu ask\u0131 aparat\u0131, \u00f6zel olarak g\u00fc\u00e7lendirilmi\u015f \u00e7elik g\u00f6vdesi ve 75 kg ta\u015f\u0131ma kapasitesi ile b\u00fcy\u00fck ekran TV&#8217;ler i\u00e7in \u00fcst\u00fcn g\u00fcvenlik sunar. Televizyonun duvara tam oturmas\u0131n\u0131 ve stabil kalmas\u0131n\u0131 sa\u011flayan dayan\u0131kl\u0131 yap\u0131s\u0131 sayesinde uzun y\u0131llar boyunca g\u00fcvenle kullan\u0131labilir.T\u00fcm par\u00e7alar\u0131n T\u00fcrkiye\u2019de \u00fcretilmi\u015f olmas\u0131, malzeme kalitesinde y\u00fcksek standart garantisi sunar. 1. s\u0131n\u0131f \u00e7elik yap\u0131s\u0131, hem ta\u015f\u0131ma g\u00fcc\u00fcn\u00fc art\u0131r\u0131r hem de uzun \u00f6m\u00fcrl\u00fc dayan\u0131kl\u0131l\u0131k sa\u011flar.Montaj sonras\u0131 sunulan sa\u011fa\u2013sola kayd\u0131rma \u00f6zelli\u011fi, televizyonu tam ideal pozisyona getirmenize imkan tan\u0131r. Ayr\u0131ca 3 kademeli y\u00fckseklik ayar\u0131, ekran\u0131 tam g\u00f6z hizas\u0131na getirerek izleme konforunu art\u0131r\u0131r.Aparat\u0131n y\u00fczeyinde kullan\u0131lan anti-statik toz boya, paslanmay\u0131, \u00e7izilmeyi ve metal y\u00fczey bozulmalar\u0131n\u0131 engeller. Bu kaplama, \u00fcr\u00fcne hem \u015f\u0131k bir g\u00f6r\u00fcn\u00fcm kazand\u0131r\u0131r hem de dayan\u0131kl\u0131l\u0131\u011f\u0131n\u0131 art\u0131r\u0131r.Kurulum s\u00fcreci olduk\u00e7a basittir. Kutudan \u00e7\u0131kan kurulum k\u0131lavuzu montaj ad\u0131mlar\u0131n\u0131 anla\u015f\u0131l\u0131r \u015fekilde a\u00e7\u0131klar. Vida ve d\u00fcbel seti ile ekstra ekipman gerektirmeden h\u0131zl\u0131ca kurulabilir.Ev, ofis, ma\u011faza, restoran ve otel gibi bir\u00e7ok alanda kullan\u0131lan bu \u00fcr\u00fcn, geni\u015f uyumlulu\u011fu, y\u00fcksek ta\u015f\u0131ma g\u00fcc\u00fc ve g\u00fcvenli montaj \u00f6zellikleriyle profesyonel bir \u00e7\u00f6z\u00fcm sunar.<\/p>\n","protected":false},"excerpt":{"rendered":"<p>32\u201365 in\u00e7 televizyonlarla tam uyumlu olan bu ask\u0131 aparat\u0131, \u00f6zel olarak g\u00fc\u00e7lendirilmi\u015f \u00e7elik g\u00f6vdesi ve 75 kg ta\u015f\u0131ma kapasitesi ile b\u00fcy\u00fck ekran TV&#8217;ler i\u00e7in \u00fcst\u00fcn g\u00fcvenlik sunar. Televizyonun duvara tam oturmas\u0131n\u0131 ve stabil kalmas\u0131n\u0131 sa\u011flayan dayan\u0131kl\u0131 yap\u0131s\u0131 sayesinde uzun y\u0131llar boyunca g\u00fcvenle kullan\u0131labilir.T\u00fcm par\u00e7alar\u0131n T\u00fcrkiye\u2019de \u00fcretilmi\u015f olmas\u0131, malzeme kalitesinde y\u00fcksek standart garantisi sunar. 1. s\u0131n\u0131f&#8230;<\/p>\n","protected":false},"featured_media":129249,"comment_status":"open","ping_status":"closed","template":"","meta":{"_kad_post_transparent":"","_kad_post_title":"","_kad_post_layout":"","_kad_post_sidebar_id":"","_kad_post_content_style":"","_kad_post_vertical_padding":"","_kad_post_feature":"","_kad_post_feature_position":"","_kad_post_header":false,"_kad_post_footer":false,"_kad_post_classname":""},"product_brand":[],"product_cat":[15331],"product_tag":[],"class_list":{"0":"post-129250","1":"product","2":"type-product","3":"status-publish","4":"has-post-thumbnail","6":"product_cat-tv-tutucu-tv-tutucu","8":"first","9":"instock","10":"purchasable","11":"product-type-simple","12":"entry","13":"content-bg","14":"loop-entry"},"_links":{"self":[{"href":"https:\/\/www.hediyepazar.com\/index.php?rest_route=\/wp\/v2\/product\/129250","targetHints":{"allow":["GET"]}}],"collection":[{"href":"https:\/\/www.hediyepazar.com\/index.php?rest_route=\/wp\/v2\/product"}],"about":[{"href":"https:\/\/www.hediyepazar.com\/index.php?rest_route=\/wp\/v2\/types\/product"}],"replies":[{"embeddable":true,"href":"https:\/\/www.hediyepazar.com\/index.php?rest_route=%2Fwp%2Fv2%2Fcomments&post=129250"}],"wp:featuredmedia":[{"embeddable":true,"href":"https:\/\/www.hediyepazar.com\/index.php?rest_route=\/wp\/v2\/media\/129249"}],"wp:attachment":[{"href":"https:\/\/www.hediyepazar.com\/index.php?rest_route=%2Fwp%2Fv2%2Fmedia&parent=129250"}],"wp:term":[{"taxonomy":"product_brand","embeddable":true,"href":"https:\/\/www.hediyepazar.com\/index.php?rest_route=%2Fwp%2Fv2%2Fproduct_brand&post=129250"},{"taxonomy":"product_cat","embeddable":true,"href":"https:\/\/www.hediyepazar.com\/index.php?rest_route=%2Fwp%2Fv2%2Fproduct_cat&post=129250"},{"taxonomy":"product_tag","embeddable":true,"href":"https:\/\/www.hediyepazar.com\/index.php?rest_route=%2Fwp%2Fv2%2Fproduct_tag&post=129250"}],"curies":[{"name":"wp","href":"https:\/\/api.w.org\/{rel}","templated":true}]}}