{"id":129302,"date":"2026-05-07T04:40:04","date_gmt":"2026-05-07T07:40:04","guid":{"rendered":"https:\/\/www.hediyepazar.com\/?product=5li-detay-boya-rulo-takimi-puruzsuz-yuzey-icin-ideal"},"modified":"2026-05-07T04:40:04","modified_gmt":"2026-05-07T07:40:04","slug":"5li-detay-boya-rulo-takimi-puruzsuz-yuzey-icin-ideal","status":"publish","type":"product","link":"https:\/\/www.hediyepazar.com\/?product=5li-detay-boya-rulo-takimi-puruzsuz-yuzey-icin-ideal","title":{"rendered":"5\u2019li Detay Boya Rulo Tak\u0131m\u0131 P\u00fcr\u00fczs\u00fcz Y\u00fczey \u0130\u00e7in \u0130deal"},"content":{"rendered":"<p>Boyama i\u015flemlerini h\u0131zl\u0131 ve etkili hale getirmek i\u00e7in tasarlanan bu 5\u2019li boya rulo seti, y\u00fcksek kapat\u0131c\u0131l\u0131k isteyen kullan\u0131c\u0131lar i\u00e7in m\u00fckemmeldir. T\u00fcy d\u00f6kmeyen y\u00fczey yap\u0131s\u0131 sayesinde boya uygularken iz veya p\u00fcr\u00fcz olu\u015fturmaz. Duvar, tavan ve geni\u015f i\u00e7 mek\u00e2n y\u00fczeylerinde y\u00fcksek performans sergiler. Hafif ve ergonomik tasar\u0131m\u0131 sayesinde uzun s\u00fcreli kullan\u0131mda bile elinizi yormaz. Em\u00fclsiyon uygulamas\u0131 i\u00e7in ideal olan bu set, kolay temizlenebilir yap\u0131s\u0131yla ekonomik ve kullan\u0131\u015fl\u0131 bir se\u00e7enektir.<\/p>\n","protected":false},"excerpt":{"rendered":"<p>Boyama i\u015flemlerini h\u0131zl\u0131 ve etkili hale getirmek i\u00e7in tasarlanan bu 5\u2019li boya rulo seti, y\u00fcksek kapat\u0131c\u0131l\u0131k isteyen kullan\u0131c\u0131lar i\u00e7in m\u00fckemmeldir. T\u00fcy d\u00f6kmeyen y\u00fczey yap\u0131s\u0131 sayesinde boya uygularken iz veya p\u00fcr\u00fcz olu\u015fturmaz. Duvar, tavan ve geni\u015f i\u00e7 mek\u00e2n y\u00fczeylerinde y\u00fcksek performans sergiler. Hafif ve ergonomik tasar\u0131m\u0131 sayesinde uzun s\u00fcreli kullan\u0131mda bile elinizi yormaz. Em\u00fclsiyon uygulamas\u0131 i\u00e7in&#8230;<\/p>\n","protected":false},"featured_media":129301,"comment_status":"open","ping_status":"closed","template":"","meta":{"_kad_post_transparent":"","_kad_post_title":"","_kad_post_layout":"","_kad_post_sidebar_id":"","_kad_post_content_style":"","_kad_post_vertical_padding":"","_kad_post_feature":"","_kad_post_feature_position":"","_kad_post_header":false,"_kad_post_footer":false,"_kad_post_classname":""},"product_brand":[],"product_cat":[15284],"product_tag":[],"class_list":{"0":"post-129302","1":"product","2":"type-product","3":"status-publish","4":"has-post-thumbnail","6":"product_cat-boya-fircasi-boya-fircasi","8":"first","9":"instock","10":"purchasable","11":"product-type-simple","12":"entry","13":"content-bg","14":"loop-entry"},"_links":{"self":[{"href":"https:\/\/www.hediyepazar.com\/index.php?rest_route=\/wp\/v2\/product\/129302","targetHints":{"allow":["GET"]}}],"collection":[{"href":"https:\/\/www.hediyepazar.com\/index.php?rest_route=\/wp\/v2\/product"}],"about":[{"href":"https:\/\/www.hediyepazar.com\/index.php?rest_route=\/wp\/v2\/types\/product"}],"replies":[{"embeddable":true,"href":"https:\/\/www.hediyepazar.com\/index.php?rest_route=%2Fwp%2Fv2%2Fcomments&post=129302"}],"wp:featuredmedia":[{"embeddable":true,"href":"https:\/\/www.hediyepazar.com\/index.php?rest_route=\/wp\/v2\/media\/129301"}],"wp:attachment":[{"href":"https:\/\/www.hediyepazar.com\/index.php?rest_route=%2Fwp%2Fv2%2Fmedia&parent=129302"}],"wp:term":[{"taxonomy":"product_brand","embeddable":true,"href":"https:\/\/www.hediyepazar.com\/index.php?rest_route=%2Fwp%2Fv2%2Fproduct_brand&post=129302"},{"taxonomy":"product_cat","embeddable":true,"href":"https:\/\/www.hediyepazar.com\/index.php?rest_route=%2Fwp%2Fv2%2Fproduct_cat&post=129302"},{"taxonomy":"product_tag","embeddable":true,"href":"https:\/\/www.hediyepazar.com\/index.php?rest_route=%2Fwp%2Fv2%2Fproduct_tag&post=129302"}],"curies":[{"name":"wp","href":"https:\/\/api.w.org\/{rel}","templated":true}]}}