{"id":129316,"date":"2026-05-07T04:44:08","date_gmt":"2026-05-07T07:44:08","guid":{"rendered":"https:\/\/www.hediyepazar.com\/?product=ayarlanabilir-isi-tabancasi-boya-sokme-lehim-isitma"},"modified":"2026-05-07T04:44:08","modified_gmt":"2026-05-07T07:44:08","slug":"ayarlanabilir-isi-tabancasi-boya-sokme-lehim-isitma","status":"publish","type":"product","link":"https:\/\/www.hediyepazar.com\/?product=ayarlanabilir-isi-tabancasi-boya-sokme-lehim-isitma","title":{"rendered":"Ayarlanabilir Is\u0131 Tabancas\u0131 Boya S\u00f6kme Lehim Is\u0131tma"},"content":{"rendered":"<p>Bu profesyonel s\u0131cak hava tabancas\u0131, 2000W g\u00fcc\u00fc sayesinde en zorlu y\u00fczeylerde bile etkili sonu\u00e7 veren y\u00fcksek performansl\u0131 bir cihazd\u0131r. \u00c7ift kademeli s\u0131cakl\u0131k ayar\u0131, kullan\u0131c\u0131ya hem hassas hem de y\u00fcksek \u0131s\u0131 gerektiren i\u015flemlerde esneklik sa\u011flar. Birinci kademede 380\u00b0C, ikinci kademede 500\u00b0C s\u0131cakl\u0131\u011fa ula\u015fabilir. B\u00f6ylece boya s\u00f6kme, cila \u00e7\u00f6zme, plastik \u015fekillendirme, kablo b\u00fczme, vinil kaplama, lehim ve kaynak haz\u0131rl\u0131\u011f\u0131 gibi bir\u00e7ok i\u015flevi tek cihazla ger\u00e7ekle\u015ftirebilirsiniz.Is\u0131 tabancas\u0131n\u0131n motoru g\u00fc\u00e7l\u00fc hava ak\u0131\u015f\u0131 olu\u015ftururken seramik \u0131s\u0131t\u0131c\u0131, y\u00fcksek dayan\u0131kl\u0131l\u0131k ve uzun kullan\u0131m \u00f6mr\u00fc sunar. Bu \u00f6zellik, cihaz\u0131 yo\u011fun i\u015f y\u00fck\u00fcnde bile y\u0131pranmadan kullanman\u0131za olanak tan\u0131r. Ayr\u0131ca cihaz\u0131n tasar\u0131m\u0131, \u00e7al\u0131\u015fma s\u0131ras\u0131nda optimum so\u011futma sa\u011flayarak a\u015f\u0131r\u0131 \u0131s\u0131nmay\u0131 \u00f6nler.Titre\u015fim uyumlu elektronik sistemi sayesinde cihaz daha g\u00fcvenli, daha dengeli ve daha sessiz bir \u00e7al\u0131\u015fma performans\u0131 sunar. Ergonomik tutma sap\u0131, uzun s\u00fcreli kullan\u0131mlarda bile yorulmay\u0131 azalt\u0131r. Cihaz\u0131n dik durabilme \u00f6zelli\u011fi, \u00f6zellikle eller serbest kullan\u0131m gerektiren i\u015flerde b\u00fcy\u00fck avantaj sa\u011flar.Bu s\u0131cak hava tabancas\u0131 hem profesyonel ustalar hem de ev kullan\u0131c\u0131lar\u0131 taraf\u0131ndan tercih edilmektedir. Mobilya yenileme, boya kaz\u0131ma, ah\u015fap \u00e7al\u0131\u015fmalar\u0131nda y\u00fczey haz\u0131rl\u0131\u011f\u0131, PVC boru montaj\u0131 ve elektrik kablolar\u0131nda makaronlama gibi bir\u00e7ok i\u015flem i\u00e7in idealdir. Hem hafiftir hem de ta\u015f\u0131mas\u0131 kolayd\u0131r, bu da onu sahada \u00e7al\u0131\u015fanlar i\u00e7in m\u00fckemmel bir ara\u00e7 haline getirir.<\/p>\n","protected":false},"excerpt":{"rendered":"<p>Bu profesyonel s\u0131cak hava tabancas\u0131, 2000W g\u00fcc\u00fc sayesinde en zorlu y\u00fczeylerde bile etkili sonu\u00e7 veren y\u00fcksek performansl\u0131 bir cihazd\u0131r. \u00c7ift kademeli s\u0131cakl\u0131k ayar\u0131, kullan\u0131c\u0131ya hem hassas hem de y\u00fcksek \u0131s\u0131 gerektiren i\u015flemlerde esneklik sa\u011flar. Birinci kademede 380\u00b0C, ikinci kademede 500\u00b0C s\u0131cakl\u0131\u011fa ula\u015fabilir. B\u00f6ylece boya s\u00f6kme, cila \u00e7\u00f6zme, plastik \u015fekillendirme, kablo b\u00fczme, vinil kaplama, lehim ve&#8230;<\/p>\n","protected":false},"featured_media":129315,"comment_status":"open","ping_status":"closed","template":"","meta":{"_kad_post_transparent":"","_kad_post_title":"","_kad_post_layout":"","_kad_post_sidebar_id":"","_kad_post_content_style":"","_kad_post_vertical_padding":"","_kad_post_feature":"","_kad_post_feature_position":"","_kad_post_header":false,"_kad_post_footer":false,"_kad_post_classname":""},"product_brand":[],"product_cat":[15276],"product_tag":[],"class_list":{"0":"post-129316","1":"product","2":"type-product","3":"status-publish","4":"has-post-thumbnail","6":"product_cat-isi-tabancasi-isi-tabancasi","8":"first","9":"instock","10":"purchasable","11":"product-type-simple","12":"entry","13":"content-bg","14":"loop-entry"},"_links":{"self":[{"href":"https:\/\/www.hediyepazar.com\/index.php?rest_route=\/wp\/v2\/product\/129316","targetHints":{"allow":["GET"]}}],"collection":[{"href":"https:\/\/www.hediyepazar.com\/index.php?rest_route=\/wp\/v2\/product"}],"about":[{"href":"https:\/\/www.hediyepazar.com\/index.php?rest_route=\/wp\/v2\/types\/product"}],"replies":[{"embeddable":true,"href":"https:\/\/www.hediyepazar.com\/index.php?rest_route=%2Fwp%2Fv2%2Fcomments&post=129316"}],"wp:featuredmedia":[{"embeddable":true,"href":"https:\/\/www.hediyepazar.com\/index.php?rest_route=\/wp\/v2\/media\/129315"}],"wp:attachment":[{"href":"https:\/\/www.hediyepazar.com\/index.php?rest_route=%2Fwp%2Fv2%2Fmedia&parent=129316"}],"wp:term":[{"taxonomy":"product_brand","embeddable":true,"href":"https:\/\/www.hediyepazar.com\/index.php?rest_route=%2Fwp%2Fv2%2Fproduct_brand&post=129316"},{"taxonomy":"product_cat","embeddable":true,"href":"https:\/\/www.hediyepazar.com\/index.php?rest_route=%2Fwp%2Fv2%2Fproduct_cat&post=129316"},{"taxonomy":"product_tag","embeddable":true,"href":"https:\/\/www.hediyepazar.com\/index.php?rest_route=%2Fwp%2Fv2%2Fproduct_tag&post=129316"}],"curies":[{"name":"wp","href":"https:\/\/api.w.org\/{rel}","templated":true}]}}