{"id":129350,"date":"2026-05-07T04:51:16","date_gmt":"2026-05-07T07:51:16","guid":{"rendered":"https:\/\/www.hediyepazar.com\/?product=6-baslikli-kemer-delme-pense-paslanmaz-celik-cok-amacli"},"modified":"2026-05-07T04:51:16","modified_gmt":"2026-05-07T07:51:16","slug":"6-baslikli-kemer-delme-pense-paslanmaz-celik-cok-amacli","status":"publish","type":"product","link":"https:\/\/www.hediyepazar.com\/?product=6-baslikli-kemer-delme-pense-paslanmaz-celik-cok-amacli","title":{"rendered":"6 Ba\u015fl\u0131kl\u0131 Kemer Delme Pense Paslanmaz \u00c7elik \u00c7ok Ama\u00e7l\u0131"},"content":{"rendered":"<p>Bu \u00e7ok ama\u00e7l\u0131 delme pensesi, farkl\u0131 malzemelerde h\u0131zl\u0131, d\u00fczenli ve zahmetsiz delme i\u015flemi yapman\u0131z i\u00e7in geli\u015ftirilmi\u015f y\u00fcksek performansl\u0131 bir el aletidir. \u00dczerinde bulunan 6 adet farkl\u0131 delme ba\u015fl\u0131\u011f\u0131, 2 mm\u2019den 4.5 mm\u2019ye kadar de\u011fi\u015fen delik boyutlar\u0131 sunarak hem ince hem kal\u0131n malzemelerde ideal sonu\u00e7 alman\u0131z\u0131 sa\u011flar. Kemer s\u0131kma deli\u011fi b\u00fcy\u00fctmekten ayakkab\u0131 ba\u011fc\u0131\u011f\u0131 deli\u011fi a\u00e7maya, giysileri ki\u015fiselle\u015ftirmekten deri i\u015f\u00e7ili\u011fi yapmaya kadar bir\u00e7ok alanda kullan\u0131ma uygundur.\u00dcr\u00fcn, paslanmaz \u00e7elik g\u00f6vdesi sayesinde uzun s\u00fcre dayan\u0131kl\u0131l\u0131\u011f\u0131n\u0131 korur ve yo\u011fun kullan\u0131m gerektiren i\u015flerde bile deformasyon olu\u015fturmaz. Metal yap\u0131s\u0131 darbeye kar\u015f\u0131 dayan\u0131kl\u0131l\u0131k sa\u011flarken, hassas bask\u0131 mekanizmas\u0131 ile delikleri d\u00fczg\u00fcn ve temiz bir \u015fekilde a\u00e7man\u0131za olanak tan\u0131r. Emniyet kilidi, penseyi ta\u015f\u0131rken veya saklarken kapanmas\u0131n\u0131 sa\u011flayarak g\u00fcvenli ve pratik bir kullan\u0131m imk\u00e2n\u0131 sunar.Ergonomik olarak tasarlanm\u0131\u015f tutma saplar\u0131, elinizi yormadan tam kavrama sa\u011flar. Kaymaz y\u00fczeyi ile kullan\u0131m s\u0131ras\u0131nda elinizden kayma riskini ortadan kald\u0131r\u0131r. Uzun s\u00fcreli delme i\u015flemlerinde bile konfor sunarak hem profesyonel kullan\u0131c\u0131lar hem ev kullan\u0131c\u0131lar\u0131 i\u00e7in ideal bir yap\u0131 olu\u015fturur.\u00c7anta, kemer, deri, kuma\u015f, kot kuma\u015f\u0131, k\u0131yafet ve di\u011fer bir\u00e7ok malzemede sorunsuz \u00e7al\u0131\u015fabilen bu pense; evde tamir i\u015fleri, hobi projeleri, moda tasar\u0131mlar\u0131, ayakkab\u0131 tamiri ve el sanatlar\u0131 i\u00e7in m\u00fckemmel bir yard\u0131mc\u0131d\u0131r. 22 x 6 x 1.5 cm boyutlar\u0131 sayesinde kompakt ve kolay ta\u015f\u0131nabilir yap\u0131ya sahiptir.Fonksiyonelli\u011fi, g\u00fc\u00e7l\u00fc metal g\u00f6vdesi ve kullan\u0131c\u0131 dostu tasar\u0131m\u0131 ile bu \u00e7ok ama\u00e7l\u0131 delme pensesi, her evde bulunmas\u0131 gereken pratik bir el aletidir. Hem dayan\u0131kl\u0131 hem de kolay kullan\u0131ml\u0131 yap\u0131s\u0131yla uzun y\u0131llar boyunca g\u00fcvenilir bir \u00e7\u00f6z\u00fcm sunar.<\/p>\n","protected":false},"excerpt":{"rendered":"<p>Bu \u00e7ok ama\u00e7l\u0131 delme pensesi, farkl\u0131 malzemelerde h\u0131zl\u0131, d\u00fczenli ve zahmetsiz delme i\u015flemi yapman\u0131z i\u00e7in geli\u015ftirilmi\u015f y\u00fcksek performansl\u0131 bir el aletidir. \u00dczerinde bulunan 6 adet farkl\u0131 delme ba\u015fl\u0131\u011f\u0131, 2 mm\u2019den 4.5 mm\u2019ye kadar de\u011fi\u015fen delik boyutlar\u0131 sunarak hem ince hem kal\u0131n malzemelerde ideal sonu\u00e7 alman\u0131z\u0131 sa\u011flar. Kemer s\u0131kma deli\u011fi b\u00fcy\u00fctmekten ayakkab\u0131 ba\u011fc\u0131\u011f\u0131 deli\u011fi a\u00e7maya, giysileri&#8230;<\/p>\n","protected":false},"featured_media":129349,"comment_status":"open","ping_status":"closed","template":"","meta":{"_kad_post_transparent":"","_kad_post_title":"","_kad_post_layout":"","_kad_post_sidebar_id":"","_kad_post_content_style":"","_kad_post_vertical_padding":"","_kad_post_feature":"","_kad_post_feature_position":"","_kad_post_header":false,"_kad_post_footer":false,"_kad_post_classname":""},"product_brand":[],"product_cat":[15280],"product_tag":[],"class_list":{"0":"post-129350","1":"product","2":"type-product","3":"status-publish","4":"has-post-thumbnail","6":"product_cat-kemer-delme-pensesi-kemer-delme-pensesi","8":"first","9":"instock","10":"purchasable","11":"product-type-simple","12":"entry","13":"content-bg","14":"loop-entry"},"_links":{"self":[{"href":"https:\/\/www.hediyepazar.com\/index.php?rest_route=\/wp\/v2\/product\/129350","targetHints":{"allow":["GET"]}}],"collection":[{"href":"https:\/\/www.hediyepazar.com\/index.php?rest_route=\/wp\/v2\/product"}],"about":[{"href":"https:\/\/www.hediyepazar.com\/index.php?rest_route=\/wp\/v2\/types\/product"}],"replies":[{"embeddable":true,"href":"https:\/\/www.hediyepazar.com\/index.php?rest_route=%2Fwp%2Fv2%2Fcomments&post=129350"}],"wp:featuredmedia":[{"embeddable":true,"href":"https:\/\/www.hediyepazar.com\/index.php?rest_route=\/wp\/v2\/media\/129349"}],"wp:attachment":[{"href":"https:\/\/www.hediyepazar.com\/index.php?rest_route=%2Fwp%2Fv2%2Fmedia&parent=129350"}],"wp:term":[{"taxonomy":"product_brand","embeddable":true,"href":"https:\/\/www.hediyepazar.com\/index.php?rest_route=%2Fwp%2Fv2%2Fproduct_brand&post=129350"},{"taxonomy":"product_cat","embeddable":true,"href":"https:\/\/www.hediyepazar.com\/index.php?rest_route=%2Fwp%2Fv2%2Fproduct_cat&post=129350"},{"taxonomy":"product_tag","embeddable":true,"href":"https:\/\/www.hediyepazar.com\/index.php?rest_route=%2Fwp%2Fv2%2Fproduct_tag&post=129350"}],"curies":[{"name":"wp","href":"https:\/\/api.w.org\/{rel}","templated":true}]}}