{"id":129430,"date":"2026-05-07T05:07:13","date_gmt":"2026-05-07T08:07:13","guid":{"rendered":"https:\/\/www.hediyepazar.com\/?product=520-oyunlu-mini-oyun-konsolu-hd-lcd-ekranli"},"modified":"2026-05-07T05:07:13","modified_gmt":"2026-05-07T08:07:13","slug":"520-oyunlu-mini-oyun-konsolu-hd-lcd-ekranli","status":"publish","type":"product","link":"https:\/\/www.hediyepazar.com\/?product=520-oyunlu-mini-oyun-konsolu-hd-lcd-ekranli","title":{"rendered":"520 Oyunlu Mini Oyun Konsolu HD LCD Ekranl\u0131"},"content":{"rendered":"<p>520 oyunlu ta\u015f\u0131nabilir oyun konsolu, kompakt tasar\u0131m\u0131 ve etkileyici oyun \u00e7e\u015fitlili\u011fi ile her ya\u015fa hitap eden e\u011flenceli bir elektronik cihazd\u0131r. \u0130\u00e7erisinde bulunan oyunlar\u0131n her biri \u00f6zel olarak se\u00e7ilmi\u015f olup, arcade oyunlar\u0131ndan bulmacalara kadar \u00e7ok geni\u015f bir kategori yelpazesi sunar. HD LCD ekran sayesinde t\u00fcm oyunlar net, canl\u0131 ve y\u00fcksek kaliteyle g\u00f6r\u00fcnt\u00fclenir. Bu ekran, g\u00f6z yormayan yap\u0131s\u0131yla uzun oyun oturumlar\u0131nda bile kullan\u0131c\u0131lar\u0131n konforunu korur. TV ba\u011flant\u0131s\u0131, \u00f6zellikle aile i\u00e7i e\u011flencelerde, \u00e7ocuklara oyun zamanlar\u0131nda veya arkada\u015f bulu\u015fmalar\u0131nda b\u00fcy\u00fck bir avantaj sunar. USB \u015farj kablosu ile h\u0131zl\u0131ca \u015farj edilebilen cihaz, uzun pil kapasitesi ile g\u00fcn boyu kullan\u0131m sa\u011flar. D\u00fc\u015f\u00fck enerji harcamas\u0131, cihaz\u0131 daha uzun s\u00fcre oyun oynamaya uygun hale getirir.Konsol, ergonomik tu\u015f dizilimi sayesinde hem k\u00fc\u00e7\u00fck eller hem de yeti\u015fkin kullan\u0131c\u0131lar i\u00e7in rahat bir tutu\u015f sa\u011flar. Tasar\u0131m\u0131nda kullan\u0131lan hafif g\u00f6vde yap\u0131s\u0131, ta\u015f\u0131ma kolayl\u0131\u011f\u0131 sunar. Seyahatte, otob\u00fcste, evde veya d\u0131\u015f mekanda oyun oynamak isteyenler i\u00e7in m\u00fckemmel bir \u00e7\u00f6z\u00fcmd\u00fcr. Cihaz ayn\u0131 zamanda hediye olarak olduk\u00e7a pop\u00fclerdir. Hem oyun merakl\u0131s\u0131 \u00e7ocuklara hem de nostalji arayan yeti\u015fkinlere al\u0131nabilecek harika bir \u00fcr\u00fcnd\u00fcr.<\/p>\n","protected":false},"excerpt":{"rendered":"<p>520 oyunlu ta\u015f\u0131nabilir oyun konsolu, kompakt tasar\u0131m\u0131 ve etkileyici oyun \u00e7e\u015fitlili\u011fi ile her ya\u015fa hitap eden e\u011flenceli bir elektronik cihazd\u0131r. \u0130\u00e7erisinde bulunan oyunlar\u0131n her biri \u00f6zel olarak se\u00e7ilmi\u015f olup, arcade oyunlar\u0131ndan bulmacalara kadar \u00e7ok geni\u015f bir kategori yelpazesi sunar. HD LCD ekran sayesinde t\u00fcm oyunlar net, canl\u0131 ve y\u00fcksek kaliteyle g\u00f6r\u00fcnt\u00fclenir. Bu ekran, g\u00f6z yormayan&#8230;<\/p>\n","protected":false},"featured_media":129429,"comment_status":"open","ping_status":"closed","template":"","meta":{"_kad_post_transparent":"","_kad_post_title":"","_kad_post_layout":"","_kad_post_sidebar_id":"","_kad_post_content_style":"","_kad_post_vertical_padding":"","_kad_post_feature":"","_kad_post_feature_position":"","_kad_post_header":false,"_kad_post_footer":false,"_kad_post_classname":""},"product_brand":[],"product_cat":[14961],"product_tag":[],"class_list":{"0":"post-129430","1":"product","2":"type-product","3":"status-publish","4":"has-post-thumbnail","6":"product_cat-oyun-konsolu-oyun-konsolu","8":"first","9":"instock","10":"purchasable","11":"product-type-simple","12":"entry","13":"content-bg","14":"loop-entry"},"_links":{"self":[{"href":"https:\/\/www.hediyepazar.com\/index.php?rest_route=\/wp\/v2\/product\/129430","targetHints":{"allow":["GET"]}}],"collection":[{"href":"https:\/\/www.hediyepazar.com\/index.php?rest_route=\/wp\/v2\/product"}],"about":[{"href":"https:\/\/www.hediyepazar.com\/index.php?rest_route=\/wp\/v2\/types\/product"}],"replies":[{"embeddable":true,"href":"https:\/\/www.hediyepazar.com\/index.php?rest_route=%2Fwp%2Fv2%2Fcomments&post=129430"}],"wp:featuredmedia":[{"embeddable":true,"href":"https:\/\/www.hediyepazar.com\/index.php?rest_route=\/wp\/v2\/media\/129429"}],"wp:attachment":[{"href":"https:\/\/www.hediyepazar.com\/index.php?rest_route=%2Fwp%2Fv2%2Fmedia&parent=129430"}],"wp:term":[{"taxonomy":"product_brand","embeddable":true,"href":"https:\/\/www.hediyepazar.com\/index.php?rest_route=%2Fwp%2Fv2%2Fproduct_brand&post=129430"},{"taxonomy":"product_cat","embeddable":true,"href":"https:\/\/www.hediyepazar.com\/index.php?rest_route=%2Fwp%2Fv2%2Fproduct_cat&post=129430"},{"taxonomy":"product_tag","embeddable":true,"href":"https:\/\/www.hediyepazar.com\/index.php?rest_route=%2Fwp%2Fv2%2Fproduct_tag&post=129430"}],"curies":[{"name":"wp","href":"https:\/\/api.w.org\/{rel}","templated":true}]}}