{"id":129476,"date":"2026-05-07T05:14:47","date_gmt":"2026-05-07T08:14:47","guid":{"rendered":"https:\/\/www.hediyepazar.com\/?product=benzinli-cakmak"},"modified":"2026-05-07T05:14:47","modified_gmt":"2026-05-07T08:14:47","slug":"benzinli-cakmak","status":"publish","type":"product","link":"https:\/\/www.hediyepazar.com\/?product=benzinli-cakmak","title":{"rendered":"BENZ\u0130NL\u0130 \u00c7AKMAK"},"content":{"rendered":"<p>Kompakt boyutu ve hafif yap\u0131s\u0131yla her yere rahatl\u0131kla ta\u015f\u0131nabilen bu oje kurutma cihaz\u0131, 16 watt g\u00fcc\u00fcndeki LED \u0131\u015f\u0131klar\u0131 ile h\u0131zl\u0131 ve etkili kuruma sa\u011flar. \u00dc\u00e7 adet LED \u0131\u015f\u0131\u011f\u0131, ojelerinizi e\u015fit bir \u015fekilde kurutarak her a\u00e7\u0131dan m\u00fckemmel sonu\u00e7lar elde etmenizi sa\u011flar. UV LED teknolojisi, t\u0131rnaklar\u0131n\u0131z\u0131n sa\u011fl\u0131\u011f\u0131n\u0131 korurken ojenizin uzun s\u00fcre dayanmas\u0131n\u0131 ve parlak kalmas\u0131n\u0131 destekler.Cihaz, kullan\u0131m talimatlar\u0131na dikkat ederek g\u00fcvenli bir \u015fekilde kullan\u0131labilir ve t\u0131rnaklar\u0131n\u0131za zarar vermez. Hem ta\u015f\u0131nabilirli\u011fi hem de etkili performans\u0131 ile g\u00fcnl\u00fck kullan\u0131mda b\u00fcy\u00fck kolayl\u0131k sa\u011flar. Seyahatte veya evde, h\u0131zl\u0131 ve pratik bir t\u0131rnak bak\u0131m\u0131 i\u00e7in ideal bir \u00e7\u00f6z\u00fcm sunar.<\/p>\n","protected":false},"excerpt":{"rendered":"<p>Kompakt boyutu ve hafif yap\u0131s\u0131yla her yere rahatl\u0131kla ta\u015f\u0131nabilen bu oje kurutma cihaz\u0131, 16 watt g\u00fcc\u00fcndeki LED \u0131\u015f\u0131klar\u0131 ile h\u0131zl\u0131 ve etkili kuruma sa\u011flar. \u00dc\u00e7 adet LED \u0131\u015f\u0131\u011f\u0131, ojelerinizi e\u015fit bir \u015fekilde kurutarak her a\u00e7\u0131dan m\u00fckemmel sonu\u00e7lar elde etmenizi sa\u011flar. UV LED teknolojisi, t\u0131rnaklar\u0131n\u0131z\u0131n sa\u011fl\u0131\u011f\u0131n\u0131 korurken ojenizin uzun s\u00fcre dayanmas\u0131n\u0131 ve parlak kalmas\u0131n\u0131 destekler.Cihaz, kullan\u0131m&#8230;<\/p>\n","protected":false},"featured_media":129475,"comment_status":"open","ping_status":"closed","template":"","meta":{"_kad_post_transparent":"","_kad_post_title":"","_kad_post_layout":"","_kad_post_sidebar_id":"","_kad_post_content_style":"","_kad_post_vertical_padding":"","_kad_post_feature":"","_kad_post_feature_position":"","_kad_post_header":false,"_kad_post_footer":false,"_kad_post_classname":""},"product_brand":[],"product_cat":[15042],"product_tag":[],"class_list":{"0":"post-129476","1":"product","2":"type-product","3":"status-publish","4":"has-post-thumbnail","6":"product_cat-benzinli-cakmak-benzinli-cakmak","8":"first","9":"instock","10":"purchasable","11":"product-type-simple","12":"entry","13":"content-bg","14":"loop-entry"},"_links":{"self":[{"href":"https:\/\/www.hediyepazar.com\/index.php?rest_route=\/wp\/v2\/product\/129476","targetHints":{"allow":["GET"]}}],"collection":[{"href":"https:\/\/www.hediyepazar.com\/index.php?rest_route=\/wp\/v2\/product"}],"about":[{"href":"https:\/\/www.hediyepazar.com\/index.php?rest_route=\/wp\/v2\/types\/product"}],"replies":[{"embeddable":true,"href":"https:\/\/www.hediyepazar.com\/index.php?rest_route=%2Fwp%2Fv2%2Fcomments&post=129476"}],"wp:featuredmedia":[{"embeddable":true,"href":"https:\/\/www.hediyepazar.com\/index.php?rest_route=\/wp\/v2\/media\/129475"}],"wp:attachment":[{"href":"https:\/\/www.hediyepazar.com\/index.php?rest_route=%2Fwp%2Fv2%2Fmedia&parent=129476"}],"wp:term":[{"taxonomy":"product_brand","embeddable":true,"href":"https:\/\/www.hediyepazar.com\/index.php?rest_route=%2Fwp%2Fv2%2Fproduct_brand&post=129476"},{"taxonomy":"product_cat","embeddable":true,"href":"https:\/\/www.hediyepazar.com\/index.php?rest_route=%2Fwp%2Fv2%2Fproduct_cat&post=129476"},{"taxonomy":"product_tag","embeddable":true,"href":"https:\/\/www.hediyepazar.com\/index.php?rest_route=%2Fwp%2Fv2%2Fproduct_tag&post=129476"}],"curies":[{"name":"wp","href":"https:\/\/api.w.org\/{rel}","templated":true}]}}