{"id":129546,"date":"2026-05-07T05:25:58","date_gmt":"2026-05-07T08:25:58","guid":{"rendered":"https:\/\/www.hediyepazar.com\/?product=tv-baglantili-500-oyunlu-mini-gameboy-konsol-2"},"modified":"2026-05-07T05:25:58","modified_gmt":"2026-05-07T08:25:58","slug":"tv-baglantili-500-oyunlu-mini-gameboy-konsol-2","status":"publish","type":"product","link":"https:\/\/www.hediyepazar.com\/?product=tv-baglantili-500-oyunlu-mini-gameboy-konsol-2","title":{"rendered":"TV Ba\u011flant\u0131l\u0131 500 Oyunlu Mini Gameboy Konsol"},"content":{"rendered":"<p>\u0130sterseniz konsolu elinizde ta\u015f\u0131nabilir olarak kullanabilir, isterseniz  Tek ba\u015f\u0131na ya da arkada\u015flar\u0131n\u0131zla birlikte oynayabilece\u011finiz bu cihaz, her ortamda e\u011flencenize e\u015flik eder.<\/p>\n","protected":false},"excerpt":{"rendered":"<p>\u0130sterseniz konsolu elinizde ta\u015f\u0131nabilir olarak kullanabilir, isterseniz Tek ba\u015f\u0131na ya da arkada\u015flar\u0131n\u0131zla birlikte oynayabilece\u011finiz bu cihaz, her ortamda e\u011flencenize e\u015flik eder.<\/p>\n","protected":false},"featured_media":129545,"comment_status":"open","ping_status":"closed","template":"","meta":{"_kad_post_transparent":"","_kad_post_title":"","_kad_post_layout":"","_kad_post_sidebar_id":"","_kad_post_content_style":"","_kad_post_vertical_padding":"","_kad_post_feature":"","_kad_post_feature_position":"","_kad_post_header":false,"_kad_post_footer":false,"_kad_post_classname":""},"product_brand":[],"product_cat":[14961],"product_tag":[],"class_list":{"0":"post-129546","1":"product","2":"type-product","3":"status-publish","4":"has-post-thumbnail","6":"product_cat-oyun-konsolu-oyun-konsolu","8":"first","9":"instock","10":"purchasable","11":"product-type-simple","12":"entry","13":"content-bg","14":"loop-entry"},"_links":{"self":[{"href":"https:\/\/www.hediyepazar.com\/index.php?rest_route=\/wp\/v2\/product\/129546","targetHints":{"allow":["GET"]}}],"collection":[{"href":"https:\/\/www.hediyepazar.com\/index.php?rest_route=\/wp\/v2\/product"}],"about":[{"href":"https:\/\/www.hediyepazar.com\/index.php?rest_route=\/wp\/v2\/types\/product"}],"replies":[{"embeddable":true,"href":"https:\/\/www.hediyepazar.com\/index.php?rest_route=%2Fwp%2Fv2%2Fcomments&post=129546"}],"wp:featuredmedia":[{"embeddable":true,"href":"https:\/\/www.hediyepazar.com\/index.php?rest_route=\/wp\/v2\/media\/129545"}],"wp:attachment":[{"href":"https:\/\/www.hediyepazar.com\/index.php?rest_route=%2Fwp%2Fv2%2Fmedia&parent=129546"}],"wp:term":[{"taxonomy":"product_brand","embeddable":true,"href":"https:\/\/www.hediyepazar.com\/index.php?rest_route=%2Fwp%2Fv2%2Fproduct_brand&post=129546"},{"taxonomy":"product_cat","embeddable":true,"href":"https:\/\/www.hediyepazar.com\/index.php?rest_route=%2Fwp%2Fv2%2Fproduct_cat&post=129546"},{"taxonomy":"product_tag","embeddable":true,"href":"https:\/\/www.hediyepazar.com\/index.php?rest_route=%2Fwp%2Fv2%2Fproduct_tag&post=129546"}],"curies":[{"name":"wp","href":"https:\/\/api.w.org\/{rel}","templated":true}]}}