{"id":129592,"date":"2026-05-07T05:30:23","date_gmt":"2026-05-07T08:30:23","guid":{"rendered":"https:\/\/www.hediyepazar.com\/?product=ergonomik-tasarimli-oyun-kolu-hassas-tetikler-ve-analog-stickler"},"modified":"2026-05-07T05:30:23","modified_gmt":"2026-05-07T08:30:23","slug":"ergonomik-tasarimli-oyun-kolu-hassas-tetikler-ve-analog-stickler","status":"publish","type":"product","link":"https:\/\/www.hediyepazar.com\/?product=ergonomik-tasarimli-oyun-kolu-hassas-tetikler-ve-analog-stickler","title":{"rendered":"Ergonomik Tasar\u0131ml\u0131 Oyun Kolu \u2013 Hassas Tetikler ve Analog Stickler"},"content":{"rendered":"<p>Bu oyun kolu, ergonomik yap\u0131s\u0131 ve geli\u015fmi\u015f kontrol donan\u0131mlar\u0131 ile maksimum konfor ve tepki kabiliyeti sunar. Parmaklar\u0131n do\u011fal pozisyonuna g\u00f6re \u015fekillendirilmi\u015f g\u00f6vdesi, uzun s\u00fcreli oyunlarda bile elde bask\u0131 ya da a\u011fr\u0131 olu\u015fmas\u0131n\u0131 engeller.Cihaz, \u00f6zellikle hassas tu\u015flar\u0131 ve duyarl\u0131 analog stickler ile fark yarat\u0131r. Tepki s\u00fcresi d\u00fc\u015f\u00fckt\u00fcr; bu sayede h\u0131zl\u0131 aksiyon oyunlar\u0131nda dahi her komut an\u0131nda uygulan\u0131r. \u00d6zellikle FPS, yar\u0131\u015f ve spor oyunlar\u0131nda bu h\u0131z fark yarat\u0131r.Kullan\u0131c\u0131, cihaz\u0131 kavrad\u0131\u011f\u0131nda t\u00fcm tu\u015flara zahmetsiz \u015fekilde eri\u015febilir. Bu tasar\u0131m detaylar\u0131, amat\u00f6r ya da profesyonel fark etmeksizin her oyuncunun cihazla tam uyum i\u00e7inde oynamas\u0131n\u0131 sa\u011flar.Ek olarak dokunmatik y\u00fczey, LED g\u00f6stergeler, hoparl\u00f6r, kulakl\u0131k giri\u015fi ve titre\u015fimli geri bildirim gibi tamamlay\u0131c\u0131 \u00f6zelliklerle donat\u0131lm\u0131\u015ft\u0131r. USB ile h\u0131zl\u0131 \u015farj \u00f6zelli\u011fi ise kullan\u0131m sa\u011flar.<\/p>\n","protected":false},"excerpt":{"rendered":"<p>Bu oyun kolu, ergonomik yap\u0131s\u0131 ve geli\u015fmi\u015f kontrol donan\u0131mlar\u0131 ile maksimum konfor ve tepki kabiliyeti sunar. Parmaklar\u0131n do\u011fal pozisyonuna g\u00f6re \u015fekillendirilmi\u015f g\u00f6vdesi, uzun s\u00fcreli oyunlarda bile elde bask\u0131 ya da a\u011fr\u0131 olu\u015fmas\u0131n\u0131 engeller.Cihaz, \u00f6zellikle hassas tu\u015flar\u0131 ve duyarl\u0131 analog stickler ile fark yarat\u0131r. Tepki s\u00fcresi d\u00fc\u015f\u00fckt\u00fcr; bu sayede h\u0131zl\u0131 aksiyon oyunlar\u0131nda dahi her komut an\u0131nda&#8230;<\/p>\n","protected":false},"featured_media":129591,"comment_status":"open","ping_status":"closed","template":"","meta":{"_kad_post_transparent":"","_kad_post_title":"","_kad_post_layout":"","_kad_post_sidebar_id":"","_kad_post_content_style":"","_kad_post_vertical_padding":"","_kad_post_feature":"","_kad_post_feature_position":"","_kad_post_header":false,"_kad_post_footer":false,"_kad_post_classname":""},"product_brand":[],"product_cat":[14961],"product_tag":[],"class_list":{"0":"post-129592","1":"product","2":"type-product","3":"status-publish","4":"has-post-thumbnail","6":"product_cat-oyun-konsolu-oyun-konsolu","8":"first","9":"instock","10":"purchasable","11":"product-type-simple","12":"entry","13":"content-bg","14":"loop-entry"},"_links":{"self":[{"href":"https:\/\/www.hediyepazar.com\/index.php?rest_route=\/wp\/v2\/product\/129592","targetHints":{"allow":["GET"]}}],"collection":[{"href":"https:\/\/www.hediyepazar.com\/index.php?rest_route=\/wp\/v2\/product"}],"about":[{"href":"https:\/\/www.hediyepazar.com\/index.php?rest_route=\/wp\/v2\/types\/product"}],"replies":[{"embeddable":true,"href":"https:\/\/www.hediyepazar.com\/index.php?rest_route=%2Fwp%2Fv2%2Fcomments&post=129592"}],"wp:featuredmedia":[{"embeddable":true,"href":"https:\/\/www.hediyepazar.com\/index.php?rest_route=\/wp\/v2\/media\/129591"}],"wp:attachment":[{"href":"https:\/\/www.hediyepazar.com\/index.php?rest_route=%2Fwp%2Fv2%2Fmedia&parent=129592"}],"wp:term":[{"taxonomy":"product_brand","embeddable":true,"href":"https:\/\/www.hediyepazar.com\/index.php?rest_route=%2Fwp%2Fv2%2Fproduct_brand&post=129592"},{"taxonomy":"product_cat","embeddable":true,"href":"https:\/\/www.hediyepazar.com\/index.php?rest_route=%2Fwp%2Fv2%2Fproduct_cat&post=129592"},{"taxonomy":"product_tag","embeddable":true,"href":"https:\/\/www.hediyepazar.com\/index.php?rest_route=%2Fwp%2Fv2%2Fproduct_tag&post=129592"}],"curies":[{"name":"wp","href":"https:\/\/api.w.org\/{rel}","templated":true}]}}